{"id":31707,"date":"2022-04-27T13:35:02","date_gmt":"2022-04-27T11:35:02","guid":{"rendered":"https:\/\/www.emmentaler.ch\/rezept\/emmentaler-aop-pickles-au-melon"},"modified":"2022-06-27T14:49:03","modified_gmt":"2022-06-27T12:49:03","slug":"emmentaler-aop-pickles-au-melon","status":"publish","type":"recipes","link":"https:\/\/www.emmentaler.ch\/fr\/recettes\/emmentaler-aop-pickles-au-melon","title":{"rendered":"Emmentaler AOP, pickles au melon"},"author":2,"featured_media":51105,"menu_order":0,"template":"","meta":{"inline_featured_image":false},"tags":[],"recipe_categories":[606],"et_countries":[],"recipe_main_ingredient":[596],"recipe_difficulty":[575],"recipe_preparation_time":[294],"recipe_diet_type":[564,567,572],"recipe_saison":[],"acf":{"recipe_preparation_time":294,"recipe_categories":606,"recipe_time_txt":"Pr\u00e9paration: 20 minutes, Cuisson: 30 minutes","recipe_type":63916,"recipe_difficulty":575,"recipe_diet_type":[564,567,572],"recipe_main_ingredient":[596],"recipe_saison":false,"recipe_count_portions":4,"recipe_ingedients":[{"recipe_ingedients_amount":"","recipe_ingedients_unit":"g","recipe_ingedients_product":""}],"temporare_zutaten":"12 d\u00e9s d\u2019Emmentaler AOP (env. 2 \u00d7 2 cm)\r\nCrackers\r\n\u00bc de past\u00e8que\r\n200 ml de vinaigre de pommes\r\n200 ml d\u2019eau\r\n150 g de sucre\r\n2\u20133 morceaux de gingembre confit\r\n4 c. c. de sel marin\r\n1 c. c. de flocons de piment\r\n1 c. c. de grains de poivre\r\n1 morceau de badiane","recipe_preparation":"Couper la past\u00e8que en plusieurs morceaux. En couper l\u2019\u00e9corce en laissant 5 mm de chair. R\u00e9cup\u00e9rer la partie rouge, la prot\u00e9ger d\u2019un film alimentaire et la mettre au r\u00e9frig\u00e9rateur. Avec l\u2019\u00e9conome, peler la partie verte ext\u00e9rieure de l\u2019\u00e9corce et couper celle-ci en morceaux de 2 cm. Porter \u00e0 \u00e9bullition le vinaigre, l\u2019eau et le sucre avec le gingembre, le sel et les \u00e9pices. Faire cuire 10 minutes \u00e0 petit feu. Ajouter l\u2019\u00e9corce coup\u00e9e. Faire cuire 10 minutes \u00e0 petit feu. Retirer la casserole du feu. Laisser refroidir 30 minutes.\r\n\r\nVerser l\u2019\u00e9corce cuite dans des bocaux rinc\u00e9s \u00e0 l\u2019eau chaude. Porter encore une fois le liquide \u00e0 \u00e9bullition, en remplir les bocaux jusqu\u2019au bord, fermer. Prot\u00e9ger les bocaux avec une couverture et laisser refroidir. Conservation: 2\u20133 semaines en bocal bien ferm\u00e9 et conserv\u00e9 au r\u00e9frig\u00e9rateur.\r\n\r\nPiquer les morceaux d\u2019\u00e9corce de past\u00e8que sur les d\u00e9s d\u2019Emmentaler AOP. Servir avec des crackers.\r\n\r\nAccompagner de chair de past\u00e8que fra\u00eeche coup\u00e9e en morceaux.","recipe_images":[20755,20760]},"_links":{"self":[{"href":"https:\/\/www.emmentaler.ch\/fr\/wp-json\/wp\/v2\/recipes\/31707"}],"collection":[{"href":"https:\/\/www.emmentaler.ch\/fr\/wp-json\/wp\/v2\/recipes"}],"about":[{"href":"https:\/\/www.emmentaler.ch\/fr\/wp-json\/wp\/v2\/types\/recipes"}],"author":[{"embeddable":true,"href":"https:\/\/www.emmentaler.ch\/fr\/wp-json\/wp\/v2\/users\/2"}],"version-history":[{"count":0,"href":"https:\/\/www.emmentaler.ch\/fr\/wp-json\/wp\/v2\/recipes\/31707\/revisions"}],"acf:attachment":[{"embeddable":true,"href":"https:\/\/www.emmentaler.ch\/fr\/wp-json\/wp\/v2\/media\/20760"},{"embeddable":true,"href":"https:\/\/www.emmentaler.ch\/fr\/wp-json\/wp\/v2\/media\/20755"}],"acf:term":[{"embeddable":true,"taxonomy":"recipe_main_ingredient","href":"https:\/\/www.emmentaler.ch\/fr\/wp-json\/wp\/v2\/recipe_main_ingredient\/596"},{"embeddable":true,"taxonomy":"recipe_diet_type","href":"https:\/\/www.emmentaler.ch\/fr\/wp-json\/wp\/v2\/recipe_diet_type\/572"},{"embeddable":true,"taxonomy":"recipe_diet_type","href":"https:\/\/www.emmentaler.ch\/fr\/wp-json\/wp\/v2\/recipe_diet_type\/567"},{"embeddable":true,"taxonomy":"recipe_diet_type","href":"https:\/\/www.emmentaler.ch\/fr\/wp-json\/wp\/v2\/recipe_diet_type\/564"},{"embeddable":true,"taxonomy":"recipe_difficulty","href":"https:\/\/www.emmentaler.ch\/fr\/wp-json\/wp\/v2\/recipe_difficulty\/575"},{"embeddable":true,"taxonomy":"recipe_categories","href":"https:\/\/www.emmentaler.ch\/fr\/wp-json\/wp\/v2\/recipe_categories\/606"},{"embeddable":true,"taxonomy":"recipe_preparation_time","href":"https:\/\/www.emmentaler.ch\/fr\/wp-json\/wp\/v2\/recipe_preparation_time\/294"}],"acf:post":[{"embeddable":true,"href":"https:\/\/www.emmentaler.ch\/fr\/wp-json\/wp\/v2\/pages\/63916"}],"wp:featuredmedia":[{"embeddable":true,"href":"https:\/\/www.emmentaler.ch\/fr\/wp-json\/wp\/v2\/media\/51105"}],"wp:attachment":[{"href":"https:\/\/www.emmentaler.ch\/fr\/wp-json\/wp\/v2\/media?parent=31707"}],"wp:term":[{"taxonomy":"post_tag","embeddable":true,"href":"https:\/\/www.emmentaler.ch\/fr\/wp-json\/wp\/v2\/tags?post=31707"},{"taxonomy":"recipe_categories","embeddable":true,"href":"https:\/\/www.emmentaler.ch\/fr\/wp-json\/wp\/v2\/recipe_categories?post=31707"},{"taxonomy":"et_countries","embeddable":true,"href":"https:\/\/www.emmentaler.ch\/fr\/wp-json\/wp\/v2\/et_countries?post=31707"},{"taxonomy":"recipe_main_ingredient","embeddable":true,"href":"https:\/\/www.emmentaler.ch\/fr\/wp-json\/wp\/v2\/recipe_main_ingredient?post=31707"},{"taxonomy":"recipe_difficulty","embeddable":true,"href":"https:\/\/www.emmentaler.ch\/fr\/wp-json\/wp\/v2\/recipe_difficulty?post=31707"},{"taxonomy":"recipe_preparation_time","embeddable":true,"href":"https:\/\/www.emmentaler.ch\/fr\/wp-json\/wp\/v2\/recipe_preparation_time?post=31707"},{"taxonomy":"recipe_diet_type","embeddable":true,"href":"https:\/\/www.emmentaler.ch\/fr\/wp-json\/wp\/v2\/recipe_diet_type?post=31707"},{"taxonomy":"recipe_saison","embeddable":true,"href":"https:\/\/www.emmentaler.ch\/fr\/wp-json\/wp\/v2\/recipe_saison?post=31707"}],"curies":[{"name":"wp","href":"https:\/\/api.w.org\/{rel}","templated":true}]}}

Préparation: 20 minutes, Cuisson: 30 minutes

12 dés d’Emmentaler AOP (env. 2 × 2 cm)
Crackers
¼ de pastèque
200 ml de vinaigre de pommes
200 ml d’eau
150 g de sucre
2–3 morceaux de gingembre confit
4 c. c. de sel marin
1 c. c. de flocons de piment
1 c. c. de grains de poivre
1 morceau de badiane

Couper la pastèque en plusieurs morceaux. En couper l’écorce en laissant 5 mm de chair. Récupérer la partie rouge, la protéger d’un film alimentaire et la mettre au réfrigérateur. Avec l’économe, peler la partie verte extérieure de l’écorce et couper celle-ci en morceaux de 2 cm. Porter à ébullition le vinaigre, l’eau et le sucre avec le gingembre, le sel et les épices. Faire cuire 10 minutes à petit feu. Ajouter l’écorce coupée. Faire cuire 10 minutes à petit feu. Retirer la casserole du feu. Laisser refroidir 30 minutes.

Verser l’écorce cuite dans des bocaux rincés à l’eau chaude. Porter encore une fois le liquide à ébullition, en remplir les bocaux jusqu’au bord, fermer. Protéger les bocaux avec une couverture et laisser refroidir. Conservation: 2–3 semaines en bocal bien fermé et conservé au réfrigérateur.

Piquer les morceaux d’écorce de pastèque sur les dés d’Emmentaler AOP. Servir avec des crackers.

Accompagner de chair de pastèque fraîche coupée en morceaux.
