{"id":31753,"date":"2022-04-27T13:35:02","date_gmt":"2022-04-27T11:35:02","guid":{"rendered":"https:\/\/www.emmentaler.ch\/rezept\/salade-de-poivrons-a-lemmentaler-aop"},"modified":"2024-07-25T18:05:05","modified_gmt":"2024-07-25T16:05:05","slug":"salade-de-poivrons-a-lemmentaler-aop","status":"publish","type":"recipes","link":"https:\/\/www.emmentaler.ch\/fr\/recettes\/salade-de-poivrons-a-lemmentaler-aop","title":{"rendered":"Salade de poivrons \u00e0 l&rsquo;Emmentaler AOP"},"author":2,"featured_media":53084,"menu_order":0,"template":"","meta":{"inline_featured_image":false},"tags":[802,834],"recipe_categories":[617],"et_countries":[],"recipe_main_ingredient":[604],"recipe_difficulty":[575],"recipe_preparation_time":[701],"recipe_diet_type":[564,567,572],"recipe_saison":[559],"acf":{"recipe_preparation_time":701,"recipe_categories":617,"recipe_time_txt":"","recipe_type":63911,"recipe_difficulty":575,"recipe_diet_type":[564,567,572],"recipe_main_ingredient":[604],"recipe_saison":[559],"recipe_count_portions":4,"recipe_ingedients":[{"recipe_ingedients_amount":"","recipe_ingedients_unit":"g","recipe_ingedients_product":""}],"temporare_zutaten":"2 poivrons rouge\r\n1 poivron jaune\r\n2 oignons rouges\r\n1-2 c. \u00e0 s. d'huile des tomates marin\u00e9es\r\nSel, poivre\r\n3 c. \u00e0 s. de vinaigre de vin rouge\r\n5 c. \u00e0 s. d'huile d'olive\r\n50 g de tomates s\u00e9ch\u00e9es marin\u00e9es dans l'huile\r\n250 g d'Emmentaler AOP\r\n2 bouquets de basilic\r\n30 g d'olives noires","recipe_preparation":"Couper les poivrons en 2, les \u00e9p\u00e9piner et les couper en lani\u00e8res de 5 mm. Couper les oignons en tranches. Faire chauffer l'huile des tomates dans une po\u00eale et y faire revenir les poivrons et les oignons 5 minutes, saler et poivrer.\r\n\r\nM\u00e9langer le vinaigre et l'huile d'olive avec le sel et le poivre, ajouter les poivrons et les oignons et laisser refroidir.\r\n\r\nCouper les tomates s\u00e9ch\u00e9es en lani\u00e8res. Couper l'Emmentaler AOP en d\u00e9s. Effeuiller le basilic. Ajouter tous les ingr\u00e9dients aux poivrons et bien m\u00e9langer.","recipe_images":[20796]},"_links":{"self":[{"href":"https:\/\/www.emmentaler.ch\/fr\/wp-json\/wp\/v2\/recipes\/31753"}],"collection":[{"href":"https:\/\/www.emmentaler.ch\/fr\/wp-json\/wp\/v2\/recipes"}],"about":[{"href":"https:\/\/www.emmentaler.ch\/fr\/wp-json\/wp\/v2\/types\/recipes"}],"author":[{"embeddable":true,"href":"https:\/\/www.emmentaler.ch\/fr\/wp-json\/wp\/v2\/users\/2"}],"version-history":[{"count":1,"href":"https:\/\/www.emmentaler.ch\/fr\/wp-json\/wp\/v2\/recipes\/31753\/revisions"}],"predecessor-version":[{"id":138012,"href":"https:\/\/www.emmentaler.ch\/fr\/wp-json\/wp\/v2\/recipes\/31753\/revisions\/138012"}],"acf:attachment":[{"embeddable":true,"href":"https:\/\/www.emmentaler.ch\/fr\/wp-json\/wp\/v2\/media\/20796"}],"acf:term":[{"embeddable":true,"taxonomy":"recipe_saison","href":"https:\/\/www.emmentaler.ch\/fr\/wp-json\/wp\/v2\/recipe_saison\/559"},{"embeddable":true,"taxonomy":"recipe_main_ingredient","href":"https:\/\/www.emmentaler.ch\/fr\/wp-json\/wp\/v2\/recipe_main_ingredient\/604"},{"embeddable":true,"taxonomy":"recipe_diet_type","href":"https:\/\/www.emmentaler.ch\/fr\/wp-json\/wp\/v2\/recipe_diet_type\/572"},{"embeddable":true,"taxonomy":"recipe_diet_type","href":"https:\/\/www.emmentaler.ch\/fr\/wp-json\/wp\/v2\/recipe_diet_type\/567"},{"embeddable":true,"taxonomy":"recipe_diet_type","href":"https:\/\/www.emmentaler.ch\/fr\/wp-json\/wp\/v2\/recipe_diet_type\/564"},{"embeddable":true,"taxonomy":"recipe_difficulty","href":"https:\/\/www.emmentaler.ch\/fr\/wp-json\/wp\/v2\/recipe_difficulty\/575"},{"embeddable":true,"taxonomy":"recipe_categories","href":"https:\/\/www.emmentaler.ch\/fr\/wp-json\/wp\/v2\/recipe_categories\/617"},{"embeddable":true,"taxonomy":"recipe_preparation_time","href":"https:\/\/www.emmentaler.ch\/fr\/wp-json\/wp\/v2\/recipe_preparation_time\/701"}],"acf:post":[{"embeddable":true,"href":"https:\/\/www.emmentaler.ch\/fr\/wp-json\/wp\/v2\/pages\/63911"}],"wp:featuredmedia":[{"embeddable":true,"href":"https:\/\/www.emmentaler.ch\/fr\/wp-json\/wp\/v2\/media\/53084"}],"wp:attachment":[{"href":"https:\/\/www.emmentaler.ch\/fr\/wp-json\/wp\/v2\/media?parent=31753"}],"wp:term":[{"taxonomy":"post_tag","embeddable":true,"href":"https:\/\/www.emmentaler.ch\/fr\/wp-json\/wp\/v2\/tags?post=31753"},{"taxonomy":"recipe_categories","embeddable":true,"href":"https:\/\/www.emmentaler.ch\/fr\/wp-json\/wp\/v2\/recipe_categories?post=31753"},{"taxonomy":"et_countries","embeddable":true,"href":"https:\/\/www.emmentaler.ch\/fr\/wp-json\/wp\/v2\/et_countries?post=31753"},{"taxonomy":"recipe_main_ingredient","embeddable":true,"href":"https:\/\/www.emmentaler.ch\/fr\/wp-json\/wp\/v2\/recipe_main_ingredient?post=31753"},{"taxonomy":"recipe_difficulty","embeddable":true,"href":"https:\/\/www.emmentaler.ch\/fr\/wp-json\/wp\/v2\/recipe_difficulty?post=31753"},{"taxonomy":"recipe_preparation_time","embeddable":true,"href":"https:\/\/www.emmentaler.ch\/fr\/wp-json\/wp\/v2\/recipe_preparation_time?post=31753"},{"taxonomy":"recipe_diet_type","embeddable":true,"href":"https:\/\/www.emmentaler.ch\/fr\/wp-json\/wp\/v2\/recipe_diet_type?post=31753"},{"taxonomy":"recipe_saison","embeddable":true,"href":"https:\/\/www.emmentaler.ch\/fr\/wp-json\/wp\/v2\/recipe_saison?post=31753"}],"curies":[{"name":"wp","href":"https:\/\/api.w.org\/{rel}","templated":true}]}}

Salade de poivrons à l&rsquo;Emmentaler AOP

2 poivrons rouge
1 poivron jaune
2 oignons rouges
1-2 c. à s. d'huile des tomates marinées
Sel, poivre
3 c. à s. de vinaigre de vin rouge
5 c. à s. d'huile d'olive
50 g de tomates séchées marinées dans l'huile
250 g d'Emmentaler AOP
2 bouquets de basilic
30 g d'olives noires

Couper les poivrons en 2, les épépiner et les couper en lanières de 5 mm. Couper les oignons en tranches. Faire chauffer l'huile des tomates dans une poêle et y faire revenir les poivrons et les oignons 5 minutes, saler et poivrer.

Mélanger le vinaigre et l'huile d'olive avec le sel et le poivre, ajouter les poivrons et les oignons et laisser refroidir.

Couper les tomates séchées en lanières. Couper l'Emmentaler AOP en dés. Effeuiller le basilic. Ajouter tous les ingrédients aux poivrons et bien mélanger.
