{"id":31784,"date":"2022-04-27T13:35:02","date_gmt":"2022-04-27T11:35:02","guid":{"rendered":"https:\/\/www.emmentaler.ch\/rezept\/pain-perdu-a-lemmentaler-accompagne-de-compote-de-fruits"},"modified":"2022-06-27T14:59:21","modified_gmt":"2022-06-27T12:59:21","slug":"pain-perdu-a-lemmentaler-accompagne-de-compote-de-fruits","status":"publish","type":"recipes","link":"https:\/\/www.emmentaler.ch\/fr\/recettes\/pain-perdu-a-lemmentaler-accompagne-de-compote-de-fruits","title":{"rendered":"Pain perdu \u00e0 l\u2019Emmentaler, accompagn\u00e9 de compote de fruits"},"author":2,"featured_media":51166,"menu_order":0,"template":"","meta":{"inline_featured_image":false},"tags":[],"recipe_categories":[606],"et_countries":[],"recipe_main_ingredient":[596],"recipe_difficulty":[580],"recipe_preparation_time":[625],"recipe_diet_type":[572],"recipe_saison":[548],"acf":{"recipe_preparation_time":625,"recipe_categories":606,"recipe_time_txt":"","recipe_type":63916,"recipe_difficulty":580,"recipe_diet_type":[572],"recipe_main_ingredient":[596],"recipe_saison":[548],"recipe_count_portions":2,"recipe_ingedients":[{"recipe_ingedients_amount":"","recipe_ingedients_unit":"g","recipe_ingedients_product":""}],"temporare_zutaten":"500 g d\u2019abricots m\u00fbrs\r\n4 c. s. d\u2019eau\r\n2 c. s. de sucre\r\n2 c. c. de jus de citron\r\n2\u20133 \u0153ufs\r\n3\u20134 c. s. de lait\r\nPeu de sel, noix de muscade ou poivre du moulin\r\n4 tranches de pain (pain bis ou pain paysan)\r\n200 g d\u2019Emmentaler AOP grossi\u00e8rement r\u00e2p\u00e9\r\nBeurre \u00e0 r\u00f4tir pour la cuisson","recipe_preparation":"Partager les abricots en deux, enlever le noyau. Porter \u00e0 \u00e9bullition l\u2019eau, le sucre et le jus de citron. Ajouter les abricots, cuire \u00e0 couvert et \u00e0 petit feu, en gardant l\u00e9g\u00e8rement croquant. Laisser refroidir \u00e0 couvert.\r\n\r\nM\u00e9langer au fouet le lait et les \u0153ufs. Saler l\u00e9g\u00e8rement. Juste avant la cuisson, tremper les deux faces des tranches de pain dans l\u2019appareil lait-\u0153ufs afin de bien les imbiber.\r\n\r\nBadigeonner de beurre \u00e0 r\u00f4tir le fond d\u2019une po\u00eale \u00e0 rev\u00eatement anti-adh\u00e9sif et chauffer. Pour une tranche de pain, mettre env. \u00bc du fromage dans la po\u00eale, poser une tranche de pain sur le fromage, faire cuire sur feu moyen. Parsemer d\u2019\u00bc de l\u2019Emmentaler AOP. D\u00e8s que la face inf\u00e9rieure est dor\u00e9e, retourner le tout. Faire dorer \u00e9galement l\u2019autre face.\r\n\r\nServir ce pain perdu accompagn\u00e9 de la compote d\u2019abricots.","recipe_images":[31810,31815,31820]},"_links":{"self":[{"href":"https:\/\/www.emmentaler.ch\/fr\/wp-json\/wp\/v2\/recipes\/31784"}],"collection":[{"href":"https:\/\/www.emmentaler.ch\/fr\/wp-json\/wp\/v2\/recipes"}],"about":[{"href":"https:\/\/www.emmentaler.ch\/fr\/wp-json\/wp\/v2\/types\/recipes"}],"author":[{"embeddable":true,"href":"https:\/\/www.emmentaler.ch\/fr\/wp-json\/wp\/v2\/users\/2"}],"version-history":[{"count":0,"href":"https:\/\/www.emmentaler.ch\/fr\/wp-json\/wp\/v2\/recipes\/31784\/revisions"}],"acf:attachment":[{"embeddable":true,"href":"https:\/\/www.emmentaler.ch\/fr\/wp-json\/wp\/v2\/media\/31820"},{"embeddable":true,"href":"https:\/\/www.emmentaler.ch\/fr\/wp-json\/wp\/v2\/media\/31815"},{"embeddable":true,"href":"https:\/\/www.emmentaler.ch\/fr\/wp-json\/wp\/v2\/media\/31810"}],"acf:term":[{"embeddable":true,"taxonomy":"recipe_saison","href":"https:\/\/www.emmentaler.ch\/fr\/wp-json\/wp\/v2\/recipe_saison\/548"},{"embeddable":true,"taxonomy":"recipe_main_ingredient","href":"https:\/\/www.emmentaler.ch\/fr\/wp-json\/wp\/v2\/recipe_main_ingredient\/596"},{"embeddable":true,"taxonomy":"recipe_diet_type","href":"https:\/\/www.emmentaler.ch\/fr\/wp-json\/wp\/v2\/recipe_diet_type\/572"},{"embeddable":true,"taxonomy":"recipe_difficulty","href":"https:\/\/www.emmentaler.ch\/fr\/wp-json\/wp\/v2\/recipe_difficulty\/580"},{"embeddable":true,"taxonomy":"recipe_categories","href":"https:\/\/www.emmentaler.ch\/fr\/wp-json\/wp\/v2\/recipe_categories\/606"},{"embeddable":true,"taxonomy":"recipe_preparation_time","href":"https:\/\/www.emmentaler.ch\/fr\/wp-json\/wp\/v2\/recipe_preparation_time\/625"}],"acf:post":[{"embeddable":true,"href":"https:\/\/www.emmentaler.ch\/fr\/wp-json\/wp\/v2\/pages\/63916"}],"wp:featuredmedia":[{"embeddable":true,"href":"https:\/\/www.emmentaler.ch\/fr\/wp-json\/wp\/v2\/media\/51166"}],"wp:attachment":[{"href":"https:\/\/www.emmentaler.ch\/fr\/wp-json\/wp\/v2\/media?parent=31784"}],"wp:term":[{"taxonomy":"post_tag","embeddable":true,"href":"https:\/\/www.emmentaler.ch\/fr\/wp-json\/wp\/v2\/tags?post=31784"},{"taxonomy":"recipe_categories","embeddable":true,"href":"https:\/\/www.emmentaler.ch\/fr\/wp-json\/wp\/v2\/recipe_categories?post=31784"},{"taxonomy":"et_countries","embeddable":true,"href":"https:\/\/www.emmentaler.ch\/fr\/wp-json\/wp\/v2\/et_countries?post=31784"},{"taxonomy":"recipe_main_ingredient","embeddable":true,"href":"https:\/\/www.emmentaler.ch\/fr\/wp-json\/wp\/v2\/recipe_main_ingredient?post=31784"},{"taxonomy":"recipe_difficulty","embeddable":true,"href":"https:\/\/www.emmentaler.ch\/fr\/wp-json\/wp\/v2\/recipe_difficulty?post=31784"},{"taxonomy":"recipe_preparation_time","embeddable":true,"href":"https:\/\/www.emmentaler.ch\/fr\/wp-json\/wp\/v2\/recipe_preparation_time?post=31784"},{"taxonomy":"recipe_diet_type","embeddable":true,"href":"https:\/\/www.emmentaler.ch\/fr\/wp-json\/wp\/v2\/recipe_diet_type?post=31784"},{"taxonomy":"recipe_saison","embeddable":true,"href":"https:\/\/www.emmentaler.ch\/fr\/wp-json\/wp\/v2\/recipe_saison?post=31784"}],"curies":[{"name":"wp","href":"https:\/\/api.w.org\/{rel}","templated":true}]}}

Pain perdu à l’Emmentaler, accompagné de compote de fruits

500 g d’abricots mûrs
4 c. s. d’eau
2 c. s. de sucre
2 c. c. de jus de citron
2–3 œufs
3–4 c. s. de lait
Peu de sel, noix de muscade ou poivre du moulin
4 tranches de pain (pain bis ou pain paysan)
200 g d’Emmentaler AOP grossièrement râpé
Beurre à rôtir pour la cuisson

Partager les abricots en deux, enlever le noyau. Porter à ébullition l’eau, le sucre et le jus de citron. Ajouter les abricots, cuire à couvert et à petit feu, en gardant légèrement croquant. Laisser refroidir à couvert.

Mélanger au fouet le lait et les œufs. Saler légèrement. Juste avant la cuisson, tremper les deux faces des tranches de pain dans l’appareil lait-œufs afin de bien les imbiber.

Badigeonner de beurre à rôtir le fond d’une poêle à revêtement anti-adhésif et chauffer. Pour une tranche de pain, mettre env. ¼ du fromage dans la poêle, poser une tranche de pain sur le fromage, faire cuire sur feu moyen. Parsemer d’¼ de l’Emmentaler AOP. Dès que la face inférieure est dorée, retourner le tout. Faire dorer également l’autre face.

Servir ce pain perdu accompagné de la compote d’abricots.
