{"id":31877,"date":"2022-04-27T13:35:02","date_gmt":"2022-04-27T11:35:02","guid":{"rendered":"https:\/\/www.emmentaler.ch\/rezept\/steak-de-boeuf-a-lemmentaler-et-au-raisin"},"modified":"2022-12-13T17:35:07","modified_gmt":"2022-12-13T16:35:07","slug":"steak-de-boeuf-a-lemmentaler-et-au-raisin","status":"publish","type":"recipes","link":"https:\/\/www.emmentaler.ch\/fr\/recettes\/steak-de-boeuf-a-lemmentaler-et-au-raisin","title":{"rendered":"Steak de b\u0153uf \u00e0 l&rsquo;Emmentaler et au raisin"},"author":2,"featured_media":20919,"menu_order":0,"template":"","meta":{"inline_featured_image":false},"tags":[713],"recipe_categories":[728],"et_countries":[],"recipe_main_ingredient":[591],"recipe_difficulty":[580],"recipe_preparation_time":[280],"recipe_diet_type":[564],"recipe_saison":[540,548,559],"acf":{"recipe_preparation_time":280,"recipe_categories":728,"recipe_time_txt":"","recipe_type":64281,"recipe_difficulty":580,"recipe_diet_type":[564],"recipe_main_ingredient":[591],"recipe_saison":[559,540,548],"recipe_count_portions":4,"recipe_ingedients":[{"recipe_ingedients_amount":"","recipe_ingedients_unit":"g","recipe_ingedients_product":""}],"temporare_zutaten":"150 g d'Emmentaler sal\u00e9 AOP\r\n200 g de raisin blanc et bleu\r\n1 c. \u00e0 c. de baies de geni\u00e8vre\r\n1 c. \u00e0 s. de beurre\r\n0,5 dl de Sherry sec\r\n1 c. \u00e0 c. de ma\u00efzena\r\n1 dl de fond ou de bouillon de boeuf\r\n2 branches de thym\r\nSel, poivre\r\n2 c. \u00e0 s. de beurre \u00e0 r\u00f4tir\r\n4 steak de boeuf de 150 g chacun environ (rumsteakt)","recipe_preparation":"Couper l'Emmentaler AOP en tranches d'1 cm. Couper les raisins en 2 et hacher grossi\u00e8rement les baies de geni\u00e8vre.\r\n\r\nPour la sauce, faire fondre le beurre dans une petite po\u00eale et y faire revenir bri\u00e8vement les raisins et les baies de geni\u00e8vre. Mouiller au Sherry et faire un peu r\u00e9duire. Diluer la ma\u00efzena dans le fond de boeuf, l'ajouter \u00e0 la sauce et faire mijoter 1-2 minutes en remuant. Effeuiller le thym dans la sauce, saler et poivrer.\r\n\r\nFaire chauffer le beurre \u00e0 r\u00f4tir. Saler et poivrer les steacks et les saisir \u00e0 feu vif, 30 secondes d'1 c\u00f4t\u00e9, 1 minute pour l'autre. Retirer la po\u00eale du feu et baisser le feu. Couvrir les steacks des tranches de fromage en veillant \u00e0 les mettre sur le c\u00f4t\u00e9 le plus cuit. Couvrir la po\u00eale et faire cuire encore 3-5 minutes. Servir avec la sauce.","recipe_images":[31893]},"_links":{"self":[{"href":"https:\/\/www.emmentaler.ch\/fr\/wp-json\/wp\/v2\/recipes\/31877"}],"collection":[{"href":"https:\/\/www.emmentaler.ch\/fr\/wp-json\/wp\/v2\/recipes"}],"about":[{"href":"https:\/\/www.emmentaler.ch\/fr\/wp-json\/wp\/v2\/types\/recipes"}],"author":[{"embeddable":true,"href":"https:\/\/www.emmentaler.ch\/fr\/wp-json\/wp\/v2\/users\/2"}],"version-history":[{"count":0,"href":"https:\/\/www.emmentaler.ch\/fr\/wp-json\/wp\/v2\/recipes\/31877\/revisions"}],"acf:attachment":[{"embeddable":true,"href":"https:\/\/www.emmentaler.ch\/fr\/wp-json\/wp\/v2\/media\/31893"}],"acf:term":[{"embeddable":true,"taxonomy":"recipe_saison","href":"https:\/\/www.emmentaler.ch\/fr\/wp-json\/wp\/v2\/recipe_saison\/548"},{"embeddable":true,"taxonomy":"recipe_saison","href":"https:\/\/www.emmentaler.ch\/fr\/wp-json\/wp\/v2\/recipe_saison\/540"},{"embeddable":true,"taxonomy":"recipe_saison","href":"https:\/\/www.emmentaler.ch\/fr\/wp-json\/wp\/v2\/recipe_saison\/559"},{"embeddable":true,"taxonomy":"recipe_main_ingredient","href":"https:\/\/www.emmentaler.ch\/fr\/wp-json\/wp\/v2\/recipe_main_ingredient\/591"},{"embeddable":true,"taxonomy":"recipe_diet_type","href":"https:\/\/www.emmentaler.ch\/fr\/wp-json\/wp\/v2\/recipe_diet_type\/564"},{"embeddable":true,"taxonomy":"recipe_difficulty","href":"https:\/\/www.emmentaler.ch\/fr\/wp-json\/wp\/v2\/recipe_difficulty\/580"},{"embeddable":true,"taxonomy":"recipe_categories","href":"https:\/\/www.emmentaler.ch\/fr\/wp-json\/wp\/v2\/recipe_categories\/728"},{"embeddable":true,"taxonomy":"recipe_preparation_time","href":"https:\/\/www.emmentaler.ch\/fr\/wp-json\/wp\/v2\/recipe_preparation_time\/280"}],"acf:post":[{"embeddable":true,"href":"https:\/\/www.emmentaler.ch\/fr\/wp-json\/wp\/v2\/pages\/64281"}],"wp:featuredmedia":[{"embeddable":true,"href":"https:\/\/www.emmentaler.ch\/fr\/wp-json\/wp\/v2\/media\/20919"}],"wp:attachment":[{"href":"https:\/\/www.emmentaler.ch\/fr\/wp-json\/wp\/v2\/media?parent=31877"}],"wp:term":[{"taxonomy":"post_tag","embeddable":true,"href":"https:\/\/www.emmentaler.ch\/fr\/wp-json\/wp\/v2\/tags?post=31877"},{"taxonomy":"recipe_categories","embeddable":true,"href":"https:\/\/www.emmentaler.ch\/fr\/wp-json\/wp\/v2\/recipe_categories?post=31877"},{"taxonomy":"et_countries","embeddable":true,"href":"https:\/\/www.emmentaler.ch\/fr\/wp-json\/wp\/v2\/et_countries?post=31877"},{"taxonomy":"recipe_main_ingredient","embeddable":true,"href":"https:\/\/www.emmentaler.ch\/fr\/wp-json\/wp\/v2\/recipe_main_ingredient?post=31877"},{"taxonomy":"recipe_difficulty","embeddable":true,"href":"https:\/\/www.emmentaler.ch\/fr\/wp-json\/wp\/v2\/recipe_difficulty?post=31877"},{"taxonomy":"recipe_preparation_time","embeddable":true,"href":"https:\/\/www.emmentaler.ch\/fr\/wp-json\/wp\/v2\/recipe_preparation_time?post=31877"},{"taxonomy":"recipe_diet_type","embeddable":true,"href":"https:\/\/www.emmentaler.ch\/fr\/wp-json\/wp\/v2\/recipe_diet_type?post=31877"},{"taxonomy":"recipe_saison","embeddable":true,"href":"https:\/\/www.emmentaler.ch\/fr\/wp-json\/wp\/v2\/recipe_saison?post=31877"}],"curies":[{"name":"wp","href":"https:\/\/api.w.org\/{rel}","templated":true}]}}

Steak de bœuf à l&rsquo;Emmentaler et au raisin

150 g d'Emmentaler salé AOP
200 g de raisin blanc et bleu
1 c. à c. de baies de genièvre
1 c. à s. de beurre
0,5 dl de Sherry sec
1 c. à c. de maïzena
1 dl de fond ou de bouillon de boeuf
2 branches de thym
Sel, poivre
2 c. à s. de beurre à rôtir
4 steak de boeuf de 150 g chacun environ (rumsteakt)

Couper l'Emmentaler AOP en tranches d'1 cm. Couper les raisins en 2 et hacher grossièrement les baies de genièvre.

Pour la sauce, faire fondre le beurre dans une petite poêle et y faire revenir brièvement les raisins et les baies de genièvre. Mouiller au Sherry et faire un peu réduire. Diluer la maïzena dans le fond de boeuf, l'ajouter à la sauce et faire mijoter 1-2 minutes en remuant. Effeuiller le thym dans la sauce, saler et poivrer.

Faire chauffer le beurre à rôtir. Saler et poivrer les steacks et les saisir à feu vif, 30 secondes d'1 côté, 1 minute pour l'autre. Retirer la poêle du feu et baisser le feu. Couvrir les steacks des tranches de fromage en veillant à les mettre sur le côté le plus cuit. Couvrir la poêle et faire cuire encore 3-5 minutes. Servir avec la sauce.
