{"id":31909,"date":"2022-04-27T13:35:02","date_gmt":"2022-04-27T11:35:02","guid":{"rendered":"https:\/\/www.emmentaler.ch\/rezept\/spaetzlis-pates-maison-a-lemmentaler-aop-et-quartiers-de-pomme"},"modified":"2022-08-03T16:37:04","modified_gmt":"2022-08-03T14:37:04","slug":"spaetzlis-pates-maison-a-lemmentaler-aop-et-quartiers-de-pomme","status":"publish","type":"recipes","link":"https:\/\/www.emmentaler.ch\/fr\/recettes\/spaetzlis-pates-maison-a-lemmentaler-aop-et-quartiers-de-pomme","title":{"rendered":"Sp\u00e4tzlis (p\u00e2tes maison) \u00e0 l\u2019Emmentaler AOP et quartiers de pomme"},"author":2,"featured_media":31936,"menu_order":0,"template":"","meta":{"inline_featured_image":false},"tags":[],"recipe_categories":[617],"et_countries":[],"recipe_main_ingredient":[],"recipe_difficulty":[583],"recipe_preparation_time":[272],"recipe_diet_type":[572],"recipe_saison":[559],"acf":{"recipe_preparation_time":272,"recipe_categories":617,"recipe_time_txt":"Pr\u00e9paration: 10 minutes, Cuisson: 30 minutes  4 person","recipe_type":64272,"recipe_difficulty":583,"recipe_diet_type":[572],"recipe_main_ingredient":false,"recipe_saison":[559],"recipe_count_portions":4,"recipe_ingedients":[{"recipe_ingedients_amount":"","recipe_ingedients_unit":"g","recipe_ingedients_product":""}],"temporare_zutaten":"450 g de farine pour kn\u00f6pflis (farine pas trop fluide)\r\n1 c. c. de sel\r\n300 ml d\u2019eau min\u00e9rale gazeuse\r\n4 \u0153ufs\r\n4 pommes \u00e0 peau rouge\r\n2 c. c. de jus de citron\r\nSel pour la cuisson \u00e0 l\u2019eau\r\n20 g de beurre\r\n100 g d\u2019Emmentaler AOP (Doux) grossi\u00e8rement r\u00e2p\u00e9","recipe_preparation":"M\u00e9langer la farine et le sel dans un r\u00e9cipient. Battre les \u0153ufs et l\u2019eau min\u00e9rale. Ajouter ce liquide \u00e0 la farine sal\u00e9e en remuant, lisser. Battre vigoureusement la p\u00e2te jusqu\u2019\u00e0 ce qu\u2019elle fasse des bulles et qu\u2019elle tombe lourdement de la spatule. Couvrir et laisser reposer env. 30 minutes \u00e0 temp\u00e9rature ambiante.\r\n\r\nCouper les pommes en deux, \u00e9vider le c\u0153ur, couper en quartiers. Arroser avec le jus de citron et faire cuire doucement \u00e0 couvert et \u00e0 petit feu, en gardant l\u00e9g\u00e8rement croquant, laisser refroidir.\r\n\r\nRemplir d\u2019eau une large casserole, porter \u00e0 \u00e9bullition, saler. Mouiller une planche \u00e0 l\u2019eau froide et y placer une portion de p\u00e2te. Avec une cornette \u00e0 p\u00e2te ou un long couteau droit mouill\u00e9s, couper de fines lani\u00e8res de p\u00e2te directement dans l\u2019eau fr\u00e9missante. Porter \u00e0 \u00e9bullition. Apr\u00e8s chaque portion, d\u00e8s que les sp\u00e4tzlis remontent \u00e0 la surface, les retirer \u00e0 l\u2019\u00e9cumoire, bien \u00e9goutter. Faire fondre le beurre dans une po\u00eale. Passer les sp\u00e4tzlis au beurre chaud.\r\n\r\nLes mettre dans un plat creux chaud, en alternant les couches avec de l\u2019Emmentaler AOP. Servir avec les quartiers de pommes.","recipe_images":[31930,31936]},"_links":{"self":[{"href":"https:\/\/www.emmentaler.ch\/fr\/wp-json\/wp\/v2\/recipes\/31909"}],"collection":[{"href":"https:\/\/www.emmentaler.ch\/fr\/wp-json\/wp\/v2\/recipes"}],"about":[{"href":"https:\/\/www.emmentaler.ch\/fr\/wp-json\/wp\/v2\/types\/recipes"}],"author":[{"embeddable":true,"href":"https:\/\/www.emmentaler.ch\/fr\/wp-json\/wp\/v2\/users\/2"}],"version-history":[{"count":0,"href":"https:\/\/www.emmentaler.ch\/fr\/wp-json\/wp\/v2\/recipes\/31909\/revisions"}],"acf:attachment":[{"embeddable":true,"href":"https:\/\/www.emmentaler.ch\/fr\/wp-json\/wp\/v2\/media\/31936"},{"embeddable":true,"href":"https:\/\/www.emmentaler.ch\/fr\/wp-json\/wp\/v2\/media\/31930"}],"acf:term":[{"embeddable":true,"taxonomy":"recipe_saison","href":"https:\/\/www.emmentaler.ch\/fr\/wp-json\/wp\/v2\/recipe_saison\/559"},{"embeddable":true,"taxonomy":"recipe_diet_type","href":"https:\/\/www.emmentaler.ch\/fr\/wp-json\/wp\/v2\/recipe_diet_type\/572"},{"embeddable":true,"taxonomy":"recipe_difficulty","href":"https:\/\/www.emmentaler.ch\/fr\/wp-json\/wp\/v2\/recipe_difficulty\/583"},{"embeddable":true,"taxonomy":"recipe_categories","href":"https:\/\/www.emmentaler.ch\/fr\/wp-json\/wp\/v2\/recipe_categories\/617"},{"embeddable":true,"taxonomy":"recipe_preparation_time","href":"https:\/\/www.emmentaler.ch\/fr\/wp-json\/wp\/v2\/recipe_preparation_time\/272"}],"acf:post":[{"embeddable":true,"href":"https:\/\/www.emmentaler.ch\/fr\/wp-json\/wp\/v2\/pages\/64272"}],"wp:featuredmedia":[{"embeddable":true,"href":"https:\/\/www.emmentaler.ch\/fr\/wp-json\/wp\/v2\/media\/31936"}],"wp:attachment":[{"href":"https:\/\/www.emmentaler.ch\/fr\/wp-json\/wp\/v2\/media?parent=31909"}],"wp:term":[{"taxonomy":"post_tag","embeddable":true,"href":"https:\/\/www.emmentaler.ch\/fr\/wp-json\/wp\/v2\/tags?post=31909"},{"taxonomy":"recipe_categories","embeddable":true,"href":"https:\/\/www.emmentaler.ch\/fr\/wp-json\/wp\/v2\/recipe_categories?post=31909"},{"taxonomy":"et_countries","embeddable":true,"href":"https:\/\/www.emmentaler.ch\/fr\/wp-json\/wp\/v2\/et_countries?post=31909"},{"taxonomy":"recipe_main_ingredient","embeddable":true,"href":"https:\/\/www.emmentaler.ch\/fr\/wp-json\/wp\/v2\/recipe_main_ingredient?post=31909"},{"taxonomy":"recipe_difficulty","embeddable":true,"href":"https:\/\/www.emmentaler.ch\/fr\/wp-json\/wp\/v2\/recipe_difficulty?post=31909"},{"taxonomy":"recipe_preparation_time","embeddable":true,"href":"https:\/\/www.emmentaler.ch\/fr\/wp-json\/wp\/v2\/recipe_preparation_time?post=31909"},{"taxonomy":"recipe_diet_type","embeddable":true,"href":"https:\/\/www.emmentaler.ch\/fr\/wp-json\/wp\/v2\/recipe_diet_type?post=31909"},{"taxonomy":"recipe_saison","embeddable":true,"href":"https:\/\/www.emmentaler.ch\/fr\/wp-json\/wp\/v2\/recipe_saison?post=31909"}],"curies":[{"name":"wp","href":"https:\/\/api.w.org\/{rel}","templated":true}]}}

Spätzlis (pâtes maison) à l’Emmentaler AOP et quartiers de pomme

Préparation: 10 minutes, Cuisson: 30 minutes  4 person

450 g de farine pour knöpflis (farine pas trop fluide)
1 c. c. de sel
300 ml d’eau minérale gazeuse
4 œufs
4 pommes à peau rouge
2 c. c. de jus de citron
Sel pour la cuisson à l’eau
20 g de beurre
100 g d’Emmentaler AOP (Doux) grossièrement râpé

Mélanger la farine et le sel dans un récipient. Battre les œufs et l’eau minérale. Ajouter ce liquide à la farine salée en remuant, lisser. Battre vigoureusement la pâte jusqu’à ce qu’elle fasse des bulles et qu’elle tombe lourdement de la spatule. Couvrir et laisser reposer env. 30 minutes à température ambiante.

Couper les pommes en deux, évider le cœur, couper en quartiers. Arroser avec le jus de citron et faire cuire doucement à couvert et à petit feu, en gardant légèrement croquant, laisser refroidir.

Remplir d’eau une large casserole, porter à ébullition, saler. Mouiller une planche à l’eau froide et y placer une portion de pâte. Avec une cornette à pâte ou un long couteau droit mouillés, couper de fines lanières de pâte directement dans l’eau frémissante. Porter à ébullition. Après chaque portion, dès que les spätzlis remontent à la surface, les retirer à l’écumoire, bien égoutter. Faire fondre le beurre dans une poêle. Passer les spätzlis au beurre chaud.

Les mettre dans un plat creux chaud, en alternant les couches avec de l’Emmentaler AOP. Servir avec les quartiers de pommes.
