{"id":31956,"date":"2022-04-27T13:35:02","date_gmt":"2022-04-27T11:35:02","guid":{"rendered":"https:\/\/www.emmentaler.ch\/rezept\/gratin-de-pain-a-lemmentaler-avec-champignons"},"modified":"2022-08-18T16:44:55","modified_gmt":"2022-08-18T14:44:55","slug":"gratin-de-pain-a-lemmentaler-avec-champignons","status":"publish","type":"recipes","link":"https:\/\/www.emmentaler.ch\/fr\/recettes\/gratin-de-pain-a-lemmentaler-avec-champignons","title":{"rendered":"Gratin de pain \u00e0 l&rsquo;Emmentaler avec champignons"},"author":2,"featured_media":54184,"menu_order":0,"template":"","meta":{"inline_featured_image":false},"tags":[],"recipe_categories":[617],"et_countries":[],"recipe_main_ingredient":[604],"recipe_difficulty":[575],"recipe_preparation_time":[294],"recipe_diet_type":[572],"recipe_saison":[548,532,559],"acf":{"recipe_preparation_time":294,"recipe_categories":617,"recipe_time_txt":"20 minutes plus 30 minutes de cuisson","recipe_type":64283,"recipe_difficulty":575,"recipe_diet_type":[572],"recipe_main_ingredient":[604],"recipe_saison":[532,559,548],"recipe_count_portions":4,"recipe_ingedients":[{"recipe_ingedients_amount":"","recipe_ingedients_unit":"g","recipe_ingedients_product":""}],"temporare_zutaten":"Env. 250 g de pain bis de la veille\r\n1 dl de vin blanc\r\n500 g de champignons m\u00e9lang\u00e9s ou de champignons de Paris\r\n1 oignon\r\n1 gousse d'ail\r\n1 grosse botte de persil\r\n1 c. \u00e0 s. d'huile\r\nSel, poivre\r\n200 g d'Emmentaler sal\u00e9 AOP\r\n4 dl de lait\r\n4 \u0153ufs\r\n1 c. \u00e0 s. de moutarde","recipe_preparation":"Couper le pain en d\u00e9s puis les mouiller avec le vin. Si n\u00e9cessaire, \u00e9mincer les champignons. Hacher finement l'oignon, l'ail et le persil. Faire revenir les champignons dans l'huile chaude, ajouter l'oignon, l'ail et le persil, faire revenir 3 minutes, saler et poivrer.\r\n\r\nR\u00e2per finement l'Emmentaler AOP. R\u00e9partir le pain, les champignons et le fromage dans un plat \u00e0 gratin. Battre le lait, les \u0153ufs et la moutarde, assaisonner. Verser cet appareil dans le plat. Faire gratiner 30 minutes au four \u00e0 200\u00b0C.","recipe_images":[20996]},"_links":{"self":[{"href":"https:\/\/www.emmentaler.ch\/fr\/wp-json\/wp\/v2\/recipes\/31956"}],"collection":[{"href":"https:\/\/www.emmentaler.ch\/fr\/wp-json\/wp\/v2\/recipes"}],"about":[{"href":"https:\/\/www.emmentaler.ch\/fr\/wp-json\/wp\/v2\/types\/recipes"}],"author":[{"embeddable":true,"href":"https:\/\/www.emmentaler.ch\/fr\/wp-json\/wp\/v2\/users\/2"}],"version-history":[{"count":0,"href":"https:\/\/www.emmentaler.ch\/fr\/wp-json\/wp\/v2\/recipes\/31956\/revisions"}],"acf:attachment":[{"embeddable":true,"href":"https:\/\/www.emmentaler.ch\/fr\/wp-json\/wp\/v2\/media\/20996"}],"acf:term":[{"embeddable":true,"taxonomy":"recipe_saison","href":"https:\/\/www.emmentaler.ch\/fr\/wp-json\/wp\/v2\/recipe_saison\/548"},{"embeddable":true,"taxonomy":"recipe_saison","href":"https:\/\/www.emmentaler.ch\/fr\/wp-json\/wp\/v2\/recipe_saison\/559"},{"embeddable":true,"taxonomy":"recipe_saison","href":"https:\/\/www.emmentaler.ch\/fr\/wp-json\/wp\/v2\/recipe_saison\/532"},{"embeddable":true,"taxonomy":"recipe_main_ingredient","href":"https:\/\/www.emmentaler.ch\/fr\/wp-json\/wp\/v2\/recipe_main_ingredient\/604"},{"embeddable":true,"taxonomy":"recipe_diet_type","href":"https:\/\/www.emmentaler.ch\/fr\/wp-json\/wp\/v2\/recipe_diet_type\/572"},{"embeddable":true,"taxonomy":"recipe_difficulty","href":"https:\/\/www.emmentaler.ch\/fr\/wp-json\/wp\/v2\/recipe_difficulty\/575"},{"embeddable":true,"taxonomy":"recipe_categories","href":"https:\/\/www.emmentaler.ch\/fr\/wp-json\/wp\/v2\/recipe_categories\/617"},{"embeddable":true,"taxonomy":"recipe_preparation_time","href":"https:\/\/www.emmentaler.ch\/fr\/wp-json\/wp\/v2\/recipe_preparation_time\/294"}],"acf:post":[{"embeddable":true,"href":"https:\/\/www.emmentaler.ch\/fr\/wp-json\/wp\/v2\/pages\/64283"}],"wp:featuredmedia":[{"embeddable":true,"href":"https:\/\/www.emmentaler.ch\/fr\/wp-json\/wp\/v2\/media\/54184"}],"wp:attachment":[{"href":"https:\/\/www.emmentaler.ch\/fr\/wp-json\/wp\/v2\/media?parent=31956"}],"wp:term":[{"taxonomy":"post_tag","embeddable":true,"href":"https:\/\/www.emmentaler.ch\/fr\/wp-json\/wp\/v2\/tags?post=31956"},{"taxonomy":"recipe_categories","embeddable":true,"href":"https:\/\/www.emmentaler.ch\/fr\/wp-json\/wp\/v2\/recipe_categories?post=31956"},{"taxonomy":"et_countries","embeddable":true,"href":"https:\/\/www.emmentaler.ch\/fr\/wp-json\/wp\/v2\/et_countries?post=31956"},{"taxonomy":"recipe_main_ingredient","embeddable":true,"href":"https:\/\/www.emmentaler.ch\/fr\/wp-json\/wp\/v2\/recipe_main_ingredient?post=31956"},{"taxonomy":"recipe_difficulty","embeddable":true,"href":"https:\/\/www.emmentaler.ch\/fr\/wp-json\/wp\/v2\/recipe_difficulty?post=31956"},{"taxonomy":"recipe_preparation_time","embeddable":true,"href":"https:\/\/www.emmentaler.ch\/fr\/wp-json\/wp\/v2\/recipe_preparation_time?post=31956"},{"taxonomy":"recipe_diet_type","embeddable":true,"href":"https:\/\/www.emmentaler.ch\/fr\/wp-json\/wp\/v2\/recipe_diet_type?post=31956"},{"taxonomy":"recipe_saison","embeddable":true,"href":"https:\/\/www.emmentaler.ch\/fr\/wp-json\/wp\/v2\/recipe_saison?post=31956"}],"curies":[{"name":"wp","href":"https:\/\/api.w.org\/{rel}","templated":true}]}}

Gratin de pain à l&rsquo;Emmentaler avec champignons

Env. 250 g de pain bis de la veille
1 dl de vin blanc
500 g de champignons mélangés ou de champignons de Paris
1 oignon
1 gousse d'ail
1 grosse botte de persil
1 c. à s. d'huile
Sel, poivre
200 g d'Emmentaler salé AOP
4 dl de lait
4 œufs
1 c. à s. de moutarde

Couper le pain en dés puis les mouiller avec le vin. Si nécessaire, émincer les champignons. Hacher finement l'oignon, l'ail et le persil. Faire revenir les champignons dans l'huile chaude, ajouter l'oignon, l'ail et le persil, faire revenir 3 minutes, saler et poivrer.

Râper finement l'Emmentaler AOP. Répartir le pain, les champignons et le fromage dans un plat à gratin. Battre le lait, les œufs et la moutarde, assaisonner. Verser cet appareil dans le plat. Faire gratiner 30 minutes au four à 200°C.
