{"id":32018,"date":"2022-04-27T13:35:02","date_gmt":"2022-04-27T11:35:02","guid":{"rendered":"https:\/\/www.emmentaler.ch\/rezept\/flan-a-lemmentaler-avec-ragout-de-champignons"},"modified":"2022-06-27T11:28:37","modified_gmt":"2022-06-27T09:28:37","slug":"flan-a-lemmentaler-avec-ragout-de-champignons","status":"publish","type":"recipes","link":"https:\/\/www.emmentaler.ch\/fr\/recettes\/flan-a-lemmentaler-avec-ragout-de-champignons","title":{"rendered":"Flan \u00e0 l&rsquo;Emmentaler avec rago\u00fbt de champignons"},"author":2,"featured_media":32039,"menu_order":0,"template":"","meta":{"inline_featured_image":false},"tags":[],"recipe_categories":[617],"et_countries":[],"recipe_main_ingredient":[604],"recipe_difficulty":[580],"recipe_preparation_time":[302],"recipe_diet_type":[564,572],"recipe_saison":[],"acf":{"recipe_preparation_time":302,"recipe_categories":617,"recipe_time_txt":"40 minutes plus 45 minutes de cuisson","recipe_type":64320,"recipe_difficulty":580,"recipe_diet_type":[564,572],"recipe_main_ingredient":[604],"recipe_saison":false,"recipe_count_portions":4,"recipe_ingedients":[{"recipe_ingedients_amount":"","recipe_ingedients_unit":"g","recipe_ingedients_product":""}],"temporare_zutaten":"200 g d'Emmentaler sal\u00e9 AOP\r\n4 \u0153ufs\r\n1 jaune d'\u0153uf\r\n2 dl de cr\u00e8me\r\nnoix de muscade\r\nSel, poivre\r\nBeurre pour le moule\r\n750 g de champignons m\u00e9lang\u00e9s, p. ex. champignons de Paris, pleurotes du panicaut, chanterelles\r\n2 \u00e9chalotes\r\n1 gousse d'ail\r\n2 c. \u00e0 s. d'huile d'olive\r\n3 c. \u00e0 s. de Mad\u00e8re\r\n1 dl de bouillon\r\n250 g de tomates cerises\r\n1 botte de ciboulette","recipe_preparation":"R\u00e2per finement l'Emmentaler AOP. M\u00e9langer le fromage, les \u0153ufs, le jaune d'\u0153uf et la cr\u00e8me pour former une masse homog\u00e8ne. Assaisonner \u00e0 la noix de muscade, saler et poivrer. Beurrer g\u00e9n\u00e9reusement des petits moules \u00e0 souffl\u00e9 ou des tasses. R\u00e9partir le m\u00e9lange dans les moules, couvrir d'aluminium et disposer dans un plat \u00e0 gratin. Y verser de l'eau fr\u00e9missante jusqu'aux 2\/3 des moules. Faire cuire au four \u00e0 160\u00b0C pendant 45 minutes.\r\n\r\nPendant ce temps, \u00e9mincer les champignons. Hacher finement les \u00e9chalotes et l'ail. Faire chauffer l'huile et faire revenir les champignons \u00e0 feu vif. Ajouter les \u00e9chalotes et l'ail et faire revenir bri\u00e8vement. Ajouter le Mad\u00e8re puis le bouillon et laisser mijoter 5-10 minutes. Couper les tomates cerises en 2 et les ajouter aux champignons, faire revenir \u00e0 feu vif et rectifier l'assaisonnement. Couper la ciboulette en b\u00e2tonnets et parsemer sur le m\u00e9lange. D\u00e9mouler les souffl\u00e9s sur une assiette et servir avec le rago\u00fbt de champignons.\r\n\r\nSuggestion d'accompagnement: riz","recipe_images":[54246]},"_links":{"self":[{"href":"https:\/\/www.emmentaler.ch\/fr\/wp-json\/wp\/v2\/recipes\/32018"}],"collection":[{"href":"https:\/\/www.emmentaler.ch\/fr\/wp-json\/wp\/v2\/recipes"}],"about":[{"href":"https:\/\/www.emmentaler.ch\/fr\/wp-json\/wp\/v2\/types\/recipes"}],"author":[{"embeddable":true,"href":"https:\/\/www.emmentaler.ch\/fr\/wp-json\/wp\/v2\/users\/2"}],"version-history":[{"count":0,"href":"https:\/\/www.emmentaler.ch\/fr\/wp-json\/wp\/v2\/recipes\/32018\/revisions"}],"acf:attachment":[{"embeddable":true,"href":"https:\/\/www.emmentaler.ch\/fr\/wp-json\/wp\/v2\/media\/54246"}],"acf:term":[{"embeddable":true,"taxonomy":"recipe_main_ingredient","href":"https:\/\/www.emmentaler.ch\/fr\/wp-json\/wp\/v2\/recipe_main_ingredient\/604"},{"embeddable":true,"taxonomy":"recipe_diet_type","href":"https:\/\/www.emmentaler.ch\/fr\/wp-json\/wp\/v2\/recipe_diet_type\/572"},{"embeddable":true,"taxonomy":"recipe_diet_type","href":"https:\/\/www.emmentaler.ch\/fr\/wp-json\/wp\/v2\/recipe_diet_type\/564"},{"embeddable":true,"taxonomy":"recipe_difficulty","href":"https:\/\/www.emmentaler.ch\/fr\/wp-json\/wp\/v2\/recipe_difficulty\/580"},{"embeddable":true,"taxonomy":"recipe_categories","href":"https:\/\/www.emmentaler.ch\/fr\/wp-json\/wp\/v2\/recipe_categories\/617"},{"embeddable":true,"taxonomy":"recipe_preparation_time","href":"https:\/\/www.emmentaler.ch\/fr\/wp-json\/wp\/v2\/recipe_preparation_time\/302"}],"acf:post":[{"embeddable":true,"href":"https:\/\/www.emmentaler.ch\/fr\/wp-json\/wp\/v2\/pages\/64320"}],"wp:featuredmedia":[{"embeddable":true,"href":"https:\/\/www.emmentaler.ch\/fr\/wp-json\/wp\/v2\/media\/32039"}],"wp:attachment":[{"href":"https:\/\/www.emmentaler.ch\/fr\/wp-json\/wp\/v2\/media?parent=32018"}],"wp:term":[{"taxonomy":"post_tag","embeddable":true,"href":"https:\/\/www.emmentaler.ch\/fr\/wp-json\/wp\/v2\/tags?post=32018"},{"taxonomy":"recipe_categories","embeddable":true,"href":"https:\/\/www.emmentaler.ch\/fr\/wp-json\/wp\/v2\/recipe_categories?post=32018"},{"taxonomy":"et_countries","embeddable":true,"href":"https:\/\/www.emmentaler.ch\/fr\/wp-json\/wp\/v2\/et_countries?post=32018"},{"taxonomy":"recipe_main_ingredient","embeddable":true,"href":"https:\/\/www.emmentaler.ch\/fr\/wp-json\/wp\/v2\/recipe_main_ingredient?post=32018"},{"taxonomy":"recipe_difficulty","embeddable":true,"href":"https:\/\/www.emmentaler.ch\/fr\/wp-json\/wp\/v2\/recipe_difficulty?post=32018"},{"taxonomy":"recipe_preparation_time","embeddable":true,"href":"https:\/\/www.emmentaler.ch\/fr\/wp-json\/wp\/v2\/recipe_preparation_time?post=32018"},{"taxonomy":"recipe_diet_type","embeddable":true,"href":"https:\/\/www.emmentaler.ch\/fr\/wp-json\/wp\/v2\/recipe_diet_type?post=32018"},{"taxonomy":"recipe_saison","embeddable":true,"href":"https:\/\/www.emmentaler.ch\/fr\/wp-json\/wp\/v2\/recipe_saison?post=32018"}],"curies":[{"name":"wp","href":"https:\/\/api.w.org\/{rel}","templated":true}]}}

Flan à l&rsquo;Emmentaler avec ragoût de champignons

200 g d'Emmentaler salé AOP
4 œufs
1 jaune d'œuf
2 dl de crème
noix de muscade
Sel, poivre
Beurre pour le moule
750 g de champignons mélangés, p. ex. champignons de Paris, pleurotes du panicaut, chanterelles
2 échalotes
1 gousse d'ail
2 c. à s. d'huile d'olive
3 c. à s. de Madère
1 dl de bouillon
250 g de tomates cerises
1 botte de ciboulette

Râper finement l'Emmentaler AOP. Mélanger le fromage, les œufs, le jaune d'œuf et la crème pour former une masse homogène. Assaisonner à la noix de muscade, saler et poivrer. Beurrer généreusement des petits moules à soufflé ou des tasses. Répartir le mélange dans les moules, couvrir d'aluminium et disposer dans un plat à gratin. Y verser de l'eau frémissante jusqu'aux 2/3 des moules. Faire cuire au four à 160°C pendant 45 minutes.

Pendant ce temps, émincer les champignons. Hacher finement les échalotes et l'ail. Faire chauffer l'huile et faire revenir les champignons à feu vif. Ajouter les échalotes et l'ail et faire revenir brièvement. Ajouter le Madère puis le bouillon et laisser mijoter 5-10 minutes. Couper les tomates cerises en 2 et les ajouter aux champignons, faire revenir à feu vif et rectifier l'assaisonnement. Couper la ciboulette en bâtonnets et parsemer sur le mélange. Démouler les soufflés sur une assiette et servir avec le ragoût de champignons.

Suggestion d'accompagnement: riz
