{"id":32049,"date":"2022-04-27T13:35:41","date_gmt":"2022-04-27T11:35:41","guid":{"rendered":"https:\/\/www.emmentaler.ch\/rezept\/quenelles-demmentaler"},"modified":"2024-07-25T18:02:55","modified_gmt":"2024-07-25T16:02:55","slug":"quenelles-demmentaler","status":"publish","type":"recipes","link":"https:\/\/www.emmentaler.ch\/fr\/recettes\/quenelles-demmentaler","title":{"rendered":"Quenelles d&rsquo;Emmentaler"},"author":2,"featured_media":54277,"menu_order":0,"template":"","meta":{"inline_featured_image":false},"tags":[802],"recipe_categories":[617],"et_countries":[],"recipe_main_ingredient":[604],"recipe_difficulty":[575],"recipe_preparation_time":[625],"recipe_diet_type":[567,572],"recipe_saison":[559],"acf":{"recipe_preparation_time":625,"recipe_categories":617,"recipe_time_txt":"","recipe_type":63916,"recipe_difficulty":575,"recipe_diet_type":[567,572],"recipe_main_ingredient":[604],"recipe_saison":[559],"recipe_count_portions":4,"recipe_ingedients":[{"recipe_ingedients_amount":"","recipe_ingedients_unit":"g","recipe_ingedients_product":""}],"temporare_zutaten":"500 g de blette\r\n3 tomates\r\n12 tomates s\u00e9ch\u00e9es marin\u00e9es dans l'huile\r\n1 oignon\r\n150 g d'Emmentaler AOP\r\n1 c. \u00e0 s. de beurre \u00e0 r\u00f4tir\r\n500 g de kn\u00f6pfli\r\n2 c. \u00e0 s. d'huile\r\nSel, poivre","recipe_preparation":"Couper les tiges et les feuilles de blette s\u00e9par\u00e9ment en lani\u00e8res d'1 cm de largeur. Couper les tomates en d\u00e9s et les tomates s\u00e9ch\u00e9es en lani\u00e8res. Hacher finement l'oignon. Couper l'Emmentaler AOP en copeaux \u00e0 l'aide d'un \u00e9conome.\r\n\r\nFaire chauffer le beurre \u00e0 r\u00f4tir dans une po\u00eale et y faire revenir les kn\u00f6pfli 4-5 minutes puis r\u00e9server. Faire chauffer l'huile dans la po\u00eale et y faire revenir les tiges de blette et l'oignon 5 minutes. Ajouter les feuilles de blette, les tomates et les tomates s\u00e9ch\u00e9es et faire revenir 3 minutes \u00e0 feu vif, saler et poivrer.\r\n\r\nAjouter les kn\u00f6pfli et m\u00e9langer, r\u00e9chauffer bri\u00e8vement, servir et ajouter les copeaux de fromage.","recipe_images":[21089]},"_links":{"self":[{"href":"https:\/\/www.emmentaler.ch\/fr\/wp-json\/wp\/v2\/recipes\/32049"}],"collection":[{"href":"https:\/\/www.emmentaler.ch\/fr\/wp-json\/wp\/v2\/recipes"}],"about":[{"href":"https:\/\/www.emmentaler.ch\/fr\/wp-json\/wp\/v2\/types\/recipes"}],"author":[{"embeddable":true,"href":"https:\/\/www.emmentaler.ch\/fr\/wp-json\/wp\/v2\/users\/2"}],"version-history":[{"count":1,"href":"https:\/\/www.emmentaler.ch\/fr\/wp-json\/wp\/v2\/recipes\/32049\/revisions"}],"predecessor-version":[{"id":138003,"href":"https:\/\/www.emmentaler.ch\/fr\/wp-json\/wp\/v2\/recipes\/32049\/revisions\/138003"}],"acf:attachment":[{"embeddable":true,"href":"https:\/\/www.emmentaler.ch\/fr\/wp-json\/wp\/v2\/media\/21089"}],"acf:term":[{"embeddable":true,"taxonomy":"recipe_saison","href":"https:\/\/www.emmentaler.ch\/fr\/wp-json\/wp\/v2\/recipe_saison\/559"},{"embeddable":true,"taxonomy":"recipe_main_ingredient","href":"https:\/\/www.emmentaler.ch\/fr\/wp-json\/wp\/v2\/recipe_main_ingredient\/604"},{"embeddable":true,"taxonomy":"recipe_diet_type","href":"https:\/\/www.emmentaler.ch\/fr\/wp-json\/wp\/v2\/recipe_diet_type\/572"},{"embeddable":true,"taxonomy":"recipe_diet_type","href":"https:\/\/www.emmentaler.ch\/fr\/wp-json\/wp\/v2\/recipe_diet_type\/567"},{"embeddable":true,"taxonomy":"recipe_difficulty","href":"https:\/\/www.emmentaler.ch\/fr\/wp-json\/wp\/v2\/recipe_difficulty\/575"},{"embeddable":true,"taxonomy":"recipe_categories","href":"https:\/\/www.emmentaler.ch\/fr\/wp-json\/wp\/v2\/recipe_categories\/617"},{"embeddable":true,"taxonomy":"recipe_preparation_time","href":"https:\/\/www.emmentaler.ch\/fr\/wp-json\/wp\/v2\/recipe_preparation_time\/625"}],"acf:post":[{"embeddable":true,"href":"https:\/\/www.emmentaler.ch\/fr\/wp-json\/wp\/v2\/pages\/63916"}],"wp:featuredmedia":[{"embeddable":true,"href":"https:\/\/www.emmentaler.ch\/fr\/wp-json\/wp\/v2\/media\/54277"}],"wp:attachment":[{"href":"https:\/\/www.emmentaler.ch\/fr\/wp-json\/wp\/v2\/media?parent=32049"}],"wp:term":[{"taxonomy":"post_tag","embeddable":true,"href":"https:\/\/www.emmentaler.ch\/fr\/wp-json\/wp\/v2\/tags?post=32049"},{"taxonomy":"recipe_categories","embeddable":true,"href":"https:\/\/www.emmentaler.ch\/fr\/wp-json\/wp\/v2\/recipe_categories?post=32049"},{"taxonomy":"et_countries","embeddable":true,"href":"https:\/\/www.emmentaler.ch\/fr\/wp-json\/wp\/v2\/et_countries?post=32049"},{"taxonomy":"recipe_main_ingredient","embeddable":true,"href":"https:\/\/www.emmentaler.ch\/fr\/wp-json\/wp\/v2\/recipe_main_ingredient?post=32049"},{"taxonomy":"recipe_difficulty","embeddable":true,"href":"https:\/\/www.emmentaler.ch\/fr\/wp-json\/wp\/v2\/recipe_difficulty?post=32049"},{"taxonomy":"recipe_preparation_time","embeddable":true,"href":"https:\/\/www.emmentaler.ch\/fr\/wp-json\/wp\/v2\/recipe_preparation_time?post=32049"},{"taxonomy":"recipe_diet_type","embeddable":true,"href":"https:\/\/www.emmentaler.ch\/fr\/wp-json\/wp\/v2\/recipe_diet_type?post=32049"},{"taxonomy":"recipe_saison","embeddable":true,"href":"https:\/\/www.emmentaler.ch\/fr\/wp-json\/wp\/v2\/recipe_saison?post=32049"}],"curies":[{"name":"wp","href":"https:\/\/api.w.org\/{rel}","templated":true}]}}

500 g de blette
3 tomates
12 tomates séchées marinées dans l'huile
1 oignon
150 g d'Emmentaler AOP
1 c. à s. de beurre à rôtir
500 g de knöpfli
2 c. à s. d'huile
Sel, poivre

Couper les tiges et les feuilles de blette séparément en lanières d'1 cm de largeur. Couper les tomates en dés et les tomates séchées en lanières. Hacher finement l'oignon. Couper l'Emmentaler AOP en copeaux à l'aide d'un économe.

Faire chauffer le beurre à rôtir dans une poêle et y faire revenir les knöpfli 4-5 minutes puis réserver. Faire chauffer l'huile dans la poêle et y faire revenir les tiges de blette et l'oignon 5 minutes. Ajouter les feuilles de blette, les tomates et les tomates séchées et faire revenir 3 minutes à feu vif, saler et poivrer.

Ajouter les knöpfli et mélanger, réchauffer brièvement, servir et ajouter les copeaux de fromage.
