{"id":32111,"date":"2022-04-27T13:35:41","date_gmt":"2022-04-27T11:35:41","guid":{"rendered":"https:\/\/www.emmentaler.ch\/rezept\/petits-pains-au-persil-et-a-lemmentaler"},"modified":"2022-06-27T14:08:00","modified_gmt":"2022-06-27T12:08:00","slug":"petits-pains-au-persil-et-a-lemmentaler","status":"publish","type":"recipes","link":"https:\/\/www.emmentaler.ch\/fr\/recettes\/petits-pains-au-persil-et-a-lemmentaler","title":{"rendered":"Petits pains au persil et \u00e0 l&rsquo;Emmentaler"},"author":2,"featured_media":32132,"menu_order":0,"template":"","meta":{"inline_featured_image":false},"tags":[],"recipe_categories":[606],"et_countries":[],"recipe_main_ingredient":[],"recipe_difficulty":[583],"recipe_preparation_time":[304],"recipe_diet_type":[567,572],"recipe_saison":[527,559],"acf":{"recipe_preparation_time":304,"recipe_categories":606,"recipe_time_txt":"30 minutes plus 60 minutes de repos plus 25 minutes de cuisson","recipe_type":64320,"recipe_difficulty":583,"recipe_diet_type":[567,572],"recipe_main_ingredient":false,"recipe_saison":[527,559],"recipe_count_portions":9,"recipe_ingedients":[{"recipe_ingedients_amount":"","recipe_ingedients_unit":"g","recipe_ingedients_product":""}],"temporare_zutaten":"200 g d'Emmentaler AOP\r\n50 g de tomates s\u00e9ch\u00e9es marin\u00e9es dans l'huile\r\n1 gros bouquet de persil plat\r\n500 g de farine bise\r\n2 c. \u00e0 c. de sell\r\n2 c. \u00e0 s. d'huile des tomates marin\u00e9es\r\n20 g de levure\r\n3 dl d'eau ti\u00e8de","recipe_preparation":"Couper l'Emmentaler AOP et les tomates en d\u00e9s de 5 mm. Hacher finement le persil. M\u00e9langer la farine et le sel dans un saladier. Ajouter l'huile. Diluer la levure dans l'eau, la verser dans le saladier et malaxer pour obtenir une p\u00e2te souple.\r\n\r\nIncorporer l'Emmentaler AOP, les tomates et le persil \u00e0 la p\u00e2te. Couvrir le saladier avec un torchon humide. Faire lever la p\u00e2te pendant 1 heure dans un endroit o\u00f9 la temp\u00e9rature est \u00e9lev\u00e9e, la p\u00e2te doit doubler de volume.\r\n\r\nFormer 8-10 petits pains avec la p\u00e2te, les poser sur une plaque couverte d'un papier sulfuris\u00e9 et les laisser lever encore 10 minutes.\r\n\r\nFaire une entaille en croix dans les pains et les faire cuire 10 minutes \u00e0 220\u00b0C au milieu du four. Baisser la temp\u00e9rature \u00e0 200\u00b0C et faire cuire encore 25 minutes. Laisser refroidir et servir, avec une soupe par exemple.","recipe_images":[32122]},"_links":{"self":[{"href":"https:\/\/www.emmentaler.ch\/fr\/wp-json\/wp\/v2\/recipes\/32111"}],"collection":[{"href":"https:\/\/www.emmentaler.ch\/fr\/wp-json\/wp\/v2\/recipes"}],"about":[{"href":"https:\/\/www.emmentaler.ch\/fr\/wp-json\/wp\/v2\/types\/recipes"}],"author":[{"embeddable":true,"href":"https:\/\/www.emmentaler.ch\/fr\/wp-json\/wp\/v2\/users\/2"}],"version-history":[{"count":0,"href":"https:\/\/www.emmentaler.ch\/fr\/wp-json\/wp\/v2\/recipes\/32111\/revisions"}],"acf:attachment":[{"embeddable":true,"href":"https:\/\/www.emmentaler.ch\/fr\/wp-json\/wp\/v2\/media\/32122"}],"acf:term":[{"embeddable":true,"taxonomy":"recipe_saison","href":"https:\/\/www.emmentaler.ch\/fr\/wp-json\/wp\/v2\/recipe_saison\/559"},{"embeddable":true,"taxonomy":"recipe_saison","href":"https:\/\/www.emmentaler.ch\/fr\/wp-json\/wp\/v2\/recipe_saison\/527"},{"embeddable":true,"taxonomy":"recipe_diet_type","href":"https:\/\/www.emmentaler.ch\/fr\/wp-json\/wp\/v2\/recipe_diet_type\/572"},{"embeddable":true,"taxonomy":"recipe_diet_type","href":"https:\/\/www.emmentaler.ch\/fr\/wp-json\/wp\/v2\/recipe_diet_type\/567"},{"embeddable":true,"taxonomy":"recipe_difficulty","href":"https:\/\/www.emmentaler.ch\/fr\/wp-json\/wp\/v2\/recipe_difficulty\/583"},{"embeddable":true,"taxonomy":"recipe_categories","href":"https:\/\/www.emmentaler.ch\/fr\/wp-json\/wp\/v2\/recipe_categories\/606"},{"embeddable":true,"taxonomy":"recipe_preparation_time","href":"https:\/\/www.emmentaler.ch\/fr\/wp-json\/wp\/v2\/recipe_preparation_time\/304"}],"acf:post":[{"embeddable":true,"href":"https:\/\/www.emmentaler.ch\/fr\/wp-json\/wp\/v2\/pages\/64320"}],"wp:featuredmedia":[{"embeddable":true,"href":"https:\/\/www.emmentaler.ch\/fr\/wp-json\/wp\/v2\/media\/32132"}],"wp:attachment":[{"href":"https:\/\/www.emmentaler.ch\/fr\/wp-json\/wp\/v2\/media?parent=32111"}],"wp:term":[{"taxonomy":"post_tag","embeddable":true,"href":"https:\/\/www.emmentaler.ch\/fr\/wp-json\/wp\/v2\/tags?post=32111"},{"taxonomy":"recipe_categories","embeddable":true,"href":"https:\/\/www.emmentaler.ch\/fr\/wp-json\/wp\/v2\/recipe_categories?post=32111"},{"taxonomy":"et_countries","embeddable":true,"href":"https:\/\/www.emmentaler.ch\/fr\/wp-json\/wp\/v2\/et_countries?post=32111"},{"taxonomy":"recipe_main_ingredient","embeddable":true,"href":"https:\/\/www.emmentaler.ch\/fr\/wp-json\/wp\/v2\/recipe_main_ingredient?post=32111"},{"taxonomy":"recipe_difficulty","embeddable":true,"href":"https:\/\/www.emmentaler.ch\/fr\/wp-json\/wp\/v2\/recipe_difficulty?post=32111"},{"taxonomy":"recipe_preparation_time","embeddable":true,"href":"https:\/\/www.emmentaler.ch\/fr\/wp-json\/wp\/v2\/recipe_preparation_time?post=32111"},{"taxonomy":"recipe_diet_type","embeddable":true,"href":"https:\/\/www.emmentaler.ch\/fr\/wp-json\/wp\/v2\/recipe_diet_type?post=32111"},{"taxonomy":"recipe_saison","embeddable":true,"href":"https:\/\/www.emmentaler.ch\/fr\/wp-json\/wp\/v2\/recipe_saison?post=32111"}],"curies":[{"name":"wp","href":"https:\/\/api.w.org\/{rel}","templated":true}]}}

Petits pains au persil et à l&rsquo;Emmentaler

200 g d'Emmentaler AOP
50 g de tomates séchées marinées dans l'huile
1 gros bouquet de persil plat
500 g de farine bise
2 c. à c. de sell
2 c. à s. d'huile des tomates marinées
20 g de levure
3 dl d'eau tiède

Couper l'Emmentaler AOP et les tomates en dés de 5 mm. Hacher finement le persil. Mélanger la farine et le sel dans un saladier. Ajouter l'huile. Diluer la levure dans l'eau, la verser dans le saladier et malaxer pour obtenir une pâte souple.

Incorporer l'Emmentaler AOP, les tomates et le persil à la pâte. Couvrir le saladier avec un torchon humide. Faire lever la pâte pendant 1 heure dans un endroit où la température est élevée, la pâte doit doubler de volume.

Former 8-10 petits pains avec la pâte, les poser sur une plaque couverte d'un papier sulfurisé et les laisser lever encore 10 minutes.

Faire une entaille en croix dans les pains et les faire cuire 10 minutes à 220°C au milieu du four. Baisser la température à 200°C et faire cuire encore 25 minutes. Laisser refroidir et servir, avec une soupe par exemple.
