{"id":32372,"date":"2022-04-27T13:42:37","date_gmt":"2022-04-27T11:42:37","guid":{"rendered":"https:\/\/www.emmentaler.ch\/rezept\/risotto-au-four-aux-blancs-de-poulet"},"modified":"2022-06-24T15:21:04","modified_gmt":"2022-06-24T13:21:04","slug":"risotto-au-four-aux-blancs-de-poulet","status":"publish","type":"recipes","link":"https:\/\/www.emmentaler.ch\/fr\/recettes\/risotto-au-four-aux-blancs-de-poulet","title":{"rendered":"Risotto au four aux blancs de poulet"},"author":2,"featured_media":50373,"menu_order":0,"template":"","meta":{"inline_featured_image":false},"tags":[],"recipe_categories":[617],"et_countries":[],"recipe_main_ingredient":[599],"recipe_difficulty":[580],"recipe_preparation_time":[278],"recipe_diet_type":[564],"recipe_saison":[559],"acf":{"recipe_preparation_time":278,"recipe_categories":617,"recipe_time_txt":"15 minutes + 45 minutes au four","recipe_type":63916,"recipe_difficulty":580,"recipe_diet_type":[564],"recipe_main_ingredient":[599],"recipe_saison":[559],"recipe_count_portions":4,"recipe_ingedients":[{"recipe_ingedients_amount":"","recipe_ingedients_unit":"g","recipe_ingedients_product":""}],"temporare_zutaten":"4 branches de c\u00e9leri\r\n2 carottes\r\n1 citron bio\r\n250 g de riz \u00e0 risotto\r\n7 dl de bouillon chaud\r\n4 blancs de poulet, env. 500 g\r\nSel, poivre\r\n4 tranches de jambon cru, par ex. jambon de Parme\r\n0,5 dl de cr\u00e8me\r\n125 g d\u2019Emmentaler AOP\r\nEnv. 50 g de cresson","recipe_preparation":"Pr\u00e9chauffer le four \u00e0 160\u00b0C \u00e0 chaleur tournante.\r\n\r\nCouper les branches de c\u00e9leri en rondelles de 5 mm d\u2019\u00e9paisseur. Couper les carottes en petits d\u00e9s. R\u00e2per finement le zeste du citron, presser le jus. Verser le tout dans un plat \u00e0 gratin avec le riz et le bouillon et bien m\u00e9langer. Couvrir le plat d\u2019une feuille d\u2019aluminium et enfourner. \r\n\r\nSaler et poivrer l\u00e9g\u00e8rement les blancs de poulet avant de les enrouler avec les tranches de jambon cru. Disposer les papillotes de poulet sur une plaque recouverte de papier sulfuris\u00e9. Apr\u00e8s 30 minutes, mettre les filets de poulet dans le four avec le risotto et poursuivre la cuisson 15 minutes.\r\n\r\nCouper 2 \u00e0 3 tranches fines d\u2019Emmentaler AOP. D\u00e9couper des c\u0153urs \u00e0 l\u2019aide d\u2019un emporte-pi\u00e8ce. R\u00e2per finement le fromage restant. Incorporer le fromage r\u00e2p\u00e9 et la cr\u00e8me au risotto. R\u00e9partir le cresson sur le risotto, couper les blancs de poulet et d\u00e9corer avec les c\u0153urs d\u2019Emmentaler.","recipe_images":[32403,32408,32398]},"_links":{"self":[{"href":"https:\/\/www.emmentaler.ch\/fr\/wp-json\/wp\/v2\/recipes\/32372"}],"collection":[{"href":"https:\/\/www.emmentaler.ch\/fr\/wp-json\/wp\/v2\/recipes"}],"about":[{"href":"https:\/\/www.emmentaler.ch\/fr\/wp-json\/wp\/v2\/types\/recipes"}],"author":[{"embeddable":true,"href":"https:\/\/www.emmentaler.ch\/fr\/wp-json\/wp\/v2\/users\/2"}],"version-history":[{"count":0,"href":"https:\/\/www.emmentaler.ch\/fr\/wp-json\/wp\/v2\/recipes\/32372\/revisions"}],"acf:attachment":[{"embeddable":true,"href":"https:\/\/www.emmentaler.ch\/fr\/wp-json\/wp\/v2\/media\/32398"},{"embeddable":true,"href":"https:\/\/www.emmentaler.ch\/fr\/wp-json\/wp\/v2\/media\/32408"},{"embeddable":true,"href":"https:\/\/www.emmentaler.ch\/fr\/wp-json\/wp\/v2\/media\/32403"}],"acf:term":[{"embeddable":true,"taxonomy":"recipe_saison","href":"https:\/\/www.emmentaler.ch\/fr\/wp-json\/wp\/v2\/recipe_saison\/559"},{"embeddable":true,"taxonomy":"recipe_main_ingredient","href":"https:\/\/www.emmentaler.ch\/fr\/wp-json\/wp\/v2\/recipe_main_ingredient\/599"},{"embeddable":true,"taxonomy":"recipe_diet_type","href":"https:\/\/www.emmentaler.ch\/fr\/wp-json\/wp\/v2\/recipe_diet_type\/564"},{"embeddable":true,"taxonomy":"recipe_difficulty","href":"https:\/\/www.emmentaler.ch\/fr\/wp-json\/wp\/v2\/recipe_difficulty\/580"},{"embeddable":true,"taxonomy":"recipe_categories","href":"https:\/\/www.emmentaler.ch\/fr\/wp-json\/wp\/v2\/recipe_categories\/617"},{"embeddable":true,"taxonomy":"recipe_preparation_time","href":"https:\/\/www.emmentaler.ch\/fr\/wp-json\/wp\/v2\/recipe_preparation_time\/278"}],"acf:post":[{"embeddable":true,"href":"https:\/\/www.emmentaler.ch\/fr\/wp-json\/wp\/v2\/pages\/63916"}],"wp:featuredmedia":[{"embeddable":true,"href":"https:\/\/www.emmentaler.ch\/fr\/wp-json\/wp\/v2\/media\/50373"}],"wp:attachment":[{"href":"https:\/\/www.emmentaler.ch\/fr\/wp-json\/wp\/v2\/media?parent=32372"}],"wp:term":[{"taxonomy":"post_tag","embeddable":true,"href":"https:\/\/www.emmentaler.ch\/fr\/wp-json\/wp\/v2\/tags?post=32372"},{"taxonomy":"recipe_categories","embeddable":true,"href":"https:\/\/www.emmentaler.ch\/fr\/wp-json\/wp\/v2\/recipe_categories?post=32372"},{"taxonomy":"et_countries","embeddable":true,"href":"https:\/\/www.emmentaler.ch\/fr\/wp-json\/wp\/v2\/et_countries?post=32372"},{"taxonomy":"recipe_main_ingredient","embeddable":true,"href":"https:\/\/www.emmentaler.ch\/fr\/wp-json\/wp\/v2\/recipe_main_ingredient?post=32372"},{"taxonomy":"recipe_difficulty","embeddable":true,"href":"https:\/\/www.emmentaler.ch\/fr\/wp-json\/wp\/v2\/recipe_difficulty?post=32372"},{"taxonomy":"recipe_preparation_time","embeddable":true,"href":"https:\/\/www.emmentaler.ch\/fr\/wp-json\/wp\/v2\/recipe_preparation_time?post=32372"},{"taxonomy":"recipe_diet_type","embeddable":true,"href":"https:\/\/www.emmentaler.ch\/fr\/wp-json\/wp\/v2\/recipe_diet_type?post=32372"},{"taxonomy":"recipe_saison","embeddable":true,"href":"https:\/\/www.emmentaler.ch\/fr\/wp-json\/wp\/v2\/recipe_saison?post=32372"}],"curies":[{"name":"wp","href":"https:\/\/api.w.org\/{rel}","templated":true}]}}

4 branches de céleri
2 carottes
1 citron bio
250 g de riz à risotto
7 dl de bouillon chaud
4 blancs de poulet, env. 500 g
Sel, poivre
4 tranches de jambon cru, par ex. jambon de Parme
0,5 dl de crème
125 g d’Emmentaler AOP
Env. 50 g de cresson

Préchauffer le four à 160°C à chaleur tournante.

Couper les branches de céleri en rondelles de 5 mm d’épaisseur. Couper les carottes en petits dés. Râper finement le zeste du citron, presser le jus. Verser le tout dans un plat à gratin avec le riz et le bouillon et bien mélanger. Couvrir le plat d’une feuille d’aluminium et enfourner. 

Saler et poivrer légèrement les blancs de poulet avant de les enrouler avec les tranches de jambon cru. Disposer les papillotes de poulet sur une plaque recouverte de papier sulfurisé. Après 30 minutes, mettre les filets de poulet dans le four avec le risotto et poursuivre la cuisson 15 minutes.

Couper 2 à 3 tranches fines d’Emmentaler AOP. Découper des cœurs à l’aide d’un emporte-pièce. Râper finement le fromage restant. Incorporer le fromage râpé et la crème au risotto. Répartir le cresson sur le risotto, couper les blancs de poulet et décorer avec les cœurs d’Emmentaler.
