{"id":32494,"date":"2022-04-27T13:42:37","date_gmt":"2022-04-27T11:42:37","guid":{"rendered":"https:\/\/www.emmentaler.ch\/rezept\/salade-de-quinoa-aux-framboises"},"modified":"2024-07-25T17:33:14","modified_gmt":"2024-07-25T15:33:14","slug":"salade-de-quinoa-aux-framboises","status":"publish","type":"recipes","link":"https:\/\/www.emmentaler.ch\/fr\/recettes\/salade-de-quinoa-aux-framboises","title":{"rendered":"Salade de quinoa aux framboises"},"author":2,"featured_media":50559,"menu_order":0,"template":"","meta":{"inline_featured_image":false},"tags":[802],"recipe_categories":[617],"et_countries":[],"recipe_main_ingredient":[596],"recipe_difficulty":[575],"recipe_preparation_time":[280],"recipe_diet_type":[564,572],"recipe_saison":[540,535,548,527],"acf":{"recipe_preparation_time":280,"recipe_categories":617,"recipe_time_txt":"","recipe_type":64281,"recipe_difficulty":575,"recipe_diet_type":[564,572],"recipe_main_ingredient":[596],"recipe_saison":[527,535,540,548],"recipe_count_portions":4,"recipe_ingedients":[{"recipe_ingedients_amount":"","recipe_ingedients_unit":"g","recipe_ingedients_product":""}],"temporare_zutaten":"250 g de quinoa\r\n5 dl de bouillon de l\u00e9gumes\r\n4 CS d\u2019huile de colza\r\n3 CS de vinaigre de pomme\r\n2 CS de jus de citron\r\n1 CC de moutarde\r\n100 g de yaourt\r\nSel, poivre\r\n250 g d\u2019Emmentaler AOP jeune\r\n4-5 branches de c\u00e9leri avec le vert\r\n1 CC de baies roses\r\n125 g de framboises","recipe_preparation":"Verser le quinoa dans une passoire, rincer sous l\u2019eau froide. Porter \u00e0 \u00e9bullition avec le bouillon de l\u00e9gumes et laisser mijoter 15 minutes. Laisser gonfler et refroidir le quinoa.\r\n\r\nPour la sauce, m\u00e9langer l\u2019huile de colza, le vinaigre de pomme, le jus de citron, la moutarde et le yaourt, saler et poivrer. Couper l\u2019Emmentaler AOP en petits d\u00e9s. Couper les branches de c\u00e9leri en fines rondelles. Ecraser l\u00e9g\u00e8rement les baies rouges. Verser le tout dans la sauce avec le quinoa et bien m\u00e9langer. R\u00e9partir les framboises sur la salade.\r\n\r\nCette salade est facile \u00e0 transporter.","recipe_images":[25172,25167,25162]},"_links":{"self":[{"href":"https:\/\/www.emmentaler.ch\/fr\/wp-json\/wp\/v2\/recipes\/32494"}],"collection":[{"href":"https:\/\/www.emmentaler.ch\/fr\/wp-json\/wp\/v2\/recipes"}],"about":[{"href":"https:\/\/www.emmentaler.ch\/fr\/wp-json\/wp\/v2\/types\/recipes"}],"author":[{"embeddable":true,"href":"https:\/\/www.emmentaler.ch\/fr\/wp-json\/wp\/v2\/users\/2"}],"version-history":[{"count":1,"href":"https:\/\/www.emmentaler.ch\/fr\/wp-json\/wp\/v2\/recipes\/32494\/revisions"}],"predecessor-version":[{"id":137908,"href":"https:\/\/www.emmentaler.ch\/fr\/wp-json\/wp\/v2\/recipes\/32494\/revisions\/137908"}],"acf:attachment":[{"embeddable":true,"href":"https:\/\/www.emmentaler.ch\/fr\/wp-json\/wp\/v2\/media\/25162"},{"embeddable":true,"href":"https:\/\/www.emmentaler.ch\/fr\/wp-json\/wp\/v2\/media\/25167"},{"embeddable":true,"href":"https:\/\/www.emmentaler.ch\/fr\/wp-json\/wp\/v2\/media\/25172"}],"acf:term":[{"embeddable":true,"taxonomy":"recipe_saison","href":"https:\/\/www.emmentaler.ch\/fr\/wp-json\/wp\/v2\/recipe_saison\/548"},{"embeddable":true,"taxonomy":"recipe_saison","href":"https:\/\/www.emmentaler.ch\/fr\/wp-json\/wp\/v2\/recipe_saison\/540"},{"embeddable":true,"taxonomy":"recipe_saison","href":"https:\/\/www.emmentaler.ch\/fr\/wp-json\/wp\/v2\/recipe_saison\/535"},{"embeddable":true,"taxonomy":"recipe_saison","href":"https:\/\/www.emmentaler.ch\/fr\/wp-json\/wp\/v2\/recipe_saison\/527"},{"embeddable":true,"taxonomy":"recipe_main_ingredient","href":"https:\/\/www.emmentaler.ch\/fr\/wp-json\/wp\/v2\/recipe_main_ingredient\/596"},{"embeddable":true,"taxonomy":"recipe_diet_type","href":"https:\/\/www.emmentaler.ch\/fr\/wp-json\/wp\/v2\/recipe_diet_type\/572"},{"embeddable":true,"taxonomy":"recipe_diet_type","href":"https:\/\/www.emmentaler.ch\/fr\/wp-json\/wp\/v2\/recipe_diet_type\/564"},{"embeddable":true,"taxonomy":"recipe_difficulty","href":"https:\/\/www.emmentaler.ch\/fr\/wp-json\/wp\/v2\/recipe_difficulty\/575"},{"embeddable":true,"taxonomy":"recipe_categories","href":"https:\/\/www.emmentaler.ch\/fr\/wp-json\/wp\/v2\/recipe_categories\/617"},{"embeddable":true,"taxonomy":"recipe_preparation_time","href":"https:\/\/www.emmentaler.ch\/fr\/wp-json\/wp\/v2\/recipe_preparation_time\/280"}],"acf:post":[{"embeddable":true,"href":"https:\/\/www.emmentaler.ch\/fr\/wp-json\/wp\/v2\/pages\/64281"}],"wp:featuredmedia":[{"embeddable":true,"href":"https:\/\/www.emmentaler.ch\/fr\/wp-json\/wp\/v2\/media\/50559"}],"wp:attachment":[{"href":"https:\/\/www.emmentaler.ch\/fr\/wp-json\/wp\/v2\/media?parent=32494"}],"wp:term":[{"taxonomy":"post_tag","embeddable":true,"href":"https:\/\/www.emmentaler.ch\/fr\/wp-json\/wp\/v2\/tags?post=32494"},{"taxonomy":"recipe_categories","embeddable":true,"href":"https:\/\/www.emmentaler.ch\/fr\/wp-json\/wp\/v2\/recipe_categories?post=32494"},{"taxonomy":"et_countries","embeddable":true,"href":"https:\/\/www.emmentaler.ch\/fr\/wp-json\/wp\/v2\/et_countries?post=32494"},{"taxonomy":"recipe_main_ingredient","embeddable":true,"href":"https:\/\/www.emmentaler.ch\/fr\/wp-json\/wp\/v2\/recipe_main_ingredient?post=32494"},{"taxonomy":"recipe_difficulty","embeddable":true,"href":"https:\/\/www.emmentaler.ch\/fr\/wp-json\/wp\/v2\/recipe_difficulty?post=32494"},{"taxonomy":"recipe_preparation_time","embeddable":true,"href":"https:\/\/www.emmentaler.ch\/fr\/wp-json\/wp\/v2\/recipe_preparation_time?post=32494"},{"taxonomy":"recipe_diet_type","embeddable":true,"href":"https:\/\/www.emmentaler.ch\/fr\/wp-json\/wp\/v2\/recipe_diet_type?post=32494"},{"taxonomy":"recipe_saison","embeddable":true,"href":"https:\/\/www.emmentaler.ch\/fr\/wp-json\/wp\/v2\/recipe_saison?post=32494"}],"curies":[{"name":"wp","href":"https:\/\/api.w.org\/{rel}","templated":true}]}}

250 g de quinoa
5 dl de bouillon de légumes
4 CS d’huile de colza
3 CS de vinaigre de pomme
2 CS de jus de citron
1 CC de moutarde
100 g de yaourt
Sel, poivre
250 g d’Emmentaler AOP jeune
4-5 branches de céleri avec le vert
1 CC de baies roses
125 g de framboises

Verser le quinoa dans une passoire, rincer sous l’eau froide. Porter à ébullition avec le bouillon de légumes et laisser mijoter 15 minutes. Laisser gonfler et refroidir le quinoa.

Pour la sauce, mélanger l’huile de colza, le vinaigre de pomme, le jus de citron, la moutarde et le yaourt, saler et poivrer. Couper l’Emmentaler AOP en petits dés. Couper les branches de céleri en fines rondelles. Ecraser légèrement les baies rouges. Verser le tout dans la sauce avec le quinoa et bien mélanger. Répartir les framboises sur la salade.

Cette salade est facile à transporter.
