{"id":32677,"date":"2022-04-27T13:42:37","date_gmt":"2022-04-27T11:42:37","guid":{"rendered":"https:\/\/www.emmentaler.ch\/rezept\/sandwich-facon-matthias"},"modified":"2024-07-25T18:12:18","modified_gmt":"2024-07-25T16:12:18","slug":"sandwich-facon-matthias","status":"publish","type":"recipes","link":"https:\/\/www.emmentaler.ch\/fr\/recettes\/sandwich-facon-matthias","title":{"rendered":"Sandwich fa\u00e7on Matthias"},"author":2,"featured_media":32708,"menu_order":0,"template":"","meta":{"inline_featured_image":false},"tags":[802],"recipe_categories":[606],"et_countries":[],"recipe_main_ingredient":[591],"recipe_difficulty":[575],"recipe_preparation_time":[280],"recipe_diet_type":[],"recipe_saison":[559],"acf":{"recipe_preparation_time":280,"recipe_categories":606,"recipe_time_txt":"","recipe_type":64281,"recipe_difficulty":575,"recipe_diet_type":false,"recipe_main_ingredient":[591],"recipe_saison":[559],"recipe_count_portions":4,"recipe_ingedients":[{"recipe_ingedients_amount":"","recipe_ingedients_unit":"g","recipe_ingedients_product":""}],"temporare_zutaten":"125 g de jambon\r\n175 g d\u2019Emmentaler AOP jeune\r\n1 \u00e0 2 carottes\r\n\u00bd concombre\r\n\u00bd bouquet de persil\r\n100 g de fromage blanc maigre\r\n1 \u00e0 2 CS de moutarde\r\nSel, poivre\r\n8 grandes tranches de pain\r\n8 grandes feuilles de salade","recipe_preparation":"Couper le jambon en lamelles. R\u00e2per l\u2019Emmentaler AOP, les carottes et le concombre \u00e0 l\u2019aide d\u2019une r\u00e2pe \u00e0 r\u00f6sti. Hacher finement le persil. Verser le tout dans un saladier avec le fromage blanc et la moutarde, saler et poivrer l\u00e9g\u00e8rement et bien m\u00e9langer.\r\n\r\nGarnir 4 tranches de pain avec une feuille de salade, r\u00e9partir la pr\u00e9paration sur les tranches. Recouvrir avec les 4 autres feuilles de salade et fermer avec les tranches de pain restantes.","recipe_images":[25340,25345]},"_links":{"self":[{"href":"https:\/\/www.emmentaler.ch\/fr\/wp-json\/wp\/v2\/recipes\/32677"}],"collection":[{"href":"https:\/\/www.emmentaler.ch\/fr\/wp-json\/wp\/v2\/recipes"}],"about":[{"href":"https:\/\/www.emmentaler.ch\/fr\/wp-json\/wp\/v2\/types\/recipes"}],"author":[{"embeddable":true,"href":"https:\/\/www.emmentaler.ch\/fr\/wp-json\/wp\/v2\/users\/2"}],"version-history":[{"count":1,"href":"https:\/\/www.emmentaler.ch\/fr\/wp-json\/wp\/v2\/recipes\/32677\/revisions"}],"predecessor-version":[{"id":138032,"href":"https:\/\/www.emmentaler.ch\/fr\/wp-json\/wp\/v2\/recipes\/32677\/revisions\/138032"}],"acf:attachment":[{"embeddable":true,"href":"https:\/\/www.emmentaler.ch\/fr\/wp-json\/wp\/v2\/media\/25345"},{"embeddable":true,"href":"https:\/\/www.emmentaler.ch\/fr\/wp-json\/wp\/v2\/media\/25340"}],"acf:term":[{"embeddable":true,"taxonomy":"recipe_saison","href":"https:\/\/www.emmentaler.ch\/fr\/wp-json\/wp\/v2\/recipe_saison\/559"},{"embeddable":true,"taxonomy":"recipe_main_ingredient","href":"https:\/\/www.emmentaler.ch\/fr\/wp-json\/wp\/v2\/recipe_main_ingredient\/591"},{"embeddable":true,"taxonomy":"recipe_difficulty","href":"https:\/\/www.emmentaler.ch\/fr\/wp-json\/wp\/v2\/recipe_difficulty\/575"},{"embeddable":true,"taxonomy":"recipe_categories","href":"https:\/\/www.emmentaler.ch\/fr\/wp-json\/wp\/v2\/recipe_categories\/606"},{"embeddable":true,"taxonomy":"recipe_preparation_time","href":"https:\/\/www.emmentaler.ch\/fr\/wp-json\/wp\/v2\/recipe_preparation_time\/280"}],"acf:post":[{"embeddable":true,"href":"https:\/\/www.emmentaler.ch\/fr\/wp-json\/wp\/v2\/pages\/64281"}],"wp:featuredmedia":[{"embeddable":true,"href":"https:\/\/www.emmentaler.ch\/fr\/wp-json\/wp\/v2\/media\/32708"}],"wp:attachment":[{"href":"https:\/\/www.emmentaler.ch\/fr\/wp-json\/wp\/v2\/media?parent=32677"}],"wp:term":[{"taxonomy":"post_tag","embeddable":true,"href":"https:\/\/www.emmentaler.ch\/fr\/wp-json\/wp\/v2\/tags?post=32677"},{"taxonomy":"recipe_categories","embeddable":true,"href":"https:\/\/www.emmentaler.ch\/fr\/wp-json\/wp\/v2\/recipe_categories?post=32677"},{"taxonomy":"et_countries","embeddable":true,"href":"https:\/\/www.emmentaler.ch\/fr\/wp-json\/wp\/v2\/et_countries?post=32677"},{"taxonomy":"recipe_main_ingredient","embeddable":true,"href":"https:\/\/www.emmentaler.ch\/fr\/wp-json\/wp\/v2\/recipe_main_ingredient?post=32677"},{"taxonomy":"recipe_difficulty","embeddable":true,"href":"https:\/\/www.emmentaler.ch\/fr\/wp-json\/wp\/v2\/recipe_difficulty?post=32677"},{"taxonomy":"recipe_preparation_time","embeddable":true,"href":"https:\/\/www.emmentaler.ch\/fr\/wp-json\/wp\/v2\/recipe_preparation_time?post=32677"},{"taxonomy":"recipe_diet_type","embeddable":true,"href":"https:\/\/www.emmentaler.ch\/fr\/wp-json\/wp\/v2\/recipe_diet_type?post=32677"},{"taxonomy":"recipe_saison","embeddable":true,"href":"https:\/\/www.emmentaler.ch\/fr\/wp-json\/wp\/v2\/recipe_saison?post=32677"}],"curies":[{"name":"wp","href":"https:\/\/api.w.org\/{rel}","templated":true}]}}

Sandwich façon Matthias

125 g de jambon
175 g d’Emmentaler AOP jeune
1 à 2 carottes
½ concombre
½ bouquet de persil
100 g de fromage blanc maigre
1 à 2 CS de moutarde
Sel, poivre
8 grandes tranches de pain
8 grandes feuilles de salade

Couper le jambon en lamelles. Râper l’Emmentaler AOP, les carottes et le concombre à l’aide d’une râpe à rösti. Hacher finement le persil. Verser le tout dans un saladier avec le fromage blanc et la moutarde, saler et poivrer légèrement et bien mélanger.

Garnir 4 tranches de pain avec une feuille de salade, répartir la préparation sur les tranches. Recouvrir avec les 4 autres feuilles de salade et fermer avec les tranches de pain restantes.
