{"id":32723,"date":"2022-04-27T13:42:37","date_gmt":"2022-04-27T11:42:37","guid":{"rendered":"https:\/\/www.emmentaler.ch\/rezept\/galettes-de-couscous-sauce-verte-et-salade-de-radis"},"modified":"2022-06-24T15:54:39","modified_gmt":"2022-06-24T13:54:39","slug":"galettes-de-couscous-sauce-verte-et-salade-de-radis","status":"publish","type":"recipes","link":"https:\/\/www.emmentaler.ch\/fr\/recettes\/galettes-de-couscous-sauce-verte-et-salade-de-radis","title":{"rendered":"Galettes de couscous, sauce verte et salade de radis"},"author":2,"featured_media":32764,"menu_order":0,"template":"","meta":{"inline_featured_image":false},"tags":[],"recipe_categories":[617],"et_countries":[],"recipe_main_ingredient":[604],"recipe_difficulty":[580],"recipe_preparation_time":[272],"recipe_diet_type":[564,572],"recipe_saison":[527,559],"acf":{"recipe_preparation_time":272,"recipe_categories":617,"recipe_time_txt":"","recipe_type":63911,"recipe_difficulty":580,"recipe_diet_type":[564,572],"recipe_main_ingredient":[604],"recipe_saison":[527,559],"recipe_count_portions":4,"recipe_ingedients":[{"recipe_ingedients_amount":"","recipe_ingedients_unit":"g","recipe_ingedients_product":""}],"temporare_zutaten":"300 g de couscous\r\n3 dl de bouillon de l\u00e9gumes\r\n2 \u0153ufs\r\n200 g d\u2019Emmentaler AOP r\u00e2p\u00e9\r\nSel, poivre\r\nBeurre \u00e0 r\u00f4tir\r\n2 bouquets de persil\r\n3 CS de pistaches\r\n1 gousse d\u2019ail\r\n1 CS de jus de citron\r\n4 CS d\u2019huile de colza\r\nSel, poivre\r\n2 CS de vinaigre de vin blanc\r\n3 CS d\u2019huile de colza\r\nSel, poivre\r\n2 bottes de radis avec les fanes","recipe_preparation":"Verser le couscous dans un saladier. Porter le bouillon \u00e0 \u00e9bullition et verser sur le couscous. Couvrir et laisser gonfler 10 minutes. A\u00e9rer le couscous avec une fourchette et laisser refroidir un instant.\r\n\r\nPendant que le couscous gonfle, hacher grossi\u00e8rement le persil, r\u00e9duire en pur\u00e9e avec les autres ingr\u00e9dients composant la sauce, saler et poivrer.\r\n\r\nPour la salade, m\u00e9langer le vinaigre, l\u2019huile, le sel et le poivre. Couper les fanes de radis en lani\u00e8res. Couper les radis en quatre. M\u00e9langer les fanes et les radis \u00e0 la sauce.\r\n\r\nAjouter les \u0153ufs battus au couscous avec le fromage, bien m\u00e9langer. Ajouter un peu de sel et de poivre si besoin. Former 12 galettes avec cette pr\u00e9paration.\r\n\r\nFaire fondre un peu de beurre \u00e0 r\u00f4tir dans une po\u00eale. Faire revenir les galettes une par une 3 minutes de chaque c\u00f4t\u00e9 jusqu\u2019\u00e0 ce qu\u2019elles soient bien dor\u00e9es. Maintenir au chaud dans le four jusqu\u2019\u00e0 ce que toutes les galettes soient cuites.\r\n\r\n&nbsp;\r\n\r\n&nbsp;","recipe_images":[32754,32759,32744]},"_links":{"self":[{"href":"https:\/\/www.emmentaler.ch\/fr\/wp-json\/wp\/v2\/recipes\/32723"}],"collection":[{"href":"https:\/\/www.emmentaler.ch\/fr\/wp-json\/wp\/v2\/recipes"}],"about":[{"href":"https:\/\/www.emmentaler.ch\/fr\/wp-json\/wp\/v2\/types\/recipes"}],"author":[{"embeddable":true,"href":"https:\/\/www.emmentaler.ch\/fr\/wp-json\/wp\/v2\/users\/2"}],"version-history":[{"count":0,"href":"https:\/\/www.emmentaler.ch\/fr\/wp-json\/wp\/v2\/recipes\/32723\/revisions"}],"acf:attachment":[{"embeddable":true,"href":"https:\/\/www.emmentaler.ch\/fr\/wp-json\/wp\/v2\/media\/32744"},{"embeddable":true,"href":"https:\/\/www.emmentaler.ch\/fr\/wp-json\/wp\/v2\/media\/32759"},{"embeddable":true,"href":"https:\/\/www.emmentaler.ch\/fr\/wp-json\/wp\/v2\/media\/32754"}],"acf:term":[{"embeddable":true,"taxonomy":"recipe_saison","href":"https:\/\/www.emmentaler.ch\/fr\/wp-json\/wp\/v2\/recipe_saison\/559"},{"embeddable":true,"taxonomy":"recipe_saison","href":"https:\/\/www.emmentaler.ch\/fr\/wp-json\/wp\/v2\/recipe_saison\/527"},{"embeddable":true,"taxonomy":"recipe_main_ingredient","href":"https:\/\/www.emmentaler.ch\/fr\/wp-json\/wp\/v2\/recipe_main_ingredient\/604"},{"embeddable":true,"taxonomy":"recipe_diet_type","href":"https:\/\/www.emmentaler.ch\/fr\/wp-json\/wp\/v2\/recipe_diet_type\/572"},{"embeddable":true,"taxonomy":"recipe_diet_type","href":"https:\/\/www.emmentaler.ch\/fr\/wp-json\/wp\/v2\/recipe_diet_type\/564"},{"embeddable":true,"taxonomy":"recipe_difficulty","href":"https:\/\/www.emmentaler.ch\/fr\/wp-json\/wp\/v2\/recipe_difficulty\/580"},{"embeddable":true,"taxonomy":"recipe_categories","href":"https:\/\/www.emmentaler.ch\/fr\/wp-json\/wp\/v2\/recipe_categories\/617"},{"embeddable":true,"taxonomy":"recipe_preparation_time","href":"https:\/\/www.emmentaler.ch\/fr\/wp-json\/wp\/v2\/recipe_preparation_time\/272"}],"acf:post":[{"embeddable":true,"href":"https:\/\/www.emmentaler.ch\/fr\/wp-json\/wp\/v2\/pages\/63911"}],"wp:featuredmedia":[{"embeddable":true,"href":"https:\/\/www.emmentaler.ch\/fr\/wp-json\/wp\/v2\/media\/32764"}],"wp:attachment":[{"href":"https:\/\/www.emmentaler.ch\/fr\/wp-json\/wp\/v2\/media?parent=32723"}],"wp:term":[{"taxonomy":"post_tag","embeddable":true,"href":"https:\/\/www.emmentaler.ch\/fr\/wp-json\/wp\/v2\/tags?post=32723"},{"taxonomy":"recipe_categories","embeddable":true,"href":"https:\/\/www.emmentaler.ch\/fr\/wp-json\/wp\/v2\/recipe_categories?post=32723"},{"taxonomy":"et_countries","embeddable":true,"href":"https:\/\/www.emmentaler.ch\/fr\/wp-json\/wp\/v2\/et_countries?post=32723"},{"taxonomy":"recipe_main_ingredient","embeddable":true,"href":"https:\/\/www.emmentaler.ch\/fr\/wp-json\/wp\/v2\/recipe_main_ingredient?post=32723"},{"taxonomy":"recipe_difficulty","embeddable":true,"href":"https:\/\/www.emmentaler.ch\/fr\/wp-json\/wp\/v2\/recipe_difficulty?post=32723"},{"taxonomy":"recipe_preparation_time","embeddable":true,"href":"https:\/\/www.emmentaler.ch\/fr\/wp-json\/wp\/v2\/recipe_preparation_time?post=32723"},{"taxonomy":"recipe_diet_type","embeddable":true,"href":"https:\/\/www.emmentaler.ch\/fr\/wp-json\/wp\/v2\/recipe_diet_type?post=32723"},{"taxonomy":"recipe_saison","embeddable":true,"href":"https:\/\/www.emmentaler.ch\/fr\/wp-json\/wp\/v2\/recipe_saison?post=32723"}],"curies":[{"name":"wp","href":"https:\/\/api.w.org\/{rel}","templated":true}]}}

300 g de couscous
3 dl de bouillon de légumes
2 œufs
200 g d’Emmentaler AOP râpé
Sel, poivre
Beurre à rôtir
2 bouquets de persil
3 CS de pistaches
1 gousse d’ail
1 CS de jus de citron
4 CS d’huile de colza
Sel, poivre
2 CS de vinaigre de vin blanc
3 CS d’huile de colza
Sel, poivre
2 bottes de radis avec les fanes

Verser le couscous dans un saladier. Porter le bouillon à ébullition et verser sur le couscous. Couvrir et laisser gonfler 10 minutes. Aérer le couscous avec une fourchette et laisser refroidir un instant.

Pendant que le couscous gonfle, hacher grossièrement le persil, réduire en purée avec les autres ingrédients composant la sauce, saler et poivrer.

Pour la salade, mélanger le vinaigre, l’huile, le sel et le poivre. Couper les fanes de radis en lanières. Couper les radis en quatre. Mélanger les fanes et les radis à la sauce.

Ajouter les œufs battus au couscous avec le fromage, bien mélanger. Ajouter un peu de sel et de poivre si besoin. Former 12 galettes avec cette préparation.

Faire fondre un peu de beurre à rôtir dans une poêle. Faire revenir les galettes une par une 3 minutes de chaque côté jusqu’à ce qu’elles soient bien dorées. Maintenir au chaud dans le four jusqu’à ce que toutes les galettes soient cuites.

&nbsp;

&nbsp;
