{"id":33065,"date":"2022-04-27T13:45:45","date_gmt":"2022-04-27T11:45:45","guid":{"rendered":"https:\/\/www.emmentaler.ch\/rezept\/salade-dasperges-aux-noix-et-a-lemmentaler-aop"},"modified":"2024-07-25T17:25:04","modified_gmt":"2024-07-25T15:25:04","slug":"salade-dasperges-aux-noix-et-a-lemmentaler-aop","status":"publish","type":"recipes","link":"https:\/\/www.emmentaler.ch\/fr\/recettes\/salade-dasperges-aux-noix-et-a-lemmentaler-aop","title":{"rendered":"Salade d\u2019asperges aux noix et \u00e0 l\u2019Emmentaler AOP"},"author":2,"featured_media":33106,"menu_order":0,"template":"","meta":{"inline_featured_image":false},"tags":[802],"recipe_categories":[617],"et_countries":[],"recipe_main_ingredient":[604],"recipe_difficulty":[575],"recipe_preparation_time":[280],"recipe_diet_type":[564,567,572],"recipe_saison":[532],"acf":{"recipe_preparation_time":280,"recipe_categories":617,"recipe_time_txt":"","recipe_type":64290,"recipe_difficulty":575,"recipe_diet_type":[564,567,572],"recipe_main_ingredient":[604],"recipe_saison":[532],"recipe_count_portions":4,"recipe_ingedients":[{"recipe_ingedients_amount":"","recipe_ingedients_unit":"g","recipe_ingedients_product":""}],"temporare_zutaten":"1 kg d\u2019asperges vertes\r\nSel\r\n2 CS d\u2019huile de friture\r\n1 citron bio\r\n2 CS d\u2019huile de noix\r\n3 CS d\u2019huile de colza\r\n2 CS de vinaigre blanc balsamique\r\nPoivre\r\n75 g de noix\r\n100 g d\u2019Emmentaler AOP\r\n100 g de jeunes pousses de salade","recipe_preparation":"Couper g\u00e9n\u00e9reusement le bout des asperges. D\u00e9tailler les asperges en tron\u00e7ons obliques d\u2019environ 5\u00a0cm de long. Faire chauffer l\u2019huile dans une po\u00eale. Ajouter les asperges, saler l\u00e9g\u00e8rement. Faire revenir \u00e0 feu moyen pendant 10\u00a0minutes environ en remuant de temps \u00e0 autre.\r\n\r\nR\u00e2per finement le zeste du citron. Presser l\u2019\u00e9quivalent de 2\u00a0cuill\u00e8res \u00e0 soupe de jus de citron. Pr\u00e9parer une sauce avec le zeste et le jus de citron, l\u2019huile de noix, l\u2019huile de colza, le vinaigre balsamique, le sel et le poivre.\r\n\r\nM\u00e9langer les asperges encore chaudes \u00e0 la sauce. Hacher les noix grossi\u00e8rement, les faire dorer dans la po\u00eale. Couper l\u2019Emmentaler AOP en copeaux \u00e0 l\u2019aide d\u2019un \u00e9conome.\r\n\r\nM\u00e9langer les asperges ti\u00e8des aux jeunes pousses de salade et aux noix et parsemer de copeaux de fromage avant de servir.","recipe_images":[25783,25793,25798]},"_links":{"self":[{"href":"https:\/\/www.emmentaler.ch\/fr\/wp-json\/wp\/v2\/recipes\/33065"}],"collection":[{"href":"https:\/\/www.emmentaler.ch\/fr\/wp-json\/wp\/v2\/recipes"}],"about":[{"href":"https:\/\/www.emmentaler.ch\/fr\/wp-json\/wp\/v2\/types\/recipes"}],"author":[{"embeddable":true,"href":"https:\/\/www.emmentaler.ch\/fr\/wp-json\/wp\/v2\/users\/2"}],"version-history":[{"count":1,"href":"https:\/\/www.emmentaler.ch\/fr\/wp-json\/wp\/v2\/recipes\/33065\/revisions"}],"predecessor-version":[{"id":137888,"href":"https:\/\/www.emmentaler.ch\/fr\/wp-json\/wp\/v2\/recipes\/33065\/revisions\/137888"}],"acf:attachment":[{"embeddable":true,"href":"https:\/\/www.emmentaler.ch\/fr\/wp-json\/wp\/v2\/media\/25798"},{"embeddable":true,"href":"https:\/\/www.emmentaler.ch\/fr\/wp-json\/wp\/v2\/media\/25793"},{"embeddable":true,"href":"https:\/\/www.emmentaler.ch\/fr\/wp-json\/wp\/v2\/media\/25783"}],"acf:term":[{"embeddable":true,"taxonomy":"recipe_saison","href":"https:\/\/www.emmentaler.ch\/fr\/wp-json\/wp\/v2\/recipe_saison\/532"},{"embeddable":true,"taxonomy":"recipe_main_ingredient","href":"https:\/\/www.emmentaler.ch\/fr\/wp-json\/wp\/v2\/recipe_main_ingredient\/604"},{"embeddable":true,"taxonomy":"recipe_diet_type","href":"https:\/\/www.emmentaler.ch\/fr\/wp-json\/wp\/v2\/recipe_diet_type\/572"},{"embeddable":true,"taxonomy":"recipe_diet_type","href":"https:\/\/www.emmentaler.ch\/fr\/wp-json\/wp\/v2\/recipe_diet_type\/567"},{"embeddable":true,"taxonomy":"recipe_diet_type","href":"https:\/\/www.emmentaler.ch\/fr\/wp-json\/wp\/v2\/recipe_diet_type\/564"},{"embeddable":true,"taxonomy":"recipe_difficulty","href":"https:\/\/www.emmentaler.ch\/fr\/wp-json\/wp\/v2\/recipe_difficulty\/575"},{"embeddable":true,"taxonomy":"recipe_categories","href":"https:\/\/www.emmentaler.ch\/fr\/wp-json\/wp\/v2\/recipe_categories\/617"},{"embeddable":true,"taxonomy":"recipe_preparation_time","href":"https:\/\/www.emmentaler.ch\/fr\/wp-json\/wp\/v2\/recipe_preparation_time\/280"}],"acf:post":[{"embeddable":true,"href":"https:\/\/www.emmentaler.ch\/fr\/wp-json\/wp\/v2\/pages\/64290"}],"wp:featuredmedia":[{"embeddable":true,"href":"https:\/\/www.emmentaler.ch\/fr\/wp-json\/wp\/v2\/media\/33106"}],"wp:attachment":[{"href":"https:\/\/www.emmentaler.ch\/fr\/wp-json\/wp\/v2\/media?parent=33065"}],"wp:term":[{"taxonomy":"post_tag","embeddable":true,"href":"https:\/\/www.emmentaler.ch\/fr\/wp-json\/wp\/v2\/tags?post=33065"},{"taxonomy":"recipe_categories","embeddable":true,"href":"https:\/\/www.emmentaler.ch\/fr\/wp-json\/wp\/v2\/recipe_categories?post=33065"},{"taxonomy":"et_countries","embeddable":true,"href":"https:\/\/www.emmentaler.ch\/fr\/wp-json\/wp\/v2\/et_countries?post=33065"},{"taxonomy":"recipe_main_ingredient","embeddable":true,"href":"https:\/\/www.emmentaler.ch\/fr\/wp-json\/wp\/v2\/recipe_main_ingredient?post=33065"},{"taxonomy":"recipe_difficulty","embeddable":true,"href":"https:\/\/www.emmentaler.ch\/fr\/wp-json\/wp\/v2\/recipe_difficulty?post=33065"},{"taxonomy":"recipe_preparation_time","embeddable":true,"href":"https:\/\/www.emmentaler.ch\/fr\/wp-json\/wp\/v2\/recipe_preparation_time?post=33065"},{"taxonomy":"recipe_diet_type","embeddable":true,"href":"https:\/\/www.emmentaler.ch\/fr\/wp-json\/wp\/v2\/recipe_diet_type?post=33065"},{"taxonomy":"recipe_saison","embeddable":true,"href":"https:\/\/www.emmentaler.ch\/fr\/wp-json\/wp\/v2\/recipe_saison?post=33065"}],"curies":[{"name":"wp","href":"https:\/\/api.w.org\/{rel}","templated":true}]}}

Salade d’asperges aux noix et à l’Emmentaler AOP

Couper généreusement le bout des asperges. Détailler les asperges en tronçons obliques d’environ 5 cm de long. Faire chauffer l’huile dans une poêle. Ajouter les asperges, saler légèrement. Faire revenir à feu moyen pendant 10 minutes environ en remuant de temps à autre.

Râper finement le zeste du citron. Presser l’équivalent de 2 cuillères à soupe de jus de citron. Préparer une sauce avec le zeste et le jus de citron, l’huile de noix, l’huile de colza, le vinaigre balsamique, le sel et le poivre.

Mélanger les asperges encore chaudes à la sauce. Hacher les noix grossièrement, les faire dorer dans la poêle. Couper l’Emmentaler AOP en copeaux à l’aide d’un économe.

Mélanger les asperges tièdes aux jeunes pousses de salade et aux noix et parsemer de copeaux de fromage avant de servir.
