{"id":33126,"date":"2022-04-27T13:45:45","date_gmt":"2022-04-27T11:45:45","guid":{"rendered":"https:\/\/www.emmentaler.ch\/rezept\/pates-aux-choux-de-bruxelles-et-aux-pommes-de-terre"},"modified":"2022-06-24T14:32:17","modified_gmt":"2022-06-24T12:32:17","slug":"pates-aux-choux-de-bruxelles-et-aux-pommes-de-terre","status":"publish","type":"recipes","link":"https:\/\/www.emmentaler.ch\/fr\/recettes\/pates-aux-choux-de-bruxelles-et-aux-pommes-de-terre","title":{"rendered":"P\u00e2tes aux choux de Bruxelles et aux pommes de terre"},"author":2,"featured_media":33170,"menu_order":0,"template":"","meta":{"inline_featured_image":false},"tags":[],"recipe_categories":[617],"et_countries":[],"recipe_main_ingredient":[604],"recipe_difficulty":[580],"recipe_preparation_time":[272],"recipe_diet_type":[572],"recipe_saison":[540,556],"acf":{"recipe_preparation_time":272,"recipe_categories":617,"recipe_time_txt":"","recipe_type":64320,"recipe_difficulty":580,"recipe_diet_type":[572],"recipe_main_ingredient":[604],"recipe_saison":[540,556],"recipe_count_portions":4,"recipe_ingedients":[{"recipe_ingedients_amount":"","recipe_ingedients_unit":"g","recipe_ingedients_product":""}],"temporare_zutaten":"500 g de choux de Bruxelles violets ou verts\r\n500 g de pommes de terre violettes ou jaunes\r\n300 g de p\u00e2tes\r\n4 dl de lait\r\n2 \u00bd CC d\u2019amidon de ma\u00efs\r\n150 g d\u2019Emmentaler AOP suisse jeune r\u00e2p\u00e9\r\nSel, poivre, noix de muscade\r\n1 orange bio, l\u2019\u00e9corce","recipe_preparation":"Pr\u00e9parer les choux de Bruxelles. Eplucher les pommes de terre et les couper en rondelles de 0,5\u00a0cm d\u2019\u00e9paisseur environ. Faire cuire les choux de Bruxelles dans un peu d\u2019eau sal\u00e9e jusqu\u2019\u00e0 tendret\u00e9. Faire cuire les p\u00e2tes al dente dans de l\u2019eau sal\u00e9e. Ajouter les rondelles de pomme de terre 5\u00a0minutes avant la fin de la cuisson. Bien \u00e9goutter le tout.\r\n\r\nPour la sauce, porter le lait et l\u2019amidon de ma\u00efs \u00e0 \u00e9bullition sans cesser de remuer. Ajouter l\u2019Emmentaler AOP suisse, faire fondre \u00e0 petit feu tout en remuant, saler, poivrer et relever avec un peu de noix de muscade. Ajouter les choux de Bruxelles, les pommes de terre et les p\u00e2tes, bien m\u00e9langer le tout et r\u00e9chauffer bri\u00e8vement.\r\n\r\nR\u00e2per le zeste de l\u2019orange ou couper de fines lani\u00e8res \u00e0 l\u2019aide d\u2019un couteau zesteur et parsemer sur les p\u00e2tes.","recipe_images":[33149,33155,33160]},"_links":{"self":[{"href":"https:\/\/www.emmentaler.ch\/fr\/wp-json\/wp\/v2\/recipes\/33126"}],"collection":[{"href":"https:\/\/www.emmentaler.ch\/fr\/wp-json\/wp\/v2\/recipes"}],"about":[{"href":"https:\/\/www.emmentaler.ch\/fr\/wp-json\/wp\/v2\/types\/recipes"}],"author":[{"embeddable":true,"href":"https:\/\/www.emmentaler.ch\/fr\/wp-json\/wp\/v2\/users\/2"}],"version-history":[{"count":0,"href":"https:\/\/www.emmentaler.ch\/fr\/wp-json\/wp\/v2\/recipes\/33126\/revisions"}],"acf:attachment":[{"embeddable":true,"href":"https:\/\/www.emmentaler.ch\/fr\/wp-json\/wp\/v2\/media\/33160"},{"embeddable":true,"href":"https:\/\/www.emmentaler.ch\/fr\/wp-json\/wp\/v2\/media\/33155"},{"embeddable":true,"href":"https:\/\/www.emmentaler.ch\/fr\/wp-json\/wp\/v2\/media\/33149"}],"acf:term":[{"embeddable":true,"taxonomy":"recipe_saison","href":"https:\/\/www.emmentaler.ch\/fr\/wp-json\/wp\/v2\/recipe_saison\/556"},{"embeddable":true,"taxonomy":"recipe_saison","href":"https:\/\/www.emmentaler.ch\/fr\/wp-json\/wp\/v2\/recipe_saison\/540"},{"embeddable":true,"taxonomy":"recipe_main_ingredient","href":"https:\/\/www.emmentaler.ch\/fr\/wp-json\/wp\/v2\/recipe_main_ingredient\/604"},{"embeddable":true,"taxonomy":"recipe_diet_type","href":"https:\/\/www.emmentaler.ch\/fr\/wp-json\/wp\/v2\/recipe_diet_type\/572"},{"embeddable":true,"taxonomy":"recipe_difficulty","href":"https:\/\/www.emmentaler.ch\/fr\/wp-json\/wp\/v2\/recipe_difficulty\/580"},{"embeddable":true,"taxonomy":"recipe_categories","href":"https:\/\/www.emmentaler.ch\/fr\/wp-json\/wp\/v2\/recipe_categories\/617"},{"embeddable":true,"taxonomy":"recipe_preparation_time","href":"https:\/\/www.emmentaler.ch\/fr\/wp-json\/wp\/v2\/recipe_preparation_time\/272"}],"acf:post":[{"embeddable":true,"href":"https:\/\/www.emmentaler.ch\/fr\/wp-json\/wp\/v2\/pages\/64320"}],"wp:featuredmedia":[{"embeddable":true,"href":"https:\/\/www.emmentaler.ch\/fr\/wp-json\/wp\/v2\/media\/33170"}],"wp:attachment":[{"href":"https:\/\/www.emmentaler.ch\/fr\/wp-json\/wp\/v2\/media?parent=33126"}],"wp:term":[{"taxonomy":"post_tag","embeddable":true,"href":"https:\/\/www.emmentaler.ch\/fr\/wp-json\/wp\/v2\/tags?post=33126"},{"taxonomy":"recipe_categories","embeddable":true,"href":"https:\/\/www.emmentaler.ch\/fr\/wp-json\/wp\/v2\/recipe_categories?post=33126"},{"taxonomy":"et_countries","embeddable":true,"href":"https:\/\/www.emmentaler.ch\/fr\/wp-json\/wp\/v2\/et_countries?post=33126"},{"taxonomy":"recipe_main_ingredient","embeddable":true,"href":"https:\/\/www.emmentaler.ch\/fr\/wp-json\/wp\/v2\/recipe_main_ingredient?post=33126"},{"taxonomy":"recipe_difficulty","embeddable":true,"href":"https:\/\/www.emmentaler.ch\/fr\/wp-json\/wp\/v2\/recipe_difficulty?post=33126"},{"taxonomy":"recipe_preparation_time","embeddable":true,"href":"https:\/\/www.emmentaler.ch\/fr\/wp-json\/wp\/v2\/recipe_preparation_time?post=33126"},{"taxonomy":"recipe_diet_type","embeddable":true,"href":"https:\/\/www.emmentaler.ch\/fr\/wp-json\/wp\/v2\/recipe_diet_type?post=33126"},{"taxonomy":"recipe_saison","embeddable":true,"href":"https:\/\/www.emmentaler.ch\/fr\/wp-json\/wp\/v2\/recipe_saison?post=33126"}],"curies":[{"name":"wp","href":"https:\/\/api.w.org\/{rel}","templated":true}]}}

Pâtes aux choux de Bruxelles et aux pommes de terre

500 g de choux de Bruxelles violets ou verts
500 g de pommes de terre violettes ou jaunes
300 g de pâtes
4 dl de lait
2 ½ CC d’amidon de maïs
150 g d’Emmentaler AOP suisse jeune râpé
Sel, poivre, noix de muscade
1 orange bio, l’écorce

Préparer les choux de Bruxelles. Eplucher les pommes de terre et les couper en rondelles de 0,5 cm d’épaisseur environ. Faire cuire les choux de Bruxelles dans un peu d’eau salée jusqu’à tendreté. Faire cuire les pâtes al dente dans de l’eau salée. Ajouter les rondelles de pomme de terre 5 minutes avant la fin de la cuisson. Bien égoutter le tout.

Pour la sauce, porter le lait et l’amidon de maïs à ébullition sans cesser de remuer. Ajouter l’Emmentaler AOP suisse, faire fondre à petit feu tout en remuant, saler, poivrer et relever avec un peu de noix de muscade. Ajouter les choux de Bruxelles, les pommes de terre et les pâtes, bien mélanger le tout et réchauffer brièvement.

Râper le zeste de l’orange ou couper de fines lanières à l’aide d’un couteau zesteur et parsemer sur les pâtes.
