{"id":33251,"date":"2022-04-27T13:45:45","date_gmt":"2022-04-27T11:45:45","guid":{"rendered":"https:\/\/www.emmentaler.ch\/rezept\/soupe-de-lentilles-aux-legumes"},"modified":"2022-06-24T14:52:33","modified_gmt":"2022-06-24T12:52:33","slug":"soupe-de-lentilles-aux-legumes","status":"publish","type":"recipes","link":"https:\/\/www.emmentaler.ch\/fr\/recettes\/soupe-de-lentilles-aux-legumes","title":{"rendered":"Soupe de lentilles aux l\u00e9gumes"},"author":2,"featured_media":51889,"menu_order":0,"template":"","meta":{"inline_featured_image":false},"tags":[],"recipe_categories":[617],"et_countries":[],"recipe_main_ingredient":[604],"recipe_difficulty":[575],"recipe_preparation_time":[270],"recipe_diet_type":[564,572],"recipe_saison":[540,556],"acf":{"recipe_preparation_time":270,"recipe_categories":617,"recipe_time_txt":"","recipe_type":64281,"recipe_difficulty":575,"recipe_diet_type":[564,572],"recipe_main_ingredient":[604],"recipe_saison":[540,556],"recipe_count_portions":4,"recipe_ingedients":[{"recipe_ingedients_amount":"","recipe_ingedients_unit":"g","recipe_ingedients_product":""}],"temporare_zutaten":"150 g de lentilles brunes\r\n1 feuille de laurier\r\n1 gros oignon\r\n2 carottes, soit env. 200 g\r\n1 panais, soit env. 150 g\r\n\u00bc de c\u00e9leri, soit env. 150 g\r\n1 \u00e0 2 CS d\u2019huile de colza\r\n1,2 l de bouillon de l\u00e9gumes\r\n1 pomme acidul\u00e9e\r\nSel, poivre\r\n1 bouquet de persil\r\n120 g d\u2019Emmentaler AOP suisse jeune","recipe_preparation":"Cuire les lentilles avec la feuille de laurier dans une grande quantit\u00e9 d\u2019eau pendant 30 \u00e0 45\u00a0minutes jusqu\u2019\u00e0 tendret\u00e9. Hacher finement l\u2019oignon. Eplucher les l\u00e9gumes et les couper en d\u00e9s ou en rondelles d\u2019environ 1,5\u00a0cm. Faire revenir l\u2019oignon et les l\u00e9gumes dans l\u2019huile chaude une dizaine de minutes. Ajouter le bouillon, couvrir et laisser mijoter env. 15\u00a0minutes.\r\n\r\nAjouter les lentilles \u00e9goutt\u00e9es sans la feuille de laurier \u00e0 la soupe. Verser un quart de la soupe dans un r\u00e9cipient haut et r\u00e9duire en pur\u00e9e au mixeur. Reverser dans la casserole. Couper la pomme en petits d\u00e9s, ajouter \u00e0 la soupe et faire cuire 2 \u00e0 3\u00a0minutes. Saler et poivrer. Hacher finement le persil et parsemer sur la soupe.\r\n\r\nCouper l\u2019Emmentaler AOP suisse en copeaux \u00e0 l\u2019aide d\u2019un \u00e9conome et servir avec la soupe.","recipe_images":[25849,25854,25859]},"_links":{"self":[{"href":"https:\/\/www.emmentaler.ch\/fr\/wp-json\/wp\/v2\/recipes\/33251"}],"collection":[{"href":"https:\/\/www.emmentaler.ch\/fr\/wp-json\/wp\/v2\/recipes"}],"about":[{"href":"https:\/\/www.emmentaler.ch\/fr\/wp-json\/wp\/v2\/types\/recipes"}],"author":[{"embeddable":true,"href":"https:\/\/www.emmentaler.ch\/fr\/wp-json\/wp\/v2\/users\/2"}],"version-history":[{"count":0,"href":"https:\/\/www.emmentaler.ch\/fr\/wp-json\/wp\/v2\/recipes\/33251\/revisions"}],"acf:attachment":[{"embeddable":true,"href":"https:\/\/www.emmentaler.ch\/fr\/wp-json\/wp\/v2\/media\/25859"},{"embeddable":true,"href":"https:\/\/www.emmentaler.ch\/fr\/wp-json\/wp\/v2\/media\/25854"},{"embeddable":true,"href":"https:\/\/www.emmentaler.ch\/fr\/wp-json\/wp\/v2\/media\/25849"}],"acf:term":[{"embeddable":true,"taxonomy":"recipe_saison","href":"https:\/\/www.emmentaler.ch\/fr\/wp-json\/wp\/v2\/recipe_saison\/556"},{"embeddable":true,"taxonomy":"recipe_saison","href":"https:\/\/www.emmentaler.ch\/fr\/wp-json\/wp\/v2\/recipe_saison\/540"},{"embeddable":true,"taxonomy":"recipe_main_ingredient","href":"https:\/\/www.emmentaler.ch\/fr\/wp-json\/wp\/v2\/recipe_main_ingredient\/604"},{"embeddable":true,"taxonomy":"recipe_diet_type","href":"https:\/\/www.emmentaler.ch\/fr\/wp-json\/wp\/v2\/recipe_diet_type\/572"},{"embeddable":true,"taxonomy":"recipe_diet_type","href":"https:\/\/www.emmentaler.ch\/fr\/wp-json\/wp\/v2\/recipe_diet_type\/564"},{"embeddable":true,"taxonomy":"recipe_difficulty","href":"https:\/\/www.emmentaler.ch\/fr\/wp-json\/wp\/v2\/recipe_difficulty\/575"},{"embeddable":true,"taxonomy":"recipe_categories","href":"https:\/\/www.emmentaler.ch\/fr\/wp-json\/wp\/v2\/recipe_categories\/617"},{"embeddable":true,"taxonomy":"recipe_preparation_time","href":"https:\/\/www.emmentaler.ch\/fr\/wp-json\/wp\/v2\/recipe_preparation_time\/270"}],"acf:post":[{"embeddable":true,"href":"https:\/\/www.emmentaler.ch\/fr\/wp-json\/wp\/v2\/pages\/64281"}],"wp:featuredmedia":[{"embeddable":true,"href":"https:\/\/www.emmentaler.ch\/fr\/wp-json\/wp\/v2\/media\/51889"}],"wp:attachment":[{"href":"https:\/\/www.emmentaler.ch\/fr\/wp-json\/wp\/v2\/media?parent=33251"}],"wp:term":[{"taxonomy":"post_tag","embeddable":true,"href":"https:\/\/www.emmentaler.ch\/fr\/wp-json\/wp\/v2\/tags?post=33251"},{"taxonomy":"recipe_categories","embeddable":true,"href":"https:\/\/www.emmentaler.ch\/fr\/wp-json\/wp\/v2\/recipe_categories?post=33251"},{"taxonomy":"et_countries","embeddable":true,"href":"https:\/\/www.emmentaler.ch\/fr\/wp-json\/wp\/v2\/et_countries?post=33251"},{"taxonomy":"recipe_main_ingredient","embeddable":true,"href":"https:\/\/www.emmentaler.ch\/fr\/wp-json\/wp\/v2\/recipe_main_ingredient?post=33251"},{"taxonomy":"recipe_difficulty","embeddable":true,"href":"https:\/\/www.emmentaler.ch\/fr\/wp-json\/wp\/v2\/recipe_difficulty?post=33251"},{"taxonomy":"recipe_preparation_time","embeddable":true,"href":"https:\/\/www.emmentaler.ch\/fr\/wp-json\/wp\/v2\/recipe_preparation_time?post=33251"},{"taxonomy":"recipe_diet_type","embeddable":true,"href":"https:\/\/www.emmentaler.ch\/fr\/wp-json\/wp\/v2\/recipe_diet_type?post=33251"},{"taxonomy":"recipe_saison","embeddable":true,"href":"https:\/\/www.emmentaler.ch\/fr\/wp-json\/wp\/v2\/recipe_saison?post=33251"}],"curies":[{"name":"wp","href":"https:\/\/api.w.org\/{rel}","templated":true}]}}

Soupe de lentilles aux légumes

150 g de lentilles brunes
1 feuille de laurier
1 gros oignon
2 carottes, soit env. 200 g
1 panais, soit env. 150 g
¼ de céleri, soit env. 150 g
1 à 2 CS d’huile de colza
1,2 l de bouillon de légumes
1 pomme acidulée
Sel, poivre
1 bouquet de persil
120 g d’Emmentaler AOP suisse jeune

Cuire les lentilles avec la feuille de laurier dans une grande quantité d’eau pendant 30 à 45 minutes jusqu’à tendreté. Hacher finement l’oignon. Eplucher les légumes et les couper en dés ou en rondelles d’environ 1,5 cm. Faire revenir l’oignon et les légumes dans l’huile chaude une dizaine de minutes. Ajouter le bouillon, couvrir et laisser mijoter env. 15 minutes.

Ajouter les lentilles égouttées sans la feuille de laurier à la soupe. Verser un quart de la soupe dans un récipient haut et réduire en purée au mixeur. Reverser dans la casserole. Couper la pomme en petits dés, ajouter à la soupe et faire cuire 2 à 3 minutes. Saler et poivrer. Hacher finement le persil et parsemer sur la soupe.

Couper l’Emmentaler AOP suisse en copeaux à l’aide d’un économe et servir avec la soupe.
