{"id":33589,"date":"2022-04-27T13:47:25","date_gmt":"2022-04-27T11:47:25","guid":{"rendered":"https:\/\/www.emmentaler.ch\/rezept\/buns-de-chou-fleur-a-lemmentaler-aop-grille-et-aux-figues"},"modified":"2024-07-02T13:24:15","modified_gmt":"2024-07-02T11:24:15","slug":"buns-de-chou-fleur-a-lemmentaler-aop-grille-et-aux-figues","status":"publish","type":"recipes","link":"https:\/\/www.emmentaler.ch\/fr\/recettes\/buns-de-chou-fleur-a-lemmentaler-aop-grille-et-aux-figues","title":{"rendered":"Buns de chou-fleur \u00e0 l\u2019Emmentaler AOP grill\u00e9 et aux figues"},"author":2,"featured_media":33610,"menu_order":0,"template":"","meta":{"inline_featured_image":false},"tags":[],"recipe_categories":[617],"et_countries":[],"recipe_main_ingredient":[596],"recipe_difficulty":[575],"recipe_preparation_time":[272],"recipe_diet_type":[564,567,572],"recipe_saison":[559],"acf":{"recipe_preparation_time":272,"recipe_categories":617,"recipe_time_txt":"","recipe_type":63916,"recipe_difficulty":575,"recipe_diet_type":[564,567,572],"recipe_main_ingredient":[596],"recipe_saison":[559],"recipe_count_portions":4,"recipe_ingedients":[{"recipe_ingedients_amount":"0.25","recipe_ingedients_unit":"St\u00fcck","recipe_ingedients_product":"chou-fleur"},{"recipe_ingedients_amount":"0.5","recipe_ingedients_unit":"St\u00fcck","recipe_ingedients_product":"\u0153ufs"},{"recipe_ingedients_amount":"20","recipe_ingedients_unit":"g","recipe_ingedients_product":"Emmentaler AOP, r\u00e2p\u00e9"},{"recipe_ingedients_amount":".5","recipe_ingedients_unit":"El","recipe_ingedients_product":"poudre d\u2019amandes"},{"recipe_ingedients_amount":".5","recipe_ingedients_unit":"El","recipe_ingedients_product":"poudre de noix de coco"},{"recipe_ingedients_amount":".125","recipe_ingedients_unit":"Tl","recipe_ingedients_product":"levure"},{"recipe_ingedients_amount":".25","recipe_ingedients_unit":"El","recipe_ingedients_product":"m\u00e9lange d\u2019herbes italiennes"},{"recipe_ingedients_amount":".125","recipe_ingedients_unit":"Tl","recipe_ingedients_product":"sel"},{"recipe_ingedients_amount":".5","recipe_ingedients_unit":"Tl","recipe_ingedients_product":"graines de s\u00e9same"},{"recipe_ingedients_amount":"2","recipe_ingedients_unit":"St\u00fcck","recipe_ingedients_product":"tranches d\u2019Emmentaler AOP"},{"recipe_ingedients_amount":".5","recipe_ingedients_unit":"St\u00fcck","recipe_ingedients_product":"Figues"},{"recipe_ingedients_amount":"12.5","recipe_ingedients_unit":"g","recipe_ingedients_product":"Roquette"}],"temporare_zutaten":"1 chou-fleur, env. 600 g\r\n2 \u0153ufs\r\n80 g d\u2019Emmentaler AOP, r\u00e2p\u00e9\r\n2 cs de poudre d\u2019amandes\r\n2 cs de poudre de noix de coco\r\n1\/2 cc levure\r\n1 cc de m\u00e9lange d\u2019herbes italiennes\r\n1\/2 cc de sel\r\n2 cc de graines de s\u00e9same\r\n8 tranches d\u2019Emmentaler AOP\r\n2 figues\r\n50 g de roquette","recipe_preparation":"<span style=\"font-weight: 400;\">Pr\u00e9chauffez le four \u00e0 200 degr\u00e9s. Coupez le chou-fleur en petits morceaux, puis r\u00e9duisez-le en granul\u00e9s dans un blender.\u00a0<\/span>\r\n\r\n<span style=\"font-weight: 400;\">Dans un grand saladier, m\u00e9langez le chou-fleur, les \u0153ufs, l\u2019Emmentaler AOP, la poudre d\u2019amandes et la poudre de noix de coco. Ajoutez la levure, les herbes italiennes et le sel. Recouvrez une plaque de papier sulfuris\u00e9. Formez par-dessus 8 boules avec la p\u00e2te et pressez-les avec pr\u00e9caution pour obtenir des galettes d\u2019environ 2 cm d\u2019\u00e9paisseur et de 7 cm de diam\u00e8tre. Les galettes doivent rester compactes. Parsemez-les de graines de s\u00e9same et faites-les cuire dans le four pr\u00e9chauff\u00e9. Apr\u00e8s 20 \u00e0 25 minutes de cuisson, sortez les buns du four et laissez-les refroidir. Placez sur chaque bun une tranche d\u2019Emmentaler AOP et un quart de figue. Faites bri\u00e8vement gratiner et servez imm\u00e9diatement.\u00a0<\/span>\r\n\r\n<span style=\"font-weight: 400;\">Conseil: disposez un peu de roquette sur l\u2019assiette et arrangez les buns par-dessus. <\/span>","recipe_images":[26372,26377]},"_links":{"self":[{"href":"https:\/\/www.emmentaler.ch\/fr\/wp-json\/wp\/v2\/recipes\/33589"}],"collection":[{"href":"https:\/\/www.emmentaler.ch\/fr\/wp-json\/wp\/v2\/recipes"}],"about":[{"href":"https:\/\/www.emmentaler.ch\/fr\/wp-json\/wp\/v2\/types\/recipes"}],"author":[{"embeddable":true,"href":"https:\/\/www.emmentaler.ch\/fr\/wp-json\/wp\/v2\/users\/2"}],"version-history":[{"count":1,"href":"https:\/\/www.emmentaler.ch\/fr\/wp-json\/wp\/v2\/recipes\/33589\/revisions"}],"predecessor-version":[{"id":137575,"href":"https:\/\/www.emmentaler.ch\/fr\/wp-json\/wp\/v2\/recipes\/33589\/revisions\/137575"}],"acf:attachment":[{"embeddable":true,"href":"https:\/\/www.emmentaler.ch\/fr\/wp-json\/wp\/v2\/media\/26377"},{"embeddable":true,"href":"https:\/\/www.emmentaler.ch\/fr\/wp-json\/wp\/v2\/media\/26372"}],"acf:term":[{"embeddable":true,"taxonomy":"recipe_saison","href":"https:\/\/www.emmentaler.ch\/fr\/wp-json\/wp\/v2\/recipe_saison\/559"},{"embeddable":true,"taxonomy":"recipe_main_ingredient","href":"https:\/\/www.emmentaler.ch\/fr\/wp-json\/wp\/v2\/recipe_main_ingredient\/596"},{"embeddable":true,"taxonomy":"recipe_diet_type","href":"https:\/\/www.emmentaler.ch\/fr\/wp-json\/wp\/v2\/recipe_diet_type\/572"},{"embeddable":true,"taxonomy":"recipe_diet_type","href":"https:\/\/www.emmentaler.ch\/fr\/wp-json\/wp\/v2\/recipe_diet_type\/567"},{"embeddable":true,"taxonomy":"recipe_diet_type","href":"https:\/\/www.emmentaler.ch\/fr\/wp-json\/wp\/v2\/recipe_diet_type\/564"},{"embeddable":true,"taxonomy":"recipe_difficulty","href":"https:\/\/www.emmentaler.ch\/fr\/wp-json\/wp\/v2\/recipe_difficulty\/575"},{"embeddable":true,"taxonomy":"recipe_categories","href":"https:\/\/www.emmentaler.ch\/fr\/wp-json\/wp\/v2\/recipe_categories\/617"},{"embeddable":true,"taxonomy":"recipe_preparation_time","href":"https:\/\/www.emmentaler.ch\/fr\/wp-json\/wp\/v2\/recipe_preparation_time\/272"}],"acf:post":[{"embeddable":true,"href":"https:\/\/www.emmentaler.ch\/fr\/wp-json\/wp\/v2\/pages\/63916"}],"wp:featuredmedia":[{"embeddable":true,"href":"https:\/\/www.emmentaler.ch\/fr\/wp-json\/wp\/v2\/media\/33610"}],"wp:attachment":[{"href":"https:\/\/www.emmentaler.ch\/fr\/wp-json\/wp\/v2\/media?parent=33589"}],"wp:term":[{"taxonomy":"post_tag","embeddable":true,"href":"https:\/\/www.emmentaler.ch\/fr\/wp-json\/wp\/v2\/tags?post=33589"},{"taxonomy":"recipe_categories","embeddable":true,"href":"https:\/\/www.emmentaler.ch\/fr\/wp-json\/wp\/v2\/recipe_categories?post=33589"},{"taxonomy":"et_countries","embeddable":true,"href":"https:\/\/www.emmentaler.ch\/fr\/wp-json\/wp\/v2\/et_countries?post=33589"},{"taxonomy":"recipe_main_ingredient","embeddable":true,"href":"https:\/\/www.emmentaler.ch\/fr\/wp-json\/wp\/v2\/recipe_main_ingredient?post=33589"},{"taxonomy":"recipe_difficulty","embeddable":true,"href":"https:\/\/www.emmentaler.ch\/fr\/wp-json\/wp\/v2\/recipe_difficulty?post=33589"},{"taxonomy":"recipe_preparation_time","embeddable":true,"href":"https:\/\/www.emmentaler.ch\/fr\/wp-json\/wp\/v2\/recipe_preparation_time?post=33589"},{"taxonomy":"recipe_diet_type","embeddable":true,"href":"https:\/\/www.emmentaler.ch\/fr\/wp-json\/wp\/v2\/recipe_diet_type?post=33589"},{"taxonomy":"recipe_saison","embeddable":true,"href":"https:\/\/www.emmentaler.ch\/fr\/wp-json\/wp\/v2\/recipe_saison?post=33589"}],"curies":[{"name":"wp","href":"https:\/\/api.w.org\/{rel}","templated":true}]}}

Buns de chou-fleur à l’Emmentaler AOP grillé et aux figues

Stück

œufs

Emmentaler AOP, râpé

mélange d’herbes italiennes

graines de sésame

1 chou-fleur, env. 600 g
2 œufs
80 g d’Emmentaler AOP, râpé
2 cs de poudre d’amandes
2 cs de poudre de noix de coco
1/2 cc levure
1 cc de mélange d’herbes italiennes
1/2 cc de sel
2 cc de graines de sésame
8 tranches d’Emmentaler AOP
2 figues
50 g de roquette

<span style="font-weight: 400;">Préchauffez le four à 200 degrés. Coupez le chou-fleur en petits morceaux, puis réduisez-le en granulés dans un blender. </span>

<span style="font-weight: 400;">Dans un grand saladier, mélangez le chou-fleur, les œufs, l’Emmentaler AOP, la poudre d’amandes et la poudre de noix de coco. Ajoutez la levure, les herbes italiennes et le sel. Recouvrez une plaque de papier sulfurisé. Formez par-dessus 8 boules avec la pâte et pressez-les avec précaution pour obtenir des galettes d’environ 2 cm d’épaisseur et de 7 cm de diamètre. Les galettes doivent rester compactes. Parsemez-les de graines de sésame et faites-les cuire dans le four préchauffé. Après 20 à 25 minutes de cuisson, sortez les buns du four et laissez-les refroidir. Placez sur chaque bun une tranche d’Emmentaler AOP et un quart de figue. Faites brièvement gratiner et servez immédiatement. </span>

<span style="font-weight: 400;">Conseil: disposez un peu de roquette sur l’assiette et arrangez les buns par-dessus. </span>
