{"id":33651,"date":"2022-04-27T13:47:25","date_gmt":"2022-04-27T11:47:25","guid":{"rendered":"https:\/\/www.emmentaler.ch\/rezept\/cordon-bleu-de-porc-et-ragout-de-potiron"},"modified":"2022-08-19T11:44:23","modified_gmt":"2022-08-19T09:44:23","slug":"cordon-bleu-de-porc-et-ragout-de-potiron","status":"publish","type":"recipes","link":"https:\/\/www.emmentaler.ch\/fr\/recettes\/cordon-bleu-de-porc-et-ragout-de-potiron","title":{"rendered":"Cordon bleu de porc et rago\u00fbt de potiron"},"author":2,"featured_media":33667,"menu_order":0,"template":"","meta":{"inline_featured_image":false},"tags":[],"recipe_categories":[617],"et_countries":[],"recipe_main_ingredient":[591],"recipe_difficulty":[580],"recipe_preparation_time":[625],"recipe_diet_type":[],"recipe_saison":[540,548],"acf":{"recipe_preparation_time":625,"recipe_categories":617,"recipe_time_txt":"","recipe_type":64272,"recipe_difficulty":580,"recipe_diet_type":false,"recipe_main_ingredient":[591],"recipe_saison":[540,548],"recipe_count_portions":4,"recipe_ingedients":[{"recipe_ingedients_amount":"","recipe_ingedients_unit":"g","recipe_ingedients_product":""}],"temporare_zutaten":"2 CS de persil hach\u00e9\r\n75 g d\u2019Emmentaler AOP jeune, r\u00e2p\u00e9\r\n25 g de poudre de noisette\r\n4 escalopes de porc de 150 g chacune (filet, coup\u00e9es par le boucher pour des cordons bleus)\r\nSel, poivre\r\n1 CS de moutarde\r\n3 CS de farine\r\n1 \u0153uf battu\r\n50 g de chapelure\r\n2 CS de beurre \u00e0 r\u00f4tir\r\n600 g de chair de potiron\r\n1 CS de pur\u00e9e de tomate\r\n1 dl de jus d\u2019orange\r\n1 dl de bouillon\r\n3 CS de vinaigre de vin blanc\r\n3 CS de vinaigre de vin blanc 2 CS de basilic finement hach\u00e9","recipe_preparation":"<span style=\"font-weight: 400;\">M\u00e9langer le persil, l\u2019Emmentaler AOP et la poudre de noisette. Saler et poivrer les escalopes, badigeonner l\u2019int\u00e9rieur de moutarde. R\u00e9partir la farce sur les escalopes, refermer et bien presser les bords pour maintenir le tout. Passer la viande dans la farine, puis dans\u00a0 l\u2019\u0153uf et enfin, dans la chapelure.<\/span>\r\n\r\n<span style=\"font-weight: 400;\">Couper le potiron en d\u00e9s. Porter la pur\u00e9e de tomate, le jus d\u2019orange, le bouillon et le vinaigre \u00e0 \u00e9bullition. Ajouter le potiron et cuire jusqu\u2019\u00e0 tendret\u00e9. Si la sauce est trop liquide, laisser r\u00e9duire encore un peu. Rectifier l\u2019assaisonnement et ajouter le basilic.<\/span>\r\n\r\n<span style=\"font-weight: 400;\">Faire dorer la viande dans le beurre chaud environ 3\u00a0minutes de chaque c\u00f4t\u00e9, servir avec le rago\u00fbt de potiron. Se marie tr\u00e8s bien avec du riz noir ou du riz blanc.<\/span>","recipe_images":[33667]},"_links":{"self":[{"href":"https:\/\/www.emmentaler.ch\/fr\/wp-json\/wp\/v2\/recipes\/33651"}],"collection":[{"href":"https:\/\/www.emmentaler.ch\/fr\/wp-json\/wp\/v2\/recipes"}],"about":[{"href":"https:\/\/www.emmentaler.ch\/fr\/wp-json\/wp\/v2\/types\/recipes"}],"author":[{"embeddable":true,"href":"https:\/\/www.emmentaler.ch\/fr\/wp-json\/wp\/v2\/users\/2"}],"version-history":[{"count":0,"href":"https:\/\/www.emmentaler.ch\/fr\/wp-json\/wp\/v2\/recipes\/33651\/revisions"}],"acf:attachment":[{"embeddable":true,"href":"https:\/\/www.emmentaler.ch\/fr\/wp-json\/wp\/v2\/media\/33667"}],"acf:term":[{"embeddable":true,"taxonomy":"recipe_saison","href":"https:\/\/www.emmentaler.ch\/fr\/wp-json\/wp\/v2\/recipe_saison\/548"},{"embeddable":true,"taxonomy":"recipe_saison","href":"https:\/\/www.emmentaler.ch\/fr\/wp-json\/wp\/v2\/recipe_saison\/540"},{"embeddable":true,"taxonomy":"recipe_main_ingredient","href":"https:\/\/www.emmentaler.ch\/fr\/wp-json\/wp\/v2\/recipe_main_ingredient\/591"},{"embeddable":true,"taxonomy":"recipe_difficulty","href":"https:\/\/www.emmentaler.ch\/fr\/wp-json\/wp\/v2\/recipe_difficulty\/580"},{"embeddable":true,"taxonomy":"recipe_categories","href":"https:\/\/www.emmentaler.ch\/fr\/wp-json\/wp\/v2\/recipe_categories\/617"},{"embeddable":true,"taxonomy":"recipe_preparation_time","href":"https:\/\/www.emmentaler.ch\/fr\/wp-json\/wp\/v2\/recipe_preparation_time\/625"}],"acf:post":[{"embeddable":true,"href":"https:\/\/www.emmentaler.ch\/fr\/wp-json\/wp\/v2\/pages\/64272"}],"wp:featuredmedia":[{"embeddable":true,"href":"https:\/\/www.emmentaler.ch\/fr\/wp-json\/wp\/v2\/media\/33667"}],"wp:attachment":[{"href":"https:\/\/www.emmentaler.ch\/fr\/wp-json\/wp\/v2\/media?parent=33651"}],"wp:term":[{"taxonomy":"post_tag","embeddable":true,"href":"https:\/\/www.emmentaler.ch\/fr\/wp-json\/wp\/v2\/tags?post=33651"},{"taxonomy":"recipe_categories","embeddable":true,"href":"https:\/\/www.emmentaler.ch\/fr\/wp-json\/wp\/v2\/recipe_categories?post=33651"},{"taxonomy":"et_countries","embeddable":true,"href":"https:\/\/www.emmentaler.ch\/fr\/wp-json\/wp\/v2\/et_countries?post=33651"},{"taxonomy":"recipe_main_ingredient","embeddable":true,"href":"https:\/\/www.emmentaler.ch\/fr\/wp-json\/wp\/v2\/recipe_main_ingredient?post=33651"},{"taxonomy":"recipe_difficulty","embeddable":true,"href":"https:\/\/www.emmentaler.ch\/fr\/wp-json\/wp\/v2\/recipe_difficulty?post=33651"},{"taxonomy":"recipe_preparation_time","embeddable":true,"href":"https:\/\/www.emmentaler.ch\/fr\/wp-json\/wp\/v2\/recipe_preparation_time?post=33651"},{"taxonomy":"recipe_diet_type","embeddable":true,"href":"https:\/\/www.emmentaler.ch\/fr\/wp-json\/wp\/v2\/recipe_diet_type?post=33651"},{"taxonomy":"recipe_saison","embeddable":true,"href":"https:\/\/www.emmentaler.ch\/fr\/wp-json\/wp\/v2\/recipe_saison?post=33651"}],"curies":[{"name":"wp","href":"https:\/\/api.w.org\/{rel}","templated":true}]}}

Cordon bleu de porc et ragoût de potiron

2 CS de persil haché
75 g d’Emmentaler AOP jeune, râpé
25 g de poudre de noisette
4 escalopes de porc de 150 g chacune (filet, coupées par le boucher pour des cordons bleus)
Sel, poivre
1 CS de moutarde
3 CS de farine
1 œuf battu
50 g de chapelure
2 CS de beurre à rôtir
600 g de chair de potiron
1 CS de purée de tomate
1 dl de jus d’orange
1 dl de bouillon
3 CS de vinaigre de vin blanc
3 CS de vinaigre de vin blanc 2 CS de basilic finement haché

<span style="font-weight: 400;">Mélanger le persil, l’Emmentaler AOP et la poudre de noisette. Saler et poivrer les escalopes, badigeonner l’intérieur de moutarde. Répartir la farce sur les escalopes, refermer et bien presser les bords pour maintenir le tout. Passer la viande dans la farine, puis dans  l’œuf et enfin, dans la chapelure.</span>

<span style="font-weight: 400;">Couper le potiron en dés. Porter la purée de tomate, le jus d’orange, le bouillon et le vinaigre à ébullition. Ajouter le potiron et cuire jusqu’à tendreté. Si la sauce est trop liquide, laisser réduire encore un peu. Rectifier l’assaisonnement et ajouter le basilic.</span>

<span style="font-weight: 400;">Faire dorer la viande dans le beurre chaud environ 3 minutes de chaque côté, servir avec le ragoût de potiron. Se marie très bien avec du riz noir ou du riz blanc.</span>
