{"id":33682,"date":"2022-04-27T13:47:25","date_gmt":"2022-04-27T11:47:25","guid":{"rendered":"https:\/\/www.emmentaler.ch\/rezept\/filet-mignon-de-porc-et-polenta-aux-cepes"},"modified":"2022-08-15T10:44:54","modified_gmt":"2022-08-15T08:44:54","slug":"filet-mignon-de-porc-et-polenta-aux-cepes","status":"publish","type":"recipes","link":"https:\/\/www.emmentaler.ch\/fr\/recettes\/filet-mignon-de-porc-et-polenta-aux-cepes","title":{"rendered":"Filet mignon de porc et polenta aux c\u00e8pes"},"author":2,"featured_media":26302,"menu_order":0,"template":"","meta":{"inline_featured_image":false},"tags":[],"recipe_categories":[617],"et_countries":[],"recipe_main_ingredient":[591],"recipe_difficulty":[575],"recipe_preparation_time":[292],"recipe_diet_type":[],"recipe_saison":[559],"acf":{"recipe_preparation_time":292,"recipe_categories":617,"recipe_time_txt":"50 minutes + 30 minutes de trempage","recipe_type":64285,"recipe_difficulty":575,"recipe_diet_type":false,"recipe_main_ingredient":[591],"recipe_saison":[559],"recipe_count_portions":4,"recipe_ingedients":[{"recipe_ingedients_amount":"","recipe_ingedients_unit":"g","recipe_ingedients_product":""}],"temporare_zutaten":"20 g de c\u00e8pes d\u00e9shydrat\u00e9s\r\n1 oignon\r\n1 CS de beurre\r\n7 dl de bouillon\r\n3 dl de lait\r\n175 g de semoule de ma\u00efs Bramata\r\n100 g d\u2019Emmentaler AOP jeune, r\u00e2p\u00e9\r\nSel, poivre\r\n1 \u00e9chalote\r\n500 g de filet mignon de porc\r\nUn peu de thym\r\n2 CS d\u2019huile\r\n2 CC de sucre\r\n1 CC de farine\r\n3 dl de vin rouge","recipe_preparation":"<span style=\"font-weight: 400;\">Faire tremper les champignons 30\u00a0minutes, les \u00e9goutter soigneusement et les couper en petits morceaux. Hacher finement l\u2019oignon, faire revenir dans le beurre chaud avec les champignons. Ajouter le bouillon et le lait, porter \u00e0 \u00e9bullition, verser la semoule de ma\u00efs en pluie sans cesser de remuer. Laisser mijoter 45\u00a0minutes en remuant de temps en temps. Incorporer l\u2019Emmentaler AOP \u00e0 la polenta, saler et poivrer.<\/span>\r\n\r\n<span style=\"font-weight: 400;\">Hacher finement l\u2019\u00e9chalote. Saler et poivrer le filet mignon de porc. Parsemer de thym et saisir dans l\u2019huile chaude. Poser la viande sur une grille \u00e0 p\u00e2tisserie et cuire environ 15\u00a0minutes au four pr\u00e9chauff\u00e9 \u00e0 150\u00a0\u00b0C. M\u00e9langer l\u2019\u00e9chalote avec le sucre et la farine, verser dans la casserole l\u00e9g\u00e8rement refroidie et faire revenir \u00e0 feu doux. Ajouter le vin rouge petit \u00e0 petit et laisser r\u00e9duire un instant. Laisser mijoter 5-7 minutes, saler et poivrer.<\/span>\r\n\r\n<span style=\"font-weight: 400;\">Couper la viande, dresser avec la sauce et la polenta.<\/span>","recipe_images":[26302]},"_links":{"self":[{"href":"https:\/\/www.emmentaler.ch\/fr\/wp-json\/wp\/v2\/recipes\/33682"}],"collection":[{"href":"https:\/\/www.emmentaler.ch\/fr\/wp-json\/wp\/v2\/recipes"}],"about":[{"href":"https:\/\/www.emmentaler.ch\/fr\/wp-json\/wp\/v2\/types\/recipes"}],"author":[{"embeddable":true,"href":"https:\/\/www.emmentaler.ch\/fr\/wp-json\/wp\/v2\/users\/2"}],"version-history":[{"count":0,"href":"https:\/\/www.emmentaler.ch\/fr\/wp-json\/wp\/v2\/recipes\/33682\/revisions"}],"acf:attachment":[{"embeddable":true,"href":"https:\/\/www.emmentaler.ch\/fr\/wp-json\/wp\/v2\/media\/26302"}],"acf:term":[{"embeddable":true,"taxonomy":"recipe_saison","href":"https:\/\/www.emmentaler.ch\/fr\/wp-json\/wp\/v2\/recipe_saison\/559"},{"embeddable":true,"taxonomy":"recipe_main_ingredient","href":"https:\/\/www.emmentaler.ch\/fr\/wp-json\/wp\/v2\/recipe_main_ingredient\/591"},{"embeddable":true,"taxonomy":"recipe_difficulty","href":"https:\/\/www.emmentaler.ch\/fr\/wp-json\/wp\/v2\/recipe_difficulty\/575"},{"embeddable":true,"taxonomy":"recipe_categories","href":"https:\/\/www.emmentaler.ch\/fr\/wp-json\/wp\/v2\/recipe_categories\/617"},{"embeddable":true,"taxonomy":"recipe_preparation_time","href":"https:\/\/www.emmentaler.ch\/fr\/wp-json\/wp\/v2\/recipe_preparation_time\/292"}],"acf:post":[{"embeddable":true,"href":"https:\/\/www.emmentaler.ch\/fr\/wp-json\/wp\/v2\/pages\/64285"}],"wp:featuredmedia":[{"embeddable":true,"href":"https:\/\/www.emmentaler.ch\/fr\/wp-json\/wp\/v2\/media\/26302"}],"wp:attachment":[{"href":"https:\/\/www.emmentaler.ch\/fr\/wp-json\/wp\/v2\/media?parent=33682"}],"wp:term":[{"taxonomy":"post_tag","embeddable":true,"href":"https:\/\/www.emmentaler.ch\/fr\/wp-json\/wp\/v2\/tags?post=33682"},{"taxonomy":"recipe_categories","embeddable":true,"href":"https:\/\/www.emmentaler.ch\/fr\/wp-json\/wp\/v2\/recipe_categories?post=33682"},{"taxonomy":"et_countries","embeddable":true,"href":"https:\/\/www.emmentaler.ch\/fr\/wp-json\/wp\/v2\/et_countries?post=33682"},{"taxonomy":"recipe_main_ingredient","embeddable":true,"href":"https:\/\/www.emmentaler.ch\/fr\/wp-json\/wp\/v2\/recipe_main_ingredient?post=33682"},{"taxonomy":"recipe_difficulty","embeddable":true,"href":"https:\/\/www.emmentaler.ch\/fr\/wp-json\/wp\/v2\/recipe_difficulty?post=33682"},{"taxonomy":"recipe_preparation_time","embeddable":true,"href":"https:\/\/www.emmentaler.ch\/fr\/wp-json\/wp\/v2\/recipe_preparation_time?post=33682"},{"taxonomy":"recipe_diet_type","embeddable":true,"href":"https:\/\/www.emmentaler.ch\/fr\/wp-json\/wp\/v2\/recipe_diet_type?post=33682"},{"taxonomy":"recipe_saison","embeddable":true,"href":"https:\/\/www.emmentaler.ch\/fr\/wp-json\/wp\/v2\/recipe_saison?post=33682"}],"curies":[{"name":"wp","href":"https:\/\/api.w.org\/{rel}","templated":true}]}}

Filet mignon de porc et polenta aux cèpes

20 g de cèpes déshydratés
1 oignon
1 CS de beurre
7 dl de bouillon
3 dl de lait
175 g de semoule de maïs Bramata
100 g d’Emmentaler AOP jeune, râpé
Sel, poivre
1 échalote
500 g de filet mignon de porc
Un peu de thym
2 CS d’huile
2 CC de sucre
1 CC de farine
3 dl de vin rouge

<span style="font-weight: 400;">Faire tremper les champignons 30 minutes, les égoutter soigneusement et les couper en petits morceaux. Hacher finement l’oignon, faire revenir dans le beurre chaud avec les champignons. Ajouter le bouillon et le lait, porter à ébullition, verser la semoule de maïs en pluie sans cesser de remuer. Laisser mijoter 45 minutes en remuant de temps en temps. Incorporer l’Emmentaler AOP à la polenta, saler et poivrer.</span>

<span style="font-weight: 400;">Hacher finement l’échalote. Saler et poivrer le filet mignon de porc. Parsemer de thym et saisir dans l’huile chaude. Poser la viande sur une grille à pâtisserie et cuire environ 15 minutes au four préchauffé à 150 °C. Mélanger l’échalote avec le sucre et la farine, verser dans la casserole légèrement refroidie et faire revenir à feu doux. Ajouter le vin rouge petit à petit et laisser réduire un instant. Laisser mijoter 5-7 minutes, saler et poivrer.</span>

<span style="font-weight: 400;">Couper la viande, dresser avec la sauce et la polenta.</span>
