{"id":33744,"date":"2022-04-27T13:57:46","date_gmt":"2022-04-27T11:57:46","guid":{"rendered":"https:\/\/www.emmentaler.ch\/rezept\/cotelettes-et-chou-fleur-grille"},"modified":"2022-08-12T17:58:06","modified_gmt":"2022-08-12T15:58:06","slug":"cotelettes-et-chou-fleur-grille","status":"publish","type":"recipes","link":"https:\/\/www.emmentaler.ch\/fr\/recettes\/cotelettes-et-chou-fleur-grille","title":{"rendered":"C\u00f4telettes et chou-fleur grill\u00e9"},"author":2,"featured_media":33765,"menu_order":0,"template":"","meta":{"inline_featured_image":false},"tags":[],"recipe_categories":[617],"et_countries":[],"recipe_main_ingredient":[604,591],"recipe_difficulty":[580],"recipe_preparation_time":[294],"recipe_diet_type":[],"recipe_saison":[559],"acf":{"recipe_preparation_time":294,"recipe_categories":617,"recipe_time_txt":"","recipe_type":64290,"recipe_difficulty":580,"recipe_diet_type":false,"recipe_main_ingredient":[591,604],"recipe_saison":[559],"recipe_count_portions":4,"recipe_ingedients":[{"recipe_ingedients_amount":"","recipe_ingedients_unit":"g","recipe_ingedients_product":""}],"temporare_zutaten":"750 g de chou-fleur\r\n5 CS d\u2019huile de colza\r\nSel, poivre\r\n1 petit oignon\r\n1 gousse d\u2019ail\r\n75 g de lard\r\n100 g d\u2019Emmentaler AOP jeune\r\n4 tiges de marjolaine\r\n4 c\u00f4telettes de porc de 220 g chacune entaill\u00e9es par le boucher de fa\u00e7on \u00e0 former une poche","recipe_preparation":"<span style=\"font-weight: 400;\">Pr\u00e9chauffer le four \u00e0 220\u00a0degr\u00e9s (four traditionnel). Diviser le chou-fleur en fleurettes, mettre dans un saladier et bien m\u00e9langer avec 3\u00a0cuill\u00e8res \u00e0 soupe d\u2019huile, du sel et du poivre. R\u00e9partir sur une plaque \u00e0 four garnie de papier sulfuris\u00e9. Cuire au four \u00e0 mi-hauteur pendant 30\u00a0minutes.\u00a0<\/span><span style=\"font-weight: 400;\">Pendant ce temps, couper l\u2019ail et l\u2019oignon en petits d\u00e9s. Couper le lard en lamelles. Faire revenir le lard dans une po\u00eale sans ajouter de mati\u00e8re grasse. R\u00e9server dans un saladier et laisser refroidir.<\/span>\r\n\r\n<span style=\"font-weight: 400;\">R\u00e2per l\u2019Emmentaler AOP. Hacher grossi\u00e8rement les feuilles de marjolaine. Incorporer au m\u00e9lange lard-ail-oignon. Verser la pr\u00e9paration dans les c\u00f4telettes et bien appuyer.\u00a0<\/span>\r\n\r\n<span style=\"font-weight: 400;\">Au bout de 30\u00a0minutes de cuisson, baisser la temp\u00e9rature du four \u00e0 160\u00a0degr\u00e9s. Faire chauffer 2\u00a0cuill\u00e8res \u00e0 soupe d\u2019huile dans une po\u00eale. Saler et poivrer les c\u00f4telettes, les faire cuire \u00e0 feu vif environ 2\u00a0minutes de chaque c\u00f4t\u00e9. Poser sur la plaque de cuisson avec le chou-fleur et poursuivre la cuisson 8\u00a0\u00e0\u00a010\u00a0minutes au four \u00e0 mi-hauteur.<\/span>\r\n\r\n<span style=\"font-weight: 400;\">Conseil: servir avec un risotto.<\/span>","recipe_images":[33760]},"_links":{"self":[{"href":"https:\/\/www.emmentaler.ch\/fr\/wp-json\/wp\/v2\/recipes\/33744"}],"collection":[{"href":"https:\/\/www.emmentaler.ch\/fr\/wp-json\/wp\/v2\/recipes"}],"about":[{"href":"https:\/\/www.emmentaler.ch\/fr\/wp-json\/wp\/v2\/types\/recipes"}],"author":[{"embeddable":true,"href":"https:\/\/www.emmentaler.ch\/fr\/wp-json\/wp\/v2\/users\/2"}],"version-history":[{"count":0,"href":"https:\/\/www.emmentaler.ch\/fr\/wp-json\/wp\/v2\/recipes\/33744\/revisions"}],"acf:attachment":[{"embeddable":true,"href":"https:\/\/www.emmentaler.ch\/fr\/wp-json\/wp\/v2\/media\/33760"}],"acf:term":[{"embeddable":true,"taxonomy":"recipe_saison","href":"https:\/\/www.emmentaler.ch\/fr\/wp-json\/wp\/v2\/recipe_saison\/559"},{"embeddable":true,"taxonomy":"recipe_main_ingredient","href":"https:\/\/www.emmentaler.ch\/fr\/wp-json\/wp\/v2\/recipe_main_ingredient\/604"},{"embeddable":true,"taxonomy":"recipe_main_ingredient","href":"https:\/\/www.emmentaler.ch\/fr\/wp-json\/wp\/v2\/recipe_main_ingredient\/591"},{"embeddable":true,"taxonomy":"recipe_difficulty","href":"https:\/\/www.emmentaler.ch\/fr\/wp-json\/wp\/v2\/recipe_difficulty\/580"},{"embeddable":true,"taxonomy":"recipe_categories","href":"https:\/\/www.emmentaler.ch\/fr\/wp-json\/wp\/v2\/recipe_categories\/617"},{"embeddable":true,"taxonomy":"recipe_preparation_time","href":"https:\/\/www.emmentaler.ch\/fr\/wp-json\/wp\/v2\/recipe_preparation_time\/294"}],"acf:post":[{"embeddable":true,"href":"https:\/\/www.emmentaler.ch\/fr\/wp-json\/wp\/v2\/pages\/64290"}],"wp:featuredmedia":[{"embeddable":true,"href":"https:\/\/www.emmentaler.ch\/fr\/wp-json\/wp\/v2\/media\/33765"}],"wp:attachment":[{"href":"https:\/\/www.emmentaler.ch\/fr\/wp-json\/wp\/v2\/media?parent=33744"}],"wp:term":[{"taxonomy":"post_tag","embeddable":true,"href":"https:\/\/www.emmentaler.ch\/fr\/wp-json\/wp\/v2\/tags?post=33744"},{"taxonomy":"recipe_categories","embeddable":true,"href":"https:\/\/www.emmentaler.ch\/fr\/wp-json\/wp\/v2\/recipe_categories?post=33744"},{"taxonomy":"et_countries","embeddable":true,"href":"https:\/\/www.emmentaler.ch\/fr\/wp-json\/wp\/v2\/et_countries?post=33744"},{"taxonomy":"recipe_main_ingredient","embeddable":true,"href":"https:\/\/www.emmentaler.ch\/fr\/wp-json\/wp\/v2\/recipe_main_ingredient?post=33744"},{"taxonomy":"recipe_difficulty","embeddable":true,"href":"https:\/\/www.emmentaler.ch\/fr\/wp-json\/wp\/v2\/recipe_difficulty?post=33744"},{"taxonomy":"recipe_preparation_time","embeddable":true,"href":"https:\/\/www.emmentaler.ch\/fr\/wp-json\/wp\/v2\/recipe_preparation_time?post=33744"},{"taxonomy":"recipe_diet_type","embeddable":true,"href":"https:\/\/www.emmentaler.ch\/fr\/wp-json\/wp\/v2\/recipe_diet_type?post=33744"},{"taxonomy":"recipe_saison","embeddable":true,"href":"https:\/\/www.emmentaler.ch\/fr\/wp-json\/wp\/v2\/recipe_saison?post=33744"}],"curies":[{"name":"wp","href":"https:\/\/api.w.org\/{rel}","templated":true}]}}

Côtelettes et chou-fleur grillé

750 g de chou-fleur
5 CS d’huile de colza
Sel, poivre
1 petit oignon
1 gousse d’ail
75 g de lard
100 g d’Emmentaler AOP jeune
4 tiges de marjolaine
4 côtelettes de porc de 220 g chacune entaillées par le boucher de façon à former une poche

<span style="font-weight: 400;">Préchauffer le four à 220 degrés (four traditionnel). Diviser le chou-fleur en fleurettes, mettre dans un saladier et bien mélanger avec 3 cuillères à soupe d’huile, du sel et du poivre. Répartir sur une plaque à four garnie de papier sulfurisé. Cuire au four à mi-hauteur pendant 30 minutes. </span><span style="font-weight: 400;">Pendant ce temps, couper l’ail et l’oignon en petits dés. Couper le lard en lamelles. Faire revenir le lard dans une poêle sans ajouter de matière grasse. Réserver dans un saladier et laisser refroidir.</span>

<span style="font-weight: 400;">Râper l’Emmentaler AOP. Hacher grossièrement les feuilles de marjolaine. Incorporer au mélange lard-ail-oignon. Verser la préparation dans les côtelettes et bien appuyer. </span>

<span style="font-weight: 400;">Au bout de 30 minutes de cuisson, baisser la température du four à 160 degrés. Faire chauffer 2 cuillères à soupe d’huile dans une poêle. Saler et poivrer les côtelettes, les faire cuire à feu vif environ 2 minutes de chaque côté. Poser sur la plaque de cuisson avec le chou-fleur et poursuivre la cuisson 8 à 10 minutes au four à mi-hauteur.</span>

<span style="font-weight: 400;">Conseil: servir avec un risotto.</span>
