{"id":33775,"date":"2022-04-27T13:47:25","date_gmt":"2022-04-27T11:47:25","guid":{"rendered":"https:\/\/www.emmentaler.ch\/rezept\/terrine-de-fromage-et-bresaola"},"modified":"2024-07-02T12:28:30","modified_gmt":"2024-07-02T10:28:30","slug":"terrine-de-fromage-et-bresaola","status":"publish","type":"recipes","link":"https:\/\/www.emmentaler.ch\/fr\/recettes\/terrine-de-fromage-et-bresaola","title":{"rendered":"Terrine de fromage et bresaola"},"author":2,"featured_media":33796,"menu_order":0,"template":"","meta":{"inline_featured_image":false},"tags":[713],"recipe_categories":[728],"et_countries":[],"recipe_main_ingredient":[591],"recipe_difficulty":[580],"recipe_preparation_time":[278],"recipe_diet_type":[],"recipe_saison":[527,551,559],"acf":{"recipe_preparation_time":278,"recipe_categories":728,"recipe_time_txt":"30 minutes + 2 heures de trempage + 6 heures au r\u00e9frig\u00e9rateur","recipe_type":63911,"recipe_difficulty":580,"recipe_diet_type":false,"recipe_main_ingredient":[591],"recipe_saison":[527,559,551],"recipe_count_portions":8,"recipe_ingedients":[{"recipe_ingedients_amount":"","recipe_ingedients_unit":"g","recipe_ingedients_product":""}],"temporare_zutaten":"50 g de raisins secs\r\n2-3 CS de Porto\r\n50 g de cerneaux de noix\r\nEnviron 100 de bresaola*\r\n250 de QimiQ, \u00e0 temp\u00e9rature ambiante\r\n150 g d\u2019Emmentaler AOP r\u00e2p\u00e9\r\n1 dl de cr\u00e8me\r\nSel, poivre\r\n8 tranches de pain de mie","recipe_preparation":"Faire tremper les raisins secs environ 2 heures dans le Porto. Hacher grossi\u00e8rement les noix. Tapisser un moule \u00e0 terrine de film alimentaire. Garnir le moule de tranches de bresaola en les superposant l\u00e9g\u00e8rement.\r\n\r\nBattre le QimiQ \u00e0 l\u2019aide d\u2019un fouet jusqu\u2019\u00e0 obtention d\u2019une consistance cr\u00e9meuse. M\u00e9langer les raisins, le Porto, les noix et l\u2019Emmentaler AOP avec le QimiQ. Fouetter la cr\u00e8me et l\u2019incorporer d\u00e9licatement \u00e0 la pr\u00e9paration, saler et poivrer.\r\n\r\nVerser la pr\u00e9paration \u00e0 base de fromage dans une poche \u00e0 douille. R\u00e9partir la pr\u00e9paration dans le moule \u00e0 terrine, bien tasser. Laisser prendre au r\u00e9frig\u00e9rateur pendant la nuit.\r\n\r\nD\u00e9mouler la terrine sur une planche, retirer le film alimentaire. Couper la terrine en tranches. Toaster le pain de mie et d\u00e9couper des \u00e9toiles \u00e0 l\u2019emporte-pi\u00e8ce.\r\n\r\nConseil: servir avec une petite salade verte, ou retirer la bresaola et servir la terrine en dessert.\r\n\r\n*On peut remplacer la bresaola par une autre viande s\u00e9ch\u00e9e.","recipe_images":[26271]},"_links":{"self":[{"href":"https:\/\/www.emmentaler.ch\/fr\/wp-json\/wp\/v2\/recipes\/33775"}],"collection":[{"href":"https:\/\/www.emmentaler.ch\/fr\/wp-json\/wp\/v2\/recipes"}],"about":[{"href":"https:\/\/www.emmentaler.ch\/fr\/wp-json\/wp\/v2\/types\/recipes"}],"author":[{"embeddable":true,"href":"https:\/\/www.emmentaler.ch\/fr\/wp-json\/wp\/v2\/users\/2"}],"version-history":[{"count":1,"href":"https:\/\/www.emmentaler.ch\/fr\/wp-json\/wp\/v2\/recipes\/33775\/revisions"}],"predecessor-version":[{"id":137567,"href":"https:\/\/www.emmentaler.ch\/fr\/wp-json\/wp\/v2\/recipes\/33775\/revisions\/137567"}],"acf:attachment":[{"embeddable":true,"href":"https:\/\/www.emmentaler.ch\/fr\/wp-json\/wp\/v2\/media\/26271"}],"acf:term":[{"embeddable":true,"taxonomy":"recipe_saison","href":"https:\/\/www.emmentaler.ch\/fr\/wp-json\/wp\/v2\/recipe_saison\/551"},{"embeddable":true,"taxonomy":"recipe_saison","href":"https:\/\/www.emmentaler.ch\/fr\/wp-json\/wp\/v2\/recipe_saison\/559"},{"embeddable":true,"taxonomy":"recipe_saison","href":"https:\/\/www.emmentaler.ch\/fr\/wp-json\/wp\/v2\/recipe_saison\/527"},{"embeddable":true,"taxonomy":"recipe_main_ingredient","href":"https:\/\/www.emmentaler.ch\/fr\/wp-json\/wp\/v2\/recipe_main_ingredient\/591"},{"embeddable":true,"taxonomy":"recipe_difficulty","href":"https:\/\/www.emmentaler.ch\/fr\/wp-json\/wp\/v2\/recipe_difficulty\/580"},{"embeddable":true,"taxonomy":"recipe_categories","href":"https:\/\/www.emmentaler.ch\/fr\/wp-json\/wp\/v2\/recipe_categories\/728"},{"embeddable":true,"taxonomy":"recipe_preparation_time","href":"https:\/\/www.emmentaler.ch\/fr\/wp-json\/wp\/v2\/recipe_preparation_time\/278"}],"acf:post":[{"embeddable":true,"href":"https:\/\/www.emmentaler.ch\/fr\/wp-json\/wp\/v2\/pages\/63911"}],"wp:featuredmedia":[{"embeddable":true,"href":"https:\/\/www.emmentaler.ch\/fr\/wp-json\/wp\/v2\/media\/33796"}],"wp:attachment":[{"href":"https:\/\/www.emmentaler.ch\/fr\/wp-json\/wp\/v2\/media?parent=33775"}],"wp:term":[{"taxonomy":"post_tag","embeddable":true,"href":"https:\/\/www.emmentaler.ch\/fr\/wp-json\/wp\/v2\/tags?post=33775"},{"taxonomy":"recipe_categories","embeddable":true,"href":"https:\/\/www.emmentaler.ch\/fr\/wp-json\/wp\/v2\/recipe_categories?post=33775"},{"taxonomy":"et_countries","embeddable":true,"href":"https:\/\/www.emmentaler.ch\/fr\/wp-json\/wp\/v2\/et_countries?post=33775"},{"taxonomy":"recipe_main_ingredient","embeddable":true,"href":"https:\/\/www.emmentaler.ch\/fr\/wp-json\/wp\/v2\/recipe_main_ingredient?post=33775"},{"taxonomy":"recipe_difficulty","embeddable":true,"href":"https:\/\/www.emmentaler.ch\/fr\/wp-json\/wp\/v2\/recipe_difficulty?post=33775"},{"taxonomy":"recipe_preparation_time","embeddable":true,"href":"https:\/\/www.emmentaler.ch\/fr\/wp-json\/wp\/v2\/recipe_preparation_time?post=33775"},{"taxonomy":"recipe_diet_type","embeddable":true,"href":"https:\/\/www.emmentaler.ch\/fr\/wp-json\/wp\/v2\/recipe_diet_type?post=33775"},{"taxonomy":"recipe_saison","embeddable":true,"href":"https:\/\/www.emmentaler.ch\/fr\/wp-json\/wp\/v2\/recipe_saison?post=33775"}],"curies":[{"name":"wp","href":"https:\/\/api.w.org\/{rel}","templated":true}]}}

30 minutes + 2 heures de trempage + 6 heures au réfrigérateur

50 g de raisins secs
2-3 CS de Porto
50 g de cerneaux de noix
Environ 100 de bresaola*
250 de QimiQ, à température ambiante
150 g d’Emmentaler AOP râpé
1 dl de crème
Sel, poivre
8 tranches de pain de mie

Faire tremper les raisins secs environ 2 heures dans le Porto. Hacher grossièrement les noix. Tapisser un moule à terrine de film alimentaire. Garnir le moule de tranches de bresaola en les superposant légèrement.

Battre le QimiQ à l’aide d’un fouet jusqu’à obtention d’une consistance crémeuse. Mélanger les raisins, le Porto, les noix et l’Emmentaler AOP avec le QimiQ. Fouetter la crème et l’incorporer délicatement à la préparation, saler et poivrer.

Verser la préparation à base de fromage dans une poche à douille. Répartir la préparation dans le moule à terrine, bien tasser. Laisser prendre au réfrigérateur pendant la nuit.

Démouler la terrine sur une planche, retirer le film alimentaire. Couper la terrine en tranches. Toaster le pain de mie et découper des étoiles à l’emporte-pièce.

Conseil: servir avec une petite salade verte, ou retirer la bresaola et servir la terrine en dessert.

*On peut remplacer la bresaola par une autre viande séchée.
