{"id":33961,"date":"2022-04-27T13:57:46","date_gmt":"2022-04-27T11:57:46","guid":{"rendered":"https:\/\/www.emmentaler.ch\/rezept\/pommes-de-terre-en-papillote-au-mascarpone-et-a-lemmentaler-aop"},"modified":"2022-08-16T10:41:47","modified_gmt":"2022-08-16T08:41:47","slug":"pommes-de-terre-en-papillote-au-mascarpone-et-a-lemmentaler-aop","status":"publish","type":"recipes","link":"https:\/\/www.emmentaler.ch\/fr\/recettes\/pommes-de-terre-en-papillote-au-mascarpone-et-a-lemmentaler-aop","title":{"rendered":"Pommes de terre en papillote au mascarpone et \u00e0 l\u2019Emmentaler AOP"},"author":2,"featured_media":33977,"menu_order":0,"template":"","meta":{"inline_featured_image":false},"tags":[],"recipe_categories":[617],"et_countries":[],"recipe_main_ingredient":[604],"recipe_difficulty":[575],"recipe_preparation_time":[284],"recipe_diet_type":[564,572],"recipe_saison":[548,532,559],"acf":{"recipe_preparation_time":284,"recipe_categories":617,"recipe_time_txt":"","recipe_type":64272,"recipe_difficulty":575,"recipe_diet_type":[564,572],"recipe_main_ingredient":[604],"recipe_saison":[532,559,548],"recipe_count_portions":4,"recipe_ingedients":[{"recipe_ingedients_amount":"","recipe_ingedients_unit":"g","recipe_ingedients_product":""}],"temporare_zutaten":"200 g d\u2019Emmentaler AOP\r\n4 pommes de terre de taille moyenne ou grosse\r\n300 g de mascarpone\r\n\u00bd citron\r\n12 cerneaux de noix\r\n1 bouquet de ciboulette\r\nSel\r\nPoivre","recipe_preparation":"Laver soigneusement les pommes de terre,\u00a0 les frotter avec un peu de sel et emballer chaque pomme de terre dans une feuille d\u2019aluminium sans trop serrer. Piquer la feuille d\u2019aluminium \u00e0 plusieurs endroits et cuire les pommes de terre au four 50 \u00e0 60\u00a0minutes \u00e0 200\u00b0.\r\n\r\nPendant ce temps, pr\u00e9parer la sauce: m\u00e9langer le jus d\u2019\u00bd citron avec le mascarpone, ajouter 100\u00a0g d\u2019Emmentaler AOP r\u00e2p\u00e9 ou finement \u00e9cras\u00e9, les noix moulues et la ciboulette cisel\u00e9e. Saler.\r\n\r\nLorsque les pommes de terre sont cuites, ouvrir la feuille d\u2019aluminium, entailler la peau et \u00e9craser l\u00e9g\u00e8rement l\u2019int\u00e9rieur des pommes de terre avec un couteau. Former un creux et ajouter une grosse cuill\u00e8re de sauce. Les pommes de terre en papillote seront parfaites si vous les servez tr\u00e8s chaudes avec le reste d\u2019Emmentaler AOP finement r\u00e2p\u00e9 et le reste de sauce.","recipe_images":[26566]},"_links":{"self":[{"href":"https:\/\/www.emmentaler.ch\/fr\/wp-json\/wp\/v2\/recipes\/33961"}],"collection":[{"href":"https:\/\/www.emmentaler.ch\/fr\/wp-json\/wp\/v2\/recipes"}],"about":[{"href":"https:\/\/www.emmentaler.ch\/fr\/wp-json\/wp\/v2\/types\/recipes"}],"author":[{"embeddable":true,"href":"https:\/\/www.emmentaler.ch\/fr\/wp-json\/wp\/v2\/users\/2"}],"version-history":[{"count":0,"href":"https:\/\/www.emmentaler.ch\/fr\/wp-json\/wp\/v2\/recipes\/33961\/revisions"}],"acf:attachment":[{"embeddable":true,"href":"https:\/\/www.emmentaler.ch\/fr\/wp-json\/wp\/v2\/media\/26566"}],"acf:term":[{"embeddable":true,"taxonomy":"recipe_saison","href":"https:\/\/www.emmentaler.ch\/fr\/wp-json\/wp\/v2\/recipe_saison\/548"},{"embeddable":true,"taxonomy":"recipe_saison","href":"https:\/\/www.emmentaler.ch\/fr\/wp-json\/wp\/v2\/recipe_saison\/559"},{"embeddable":true,"taxonomy":"recipe_saison","href":"https:\/\/www.emmentaler.ch\/fr\/wp-json\/wp\/v2\/recipe_saison\/532"},{"embeddable":true,"taxonomy":"recipe_main_ingredient","href":"https:\/\/www.emmentaler.ch\/fr\/wp-json\/wp\/v2\/recipe_main_ingredient\/604"},{"embeddable":true,"taxonomy":"recipe_diet_type","href":"https:\/\/www.emmentaler.ch\/fr\/wp-json\/wp\/v2\/recipe_diet_type\/572"},{"embeddable":true,"taxonomy":"recipe_diet_type","href":"https:\/\/www.emmentaler.ch\/fr\/wp-json\/wp\/v2\/recipe_diet_type\/564"},{"embeddable":true,"taxonomy":"recipe_difficulty","href":"https:\/\/www.emmentaler.ch\/fr\/wp-json\/wp\/v2\/recipe_difficulty\/575"},{"embeddable":true,"taxonomy":"recipe_categories","href":"https:\/\/www.emmentaler.ch\/fr\/wp-json\/wp\/v2\/recipe_categories\/617"},{"embeddable":true,"taxonomy":"recipe_preparation_time","href":"https:\/\/www.emmentaler.ch\/fr\/wp-json\/wp\/v2\/recipe_preparation_time\/284"}],"acf:post":[{"embeddable":true,"href":"https:\/\/www.emmentaler.ch\/fr\/wp-json\/wp\/v2\/pages\/64272"}],"wp:featuredmedia":[{"embeddable":true,"href":"https:\/\/www.emmentaler.ch\/fr\/wp-json\/wp\/v2\/media\/33977"}],"wp:attachment":[{"href":"https:\/\/www.emmentaler.ch\/fr\/wp-json\/wp\/v2\/media?parent=33961"}],"wp:term":[{"taxonomy":"post_tag","embeddable":true,"href":"https:\/\/www.emmentaler.ch\/fr\/wp-json\/wp\/v2\/tags?post=33961"},{"taxonomy":"recipe_categories","embeddable":true,"href":"https:\/\/www.emmentaler.ch\/fr\/wp-json\/wp\/v2\/recipe_categories?post=33961"},{"taxonomy":"et_countries","embeddable":true,"href":"https:\/\/www.emmentaler.ch\/fr\/wp-json\/wp\/v2\/et_countries?post=33961"},{"taxonomy":"recipe_main_ingredient","embeddable":true,"href":"https:\/\/www.emmentaler.ch\/fr\/wp-json\/wp\/v2\/recipe_main_ingredient?post=33961"},{"taxonomy":"recipe_difficulty","embeddable":true,"href":"https:\/\/www.emmentaler.ch\/fr\/wp-json\/wp\/v2\/recipe_difficulty?post=33961"},{"taxonomy":"recipe_preparation_time","embeddable":true,"href":"https:\/\/www.emmentaler.ch\/fr\/wp-json\/wp\/v2\/recipe_preparation_time?post=33961"},{"taxonomy":"recipe_diet_type","embeddable":true,"href":"https:\/\/www.emmentaler.ch\/fr\/wp-json\/wp\/v2\/recipe_diet_type?post=33961"},{"taxonomy":"recipe_saison","embeddable":true,"href":"https:\/\/www.emmentaler.ch\/fr\/wp-json\/wp\/v2\/recipe_saison?post=33961"}],"curies":[{"name":"wp","href":"https:\/\/api.w.org\/{rel}","templated":true}]}}

Pommes de terre en papillote au mascarpone et à l’Emmentaler AOP

Laver soigneusement les pommes de terre,  les frotter avec un peu de sel et emballer chaque pomme de terre dans une feuille d’aluminium sans trop serrer. Piquer la feuille d’aluminium à plusieurs endroits et cuire les pommes de terre au four 50 à 60 minutes à 200°.

Pendant ce temps, préparer la sauce: mélanger le jus d’½ citron avec le mascarpone, ajouter 100 g d’Emmentaler AOP râpé ou finement écrasé, les noix moulues et la ciboulette ciselée. Saler.

Lorsque les pommes de terre sont cuites, ouvrir la feuille d’aluminium, entailler la peau et écraser légèrement l’intérieur des pommes de terre avec un couteau. Former un creux et ajouter une grosse cuillère de sauce. Les pommes de terre en papillote seront parfaites si vous les servez très chaudes avec le reste d’Emmentaler AOP finement râpé et le reste de sauce.
