{"id":33992,"date":"2022-04-27T13:57:46","date_gmt":"2022-04-27T11:57:46","guid":{"rendered":"https:\/\/www.emmentaler.ch\/rezept\/tomates-farcies-au-riz-et-a-lemmentaler-aop"},"modified":"2024-07-24T13:41:45","modified_gmt":"2024-07-24T11:41:45","slug":"tomates-farcies-au-riz-et-a-lemmentaler-aop","status":"publish","type":"recipes","link":"https:\/\/www.emmentaler.ch\/fr\/recettes\/tomates-farcies-au-riz-et-a-lemmentaler-aop","title":{"rendered":"Tomates farcies au riz et \u00e0 l\u2019Emmentaler AOP"},"author":2,"featured_media":34008,"menu_order":0,"template":"","meta":{"inline_featured_image":false},"tags":[802],"recipe_categories":[617],"et_countries":[],"recipe_main_ingredient":[604],"recipe_difficulty":[575],"recipe_preparation_time":[625],"recipe_diet_type":[564,572],"recipe_saison":[559],"acf":{"recipe_preparation_time":625,"recipe_categories":617,"recipe_time_txt":"","recipe_type":64272,"recipe_difficulty":575,"recipe_diet_type":[564,572],"recipe_main_ingredient":[604],"recipe_saison":[559],"recipe_count_portions":4,"recipe_ingedients":[{"recipe_ingedients_amount":"","recipe_ingedients_unit":"g","recipe_ingedients_product":""}],"temporare_zutaten":"200 g de riz long\r\n4 tomates c\u0153ur de b\u0153uf m\u00fbres (ou 4 grosses tomates ramati)\r\n8 tomates cerise\r\n150 g d\u2019Emmentaler AOP coup\u00e9 en petits d\u00e9s\r\n50 g de c\u00e2pres\r\n30 g de c\u00e2prons\r\n80 g d\u2019olives taggiasca d\u00e9noyaut\u00e9es\r\nHuile d\u2019olive extra vierge \u00e0 discr\u00e9tion\r\n1 CS de gros sel\r\n1 pinc\u00e9e de sel fin\r\n1 branche de menthe\r\nUn peu de zeste de citron non trait\u00e9","recipe_preparation":"Porter le riz \u00e0 \u00e9bullition avec le gros sel dans une grande quantit\u00e9 d\u2019eau. \u00c9goutter le riz d\u00e8s qu\u2019il est cuit et rincer \u00e0 l\u2019eau froide pendant quelques minutes. D\u00e9couper un couvercle sur le dessus des tomates, creuser ces derni\u00e8res avec pr\u00e9caution, couper la chair pr\u00e9lev\u00e9e en morceaux et r\u00e9server. Dans un saladier, m\u00e9langer le riz avec les olives, les c\u00e2pres, les tomates cerise coup\u00e9es en petits d\u00e9s et la chair des tomates c\u0153ur de b\u0153uf; assaisonner avec de l\u2019huile d\u2019olive et un peu de zeste de citron et m\u00e9langer d\u00e9licatement. Ajouter la menthe hach\u00e9e et 100\u00a0g d\u2019Emmentaler AOP coup\u00e9 en petits d\u00e9s. Saler et garnir les tomates avec la pr\u00e9paration \u00e0 base de riz. D\u00e9corer avec quelques d\u00e9s d\u2019Emmentaler AOP et les c\u00e2prons. Placer au r\u00e9frig\u00e9rateur jusqu\u2019au moment de servir.","recipe_images":[26597]},"_links":{"self":[{"href":"https:\/\/www.emmentaler.ch\/fr\/wp-json\/wp\/v2\/recipes\/33992"}],"collection":[{"href":"https:\/\/www.emmentaler.ch\/fr\/wp-json\/wp\/v2\/recipes"}],"about":[{"href":"https:\/\/www.emmentaler.ch\/fr\/wp-json\/wp\/v2\/types\/recipes"}],"author":[{"embeddable":true,"href":"https:\/\/www.emmentaler.ch\/fr\/wp-json\/wp\/v2\/users\/2"}],"version-history":[{"count":1,"href":"https:\/\/www.emmentaler.ch\/fr\/wp-json\/wp\/v2\/recipes\/33992\/revisions"}],"predecessor-version":[{"id":137879,"href":"https:\/\/www.emmentaler.ch\/fr\/wp-json\/wp\/v2\/recipes\/33992\/revisions\/137879"}],"acf:attachment":[{"embeddable":true,"href":"https:\/\/www.emmentaler.ch\/fr\/wp-json\/wp\/v2\/media\/26597"}],"acf:term":[{"embeddable":true,"taxonomy":"recipe_saison","href":"https:\/\/www.emmentaler.ch\/fr\/wp-json\/wp\/v2\/recipe_saison\/559"},{"embeddable":true,"taxonomy":"recipe_main_ingredient","href":"https:\/\/www.emmentaler.ch\/fr\/wp-json\/wp\/v2\/recipe_main_ingredient\/604"},{"embeddable":true,"taxonomy":"recipe_diet_type","href":"https:\/\/www.emmentaler.ch\/fr\/wp-json\/wp\/v2\/recipe_diet_type\/572"},{"embeddable":true,"taxonomy":"recipe_diet_type","href":"https:\/\/www.emmentaler.ch\/fr\/wp-json\/wp\/v2\/recipe_diet_type\/564"},{"embeddable":true,"taxonomy":"recipe_difficulty","href":"https:\/\/www.emmentaler.ch\/fr\/wp-json\/wp\/v2\/recipe_difficulty\/575"},{"embeddable":true,"taxonomy":"recipe_categories","href":"https:\/\/www.emmentaler.ch\/fr\/wp-json\/wp\/v2\/recipe_categories\/617"},{"embeddable":true,"taxonomy":"recipe_preparation_time","href":"https:\/\/www.emmentaler.ch\/fr\/wp-json\/wp\/v2\/recipe_preparation_time\/625"}],"acf:post":[{"embeddable":true,"href":"https:\/\/www.emmentaler.ch\/fr\/wp-json\/wp\/v2\/pages\/64272"}],"wp:featuredmedia":[{"embeddable":true,"href":"https:\/\/www.emmentaler.ch\/fr\/wp-json\/wp\/v2\/media\/34008"}],"wp:attachment":[{"href":"https:\/\/www.emmentaler.ch\/fr\/wp-json\/wp\/v2\/media?parent=33992"}],"wp:term":[{"taxonomy":"post_tag","embeddable":true,"href":"https:\/\/www.emmentaler.ch\/fr\/wp-json\/wp\/v2\/tags?post=33992"},{"taxonomy":"recipe_categories","embeddable":true,"href":"https:\/\/www.emmentaler.ch\/fr\/wp-json\/wp\/v2\/recipe_categories?post=33992"},{"taxonomy":"et_countries","embeddable":true,"href":"https:\/\/www.emmentaler.ch\/fr\/wp-json\/wp\/v2\/et_countries?post=33992"},{"taxonomy":"recipe_main_ingredient","embeddable":true,"href":"https:\/\/www.emmentaler.ch\/fr\/wp-json\/wp\/v2\/recipe_main_ingredient?post=33992"},{"taxonomy":"recipe_difficulty","embeddable":true,"href":"https:\/\/www.emmentaler.ch\/fr\/wp-json\/wp\/v2\/recipe_difficulty?post=33992"},{"taxonomy":"recipe_preparation_time","embeddable":true,"href":"https:\/\/www.emmentaler.ch\/fr\/wp-json\/wp\/v2\/recipe_preparation_time?post=33992"},{"taxonomy":"recipe_diet_type","embeddable":true,"href":"https:\/\/www.emmentaler.ch\/fr\/wp-json\/wp\/v2\/recipe_diet_type?post=33992"},{"taxonomy":"recipe_saison","embeddable":true,"href":"https:\/\/www.emmentaler.ch\/fr\/wp-json\/wp\/v2\/recipe_saison?post=33992"}],"curies":[{"name":"wp","href":"https:\/\/api.w.org\/{rel}","templated":true}]}}

Tomates farcies au riz et à l’Emmentaler AOP

200 g de riz long
4 tomates cœur de bœuf mûres (ou 4 grosses tomates ramati)
8 tomates cerise
150 g d’Emmentaler AOP coupé en petits dés
50 g de câpres
30 g de câprons
80 g d’olives taggiasca dénoyautées
Huile d’olive extra vierge à discrétion
1 CS de gros sel
1 pincée de sel fin
1 branche de menthe
Un peu de zeste de citron non traité

Porter le riz à ébullition avec le gros sel dans une grande quantité d’eau. Égoutter le riz dès qu’il est cuit et rincer à l’eau froide pendant quelques minutes. Découper un couvercle sur le dessus des tomates, creuser ces dernières avec précaution, couper la chair prélevée en morceaux et réserver. Dans un saladier, mélanger le riz avec les olives, les câpres, les tomates cerise coupées en petits dés et la chair des tomates cœur de bœuf; assaisonner avec de l’huile d’olive et un peu de zeste de citron et mélanger délicatement. Ajouter la menthe hachée et 100 g d’Emmentaler AOP coupé en petits dés. Saler et garnir les tomates avec la préparation à base de riz. Décorer avec quelques dés d’Emmentaler AOP et les câprons. Placer au réfrigérateur jusqu’au moment de servir.
