{"id":34085,"date":"2022-04-27T13:57:46","date_gmt":"2022-04-27T11:57:46","guid":{"rendered":"https:\/\/www.emmentaler.ch\/rezept\/batonnets-demmentaler-aop-et-dips-dhiver"},"modified":"2024-07-02T12:25:06","modified_gmt":"2024-07-02T10:25:06","slug":"batonnets-demmentaler-aop-et-dips-dhiver","status":"publish","type":"recipes","link":"https:\/\/www.emmentaler.ch\/fr\/recettes\/batonnets-demmentaler-aop-et-dips-dhiver","title":{"rendered":"B\u00e2tonnets d\u2019Emmentaler AOP et dips d\u2019hiver"},"author":2,"featured_media":90783,"menu_order":0,"template":"","meta":{"inline_featured_image":false},"tags":[713],"recipe_categories":[728],"et_countries":[],"recipe_main_ingredient":[604],"recipe_difficulty":[580],"recipe_preparation_time":[705],"recipe_diet_type":[572],"recipe_saison":[540,556],"acf":{"recipe_preparation_time":705,"recipe_categories":728,"recipe_time_txt":"1h 30 + temps de refroidissement","recipe_type":64290,"recipe_difficulty":580,"recipe_diet_type":[572],"recipe_main_ingredient":[604],"recipe_saison":[540,556],"recipe_count_portions":4,"recipe_ingedients":[{"recipe_ingedients_amount":"","recipe_ingedients_unit":"g","recipe_ingedients_product":""}],"temporare_zutaten":"400 g d\u2019Emmentaler AOP coup\u00e9 en b\u00e2tonnets\r\n250 g de potiron \u00e9pluch\u00e9\r\n70 g de sucre blanc\r\n250 g de marrons \u00e9pluch\u00e9s et pel\u00e9s\r\n1 orange\r\n1 CS de miel de ch\u00e2taigne\r\n250 g d\u2019oignons rouges \u00e9pluch\u00e9s et coup\u00e9s en rondelles\r\n1 feuille de laurier\r\n1 CS de cassonade\r\n1 CS de vinaigre de vin rouge\r\nGros sel\r\nHuile d\u2019olive extra vierge\r\nPoivre","recipe_preparation":"Commencer les sauces suffisamment \u00e0 l\u2019avance car elles doivent refroidir.\r\n\r\n<strong>Sauce au miel et aux marrons:<\/strong>\r\nM\u00e9langer 140 g de sucre avec la m\u00eame quantit\u00e9 d\u2019eau jusqu\u2019\u00e0 formation d\u2019un sirop. D\u00e8s que le sucre est dissout, ajouter les marrons cuits et un morceau d\u2019\u00e9corce d\u2019orange et laisser mijoter 15 minutes \u00e0 petit feu. Retirer l\u2019\u00e9corce d\u2019orange et mixer la pr\u00e9paration avec une cuill\u00e8re \u00e0 soupe de miel de ch\u00e2taigne et une pinc\u00e9e de sel.\r\n\r\n<strong>Compote d\u2019oignon:<\/strong>\r\nCouper les oignons en rondelles tr\u00e8s fines et faire suer dans une casserole avec une cuill\u00e8re \u00e0 soupe d\u2019huile et la feuille de laurier; saupoudrer de sucre et laisser fondre ce dernier jusqu\u2019\u00e0 ce qu\u2019il commence \u00e0 caram\u00e9liser. D\u00e9glacer avec le vinaigre et un peu d\u2019eau bouillante, ajouter une pinc\u00e9e de sel. Couvrir et laisser mijoter une demi-heure environ \u00e0 petit feu, remuer de temps \u00e0 autre pour que la compote n\u2019attache pas.\r\n\r\n<strong>Cr\u00e8me de potiron:<\/strong>\r\nCouper la chair de potiron en tranches, arroser d\u2019un peu d\u2019huile d\u2019olive, parsemer de quelques grains de gros sel et cuire au four \u00e0 170\u00b0C pendant 30 minutes. Lorsque le potiron est tendre, mixer finement jusqu\u2019\u00e0 obtention d\u2019une cr\u00e8me \u00e9paisse. Allonger si besoin avec un peu de bouillon de l\u00e9gumes. Assaisonner avec une cuill\u00e8re \u00e0 soupe d\u2019huile d\u2019olive et une bonne dose de poivre fra\u00eechement moulu.\r\nServir les b\u00e2tonnets d\u2019Emmentaler AOP avec les dips \u00e0 temp\u00e9rature ambiante.","recipe_images":[90783]},"_links":{"self":[{"href":"https:\/\/www.emmentaler.ch\/fr\/wp-json\/wp\/v2\/recipes\/34085"}],"collection":[{"href":"https:\/\/www.emmentaler.ch\/fr\/wp-json\/wp\/v2\/recipes"}],"about":[{"href":"https:\/\/www.emmentaler.ch\/fr\/wp-json\/wp\/v2\/types\/recipes"}],"author":[{"embeddable":true,"href":"https:\/\/www.emmentaler.ch\/fr\/wp-json\/wp\/v2\/users\/2"}],"version-history":[{"count":1,"href":"https:\/\/www.emmentaler.ch\/fr\/wp-json\/wp\/v2\/recipes\/34085\/revisions"}],"predecessor-version":[{"id":137561,"href":"https:\/\/www.emmentaler.ch\/fr\/wp-json\/wp\/v2\/recipes\/34085\/revisions\/137561"}],"acf:attachment":[{"embeddable":true,"href":"https:\/\/www.emmentaler.ch\/fr\/wp-json\/wp\/v2\/media\/90783"}],"acf:term":[{"embeddable":true,"taxonomy":"recipe_saison","href":"https:\/\/www.emmentaler.ch\/fr\/wp-json\/wp\/v2\/recipe_saison\/556"},{"embeddable":true,"taxonomy":"recipe_saison","href":"https:\/\/www.emmentaler.ch\/fr\/wp-json\/wp\/v2\/recipe_saison\/540"},{"embeddable":true,"taxonomy":"recipe_main_ingredient","href":"https:\/\/www.emmentaler.ch\/fr\/wp-json\/wp\/v2\/recipe_main_ingredient\/604"},{"embeddable":true,"taxonomy":"recipe_diet_type","href":"https:\/\/www.emmentaler.ch\/fr\/wp-json\/wp\/v2\/recipe_diet_type\/572"},{"embeddable":true,"taxonomy":"recipe_difficulty","href":"https:\/\/www.emmentaler.ch\/fr\/wp-json\/wp\/v2\/recipe_difficulty\/580"},{"embeddable":true,"taxonomy":"recipe_categories","href":"https:\/\/www.emmentaler.ch\/fr\/wp-json\/wp\/v2\/recipe_categories\/728"},{"embeddable":true,"taxonomy":"recipe_preparation_time","href":"https:\/\/www.emmentaler.ch\/fr\/wp-json\/wp\/v2\/recipe_preparation_time\/705"}],"acf:post":[{"embeddable":true,"href":"https:\/\/www.emmentaler.ch\/fr\/wp-json\/wp\/v2\/pages\/64290"}],"wp:featuredmedia":[{"embeddable":true,"href":"https:\/\/www.emmentaler.ch\/fr\/wp-json\/wp\/v2\/media\/90783"}],"wp:attachment":[{"href":"https:\/\/www.emmentaler.ch\/fr\/wp-json\/wp\/v2\/media?parent=34085"}],"wp:term":[{"taxonomy":"post_tag","embeddable":true,"href":"https:\/\/www.emmentaler.ch\/fr\/wp-json\/wp\/v2\/tags?post=34085"},{"taxonomy":"recipe_categories","embeddable":true,"href":"https:\/\/www.emmentaler.ch\/fr\/wp-json\/wp\/v2\/recipe_categories?post=34085"},{"taxonomy":"et_countries","embeddable":true,"href":"https:\/\/www.emmentaler.ch\/fr\/wp-json\/wp\/v2\/et_countries?post=34085"},{"taxonomy":"recipe_main_ingredient","embeddable":true,"href":"https:\/\/www.emmentaler.ch\/fr\/wp-json\/wp\/v2\/recipe_main_ingredient?post=34085"},{"taxonomy":"recipe_difficulty","embeddable":true,"href":"https:\/\/www.emmentaler.ch\/fr\/wp-json\/wp\/v2\/recipe_difficulty?post=34085"},{"taxonomy":"recipe_preparation_time","embeddable":true,"href":"https:\/\/www.emmentaler.ch\/fr\/wp-json\/wp\/v2\/recipe_preparation_time?post=34085"},{"taxonomy":"recipe_diet_type","embeddable":true,"href":"https:\/\/www.emmentaler.ch\/fr\/wp-json\/wp\/v2\/recipe_diet_type?post=34085"},{"taxonomy":"recipe_saison","embeddable":true,"href":"https:\/\/www.emmentaler.ch\/fr\/wp-json\/wp\/v2\/recipe_saison?post=34085"}],"curies":[{"name":"wp","href":"https:\/\/api.w.org\/{rel}","templated":true}]}}

Bâtonnets d’Emmentaler AOP et dips d’hiver

400 g d’Emmentaler AOP coupé en bâtonnets
250 g de potiron épluché
70 g de sucre blanc
250 g de marrons épluchés et pelés
1 orange
1 CS de miel de châtaigne
250 g d’oignons rouges épluchés et coupés en rondelles
1 feuille de laurier
1 CS de cassonade
1 CS de vinaigre de vin rouge
Gros sel
Huile d’olive extra vierge
Poivre

Commencer les sauces suffisamment à l’avance car elles doivent refroidir.

<strong>Sauce au miel et aux marrons:</strong>
Mélanger 140 g de sucre avec la même quantité d’eau jusqu’à formation d’un sirop. Dès que le sucre est dissout, ajouter les marrons cuits et un morceau d’écorce d’orange et laisser mijoter 15 minutes à petit feu. Retirer l’écorce d’orange et mixer la préparation avec une cuillère à soupe de miel de châtaigne et une pincée de sel.

<strong>Compote d’oignon:</strong>
Couper les oignons en rondelles très fines et faire suer dans une casserole avec une cuillère à soupe d’huile et la feuille de laurier; saupoudrer de sucre et laisser fondre ce dernier jusqu’à ce qu’il commence à caraméliser. Déglacer avec le vinaigre et un peu d’eau bouillante, ajouter une pincée de sel. Couvrir et laisser mijoter une demi-heure environ à petit feu, remuer de temps à autre pour que la compote n’attache pas.

<strong>Crème de potiron:</strong>
Couper la chair de potiron en tranches, arroser d’un peu d’huile d’olive, parsemer de quelques grains de gros sel et cuire au four à 170°C pendant 30 minutes. Lorsque le potiron est tendre, mixer finement jusqu’à obtention d’une crème épaisse. Allonger si besoin avec un peu de bouillon de légumes. Assaisonner avec une cuillère à soupe d’huile d’olive et une bonne dose de poivre fraîchement moulu.
Servir les bâtonnets d’Emmentaler AOP avec les dips à température ambiante.
