{"id":34178,"date":"2022-04-27T14:00:02","date_gmt":"2022-04-27T12:00:02","guid":{"rendered":"https:\/\/www.emmentaler.ch\/rezept\/petits-pains-et-frittata-aux-herbes-et-a-lemmentaler-aop"},"modified":"2024-07-02T12:09:04","modified_gmt":"2024-07-02T10:09:04","slug":"petits-pains-et-frittata","status":"publish","type":"recipes","link":"https:\/\/www.emmentaler.ch\/fr\/recettes\/petits-pains-et-frittata","title":{"rendered":"Petits pains et frittata aux herbes"},"author":2,"featured_media":48566,"menu_order":0,"template":"","meta":{"inline_featured_image":false},"tags":[],"recipe_categories":[609],"et_countries":[],"recipe_main_ingredient":[604],"recipe_difficulty":[575],"recipe_preparation_time":[272],"recipe_diet_type":[572],"recipe_saison":[559],"acf":{"recipe_preparation_time":272,"recipe_categories":609,"recipe_time_txt":"","recipe_type":63916,"recipe_difficulty":575,"recipe_diet_type":[572],"recipe_main_ingredient":[604],"recipe_saison":[559],"recipe_count_portions":4,"recipe_ingedients":[{"recipe_ingedients_amount":"","recipe_ingedients_unit":"g","recipe_ingedients_product":""}],"temporare_zutaten":"250 g d\u2019Emmentaler AOP en tranches\r\n4 \u0153ufs\r\nM\u00e9lange de fines herbes: persil, thym, marjolaine\r\n15 g d\u2019oignon\r\n4 tomates charnues\r\n4 grosses feuilles de laitue ou de batavia\r\n70 g de mayonnaise\r\n1 CS de ketchup\r\n1 petit cornichon\r\n2 CS d\u2019huile d\u2019olive extra vierge\r\nSel","recipe_preparation":"Battre les \u0153ufs dans un saladier, ajouter une pinc\u00e9e de sel et un peu de poivre et battre l\u00e9g\u00e8rement avec une fourchette.\r\nHacher les fines herbes et ajouter aux \u0153ufs.\r\nFaire chauffer l\u2019huile d\u2019olive dans une po\u00eale antiadh\u00e9sive, y faire revenir l\u2019oignon finement hach\u00e9, ajouter la pr\u00e9paration \u00e0 base d\u2019\u0153ufs, couvrir et cuire \u00e0 petit feu jusqu\u2019\u00e0 ce que la frittata soit prise. Retourner une fois.\r\nCouper la frittata en quatre.\r\nFendre les petits pains en deux et garnir imm\u00e9diatement de frittata. Refermer les petits pains et laisser reposer bri\u00e8vement pour que le pain prenne le go\u00fbt de la frittata chaude.\r\nPendant ce temps, m\u00e9langer la moiti\u00e9 de la mayonnaise avec le cornichon coup\u00e9 en tr\u00e8s petits d\u00e9s et l\u2019autre moiti\u00e9 avec une cuill\u00e8re \u00e0 soupe de ketchup.\r\nOuvrir de nouveau les petits pains, tartiner la partie inf\u00e9rieure avec une cuill\u00e8re \u00e0 soupe de sauce rouge et garnir avec les ingr\u00e9dients restants: une feuille de salade, la frittata, la tomate et les tranches d\u2019Emmentaler AOP. Tartiner la partie sup\u00e9rieure des petits pains avec la mayonnaise au cornichon et fermer les petits pains.","recipe_images":[26783]},"_links":{"self":[{"href":"https:\/\/www.emmentaler.ch\/fr\/wp-json\/wp\/v2\/recipes\/34178"}],"collection":[{"href":"https:\/\/www.emmentaler.ch\/fr\/wp-json\/wp\/v2\/recipes"}],"about":[{"href":"https:\/\/www.emmentaler.ch\/fr\/wp-json\/wp\/v2\/types\/recipes"}],"author":[{"embeddable":true,"href":"https:\/\/www.emmentaler.ch\/fr\/wp-json\/wp\/v2\/users\/2"}],"version-history":[{"count":1,"href":"https:\/\/www.emmentaler.ch\/fr\/wp-json\/wp\/v2\/recipes\/34178\/revisions"}],"predecessor-version":[{"id":137549,"href":"https:\/\/www.emmentaler.ch\/fr\/wp-json\/wp\/v2\/recipes\/34178\/revisions\/137549"}],"acf:attachment":[{"embeddable":true,"href":"https:\/\/www.emmentaler.ch\/fr\/wp-json\/wp\/v2\/media\/26783"}],"acf:term":[{"embeddable":true,"taxonomy":"recipe_saison","href":"https:\/\/www.emmentaler.ch\/fr\/wp-json\/wp\/v2\/recipe_saison\/559"},{"embeddable":true,"taxonomy":"recipe_main_ingredient","href":"https:\/\/www.emmentaler.ch\/fr\/wp-json\/wp\/v2\/recipe_main_ingredient\/604"},{"embeddable":true,"taxonomy":"recipe_diet_type","href":"https:\/\/www.emmentaler.ch\/fr\/wp-json\/wp\/v2\/recipe_diet_type\/572"},{"embeddable":true,"taxonomy":"recipe_difficulty","href":"https:\/\/www.emmentaler.ch\/fr\/wp-json\/wp\/v2\/recipe_difficulty\/575"},{"embeddable":true,"taxonomy":"recipe_categories","href":"https:\/\/www.emmentaler.ch\/fr\/wp-json\/wp\/v2\/recipe_categories\/609"},{"embeddable":true,"taxonomy":"recipe_preparation_time","href":"https:\/\/www.emmentaler.ch\/fr\/wp-json\/wp\/v2\/recipe_preparation_time\/272"}],"acf:post":[{"embeddable":true,"href":"https:\/\/www.emmentaler.ch\/fr\/wp-json\/wp\/v2\/pages\/63916"}],"wp:featuredmedia":[{"embeddable":true,"href":"https:\/\/www.emmentaler.ch\/fr\/wp-json\/wp\/v2\/media\/48566"}],"wp:attachment":[{"href":"https:\/\/www.emmentaler.ch\/fr\/wp-json\/wp\/v2\/media?parent=34178"}],"wp:term":[{"taxonomy":"post_tag","embeddable":true,"href":"https:\/\/www.emmentaler.ch\/fr\/wp-json\/wp\/v2\/tags?post=34178"},{"taxonomy":"recipe_categories","embeddable":true,"href":"https:\/\/www.emmentaler.ch\/fr\/wp-json\/wp\/v2\/recipe_categories?post=34178"},{"taxonomy":"et_countries","embeddable":true,"href":"https:\/\/www.emmentaler.ch\/fr\/wp-json\/wp\/v2\/et_countries?post=34178"},{"taxonomy":"recipe_main_ingredient","embeddable":true,"href":"https:\/\/www.emmentaler.ch\/fr\/wp-json\/wp\/v2\/recipe_main_ingredient?post=34178"},{"taxonomy":"recipe_difficulty","embeddable":true,"href":"https:\/\/www.emmentaler.ch\/fr\/wp-json\/wp\/v2\/recipe_difficulty?post=34178"},{"taxonomy":"recipe_preparation_time","embeddable":true,"href":"https:\/\/www.emmentaler.ch\/fr\/wp-json\/wp\/v2\/recipe_preparation_time?post=34178"},{"taxonomy":"recipe_diet_type","embeddable":true,"href":"https:\/\/www.emmentaler.ch\/fr\/wp-json\/wp\/v2\/recipe_diet_type?post=34178"},{"taxonomy":"recipe_saison","embeddable":true,"href":"https:\/\/www.emmentaler.ch\/fr\/wp-json\/wp\/v2\/recipe_saison?post=34178"}],"curies":[{"name":"wp","href":"https:\/\/api.w.org\/{rel}","templated":true}]}}

250 g d’Emmentaler AOP en tranches
4 œufs
Mélange de fines herbes: persil, thym, marjolaine
15 g d’oignon
4 tomates charnues
4 grosses feuilles de laitue ou de batavia
70 g de mayonnaise
1 CS de ketchup
1 petit cornichon
2 CS d’huile d’olive extra vierge
Sel

Battre les œufs dans un saladier, ajouter une pincée de sel et un peu de poivre et battre légèrement avec une fourchette.
Hacher les fines herbes et ajouter aux œufs.
Faire chauffer l’huile d’olive dans une poêle antiadhésive, y faire revenir l’oignon finement haché, ajouter la préparation à base d’œufs, couvrir et cuire à petit feu jusqu’à ce que la frittata soit prise. Retourner une fois.
Couper la frittata en quatre.
Fendre les petits pains en deux et garnir immédiatement de frittata. Refermer les petits pains et laisser reposer brièvement pour que le pain prenne le goût de la frittata chaude.
Pendant ce temps, mélanger la moitié de la mayonnaise avec le cornichon coupé en très petits dés et l’autre moitié avec une cuillère à soupe de ketchup.
Ouvrir de nouveau les petits pains, tartiner la partie inférieure avec une cuillère à soupe de sauce rouge et garnir avec les ingrédients restants: une feuille de salade, la frittata, la tomate et les tranches d’Emmentaler AOP. Tartiner la partie supérieure des petits pains avec la mayonnaise au cornichon et fermer les petits pains.
