{"id":34240,"date":"2022-04-27T14:00:02","date_gmt":"2022-04-27T12:00:02","guid":{"rendered":"https:\/\/www.emmentaler.ch\/rezept\/fusillis-tiedes-sauce-aux-petits-pois-et-a-lemmentaler-aop"},"modified":"2022-08-15T12:13:11","modified_gmt":"2022-08-15T10:13:11","slug":"fusillis-tiedes-sauce-aux-petits-pois-et-a-lemmentaler-aop","status":"publish","type":"recipes","link":"https:\/\/www.emmentaler.ch\/fr\/recettes\/fusillis-tiedes-sauce-aux-petits-pois-et-a-lemmentaler-aop","title":{"rendered":"Fusillis ti\u00e8des, sauce aux petits pois et \u00e0 l\u2019Emmentaler AOP"},"author":2,"featured_media":90764,"menu_order":0,"template":"","meta":{"inline_featured_image":false},"tags":[],"recipe_categories":[617],"et_countries":[],"recipe_main_ingredient":[604],"recipe_difficulty":[580],"recipe_preparation_time":[272],"recipe_diet_type":[567,572],"recipe_saison":[532],"acf":{"recipe_preparation_time":272,"recipe_categories":617,"recipe_time_txt":"","recipe_type":64283,"recipe_difficulty":580,"recipe_diet_type":[567,572],"recipe_main_ingredient":[604],"recipe_saison":[532],"recipe_count_portions":4,"recipe_ingedients":[{"recipe_ingedients_amount":"","recipe_ingedients_unit":"g","recipe_ingedients_product":""}],"temporare_zutaten":"360 g Fusilli\r\n500 g frische Erbsen\r\n2 Fr\u00fchlingszwiebeln\r\n160 g Emmentaler AOP\r\n60 g Pinienkerne\r\n2 Karotten\r\n80 ml Extravergine-Oliven\u00f6l\r\n1 Handvoll rosa Pfeffer\r\nGrobes Salz\r\n4 Zweige frisches Oregano\r\n1 halbes Glas Wasser","recipe_preparation":"Porter une grande quantit\u00e9 d\u2019eau sal\u00e9e \u00e0 \u00e9bullition dans une casserole.\r\n\u00c9cosser les petits pois. Couper les oignons nouveaux en fines rondelles et les faire revenir dans deux cuill\u00e8res \u00e0 soupe d\u2019huile d\u2019olive. Ajouter les petits pois apr\u00e8s quelques minutes.\r\nD\u00e9glacer avec un demi-verre d\u2019eau ti\u00e8de et laisser mijoter \u00e0 petit feu jusqu\u2019\u00e0 ce qu\u2019ils soient cuits. Saler.\r\nR\u00e9server quatre cuill\u00e8res \u00e0 soupe de petits pois et r\u00e9duire le reste en pur\u00e9e au mixeur plongeant.\r\n\u00c9plucher les carottes et les couper en fines rondelles. Faire chauffer 50 ml d\u2019huile d\u2019olive extra vierge dans une petite po\u00eale et y faire frire les carottes.\r\nCouper l\u2019Emmentaler AOP en petits d\u00e9s.\r\nCuire les p\u00e2tes, puis les \u00e9goutter et les passer bri\u00e8vement sous l\u2019eau froide. Ajouter la pur\u00e9e de petits pois, deux cuill\u00e8res \u00e0 soupe d\u2019huile d\u2019olive, les pignons de pin, le poivre, les petits pois entiers r\u00e9serv\u00e9s et les chips de carotte.\r\nPour finir, ajouter l\u2019Emmentaler AOP coup\u00e9 en petits d\u00e9s, les feuilles d\u2019origan, quelques grains de poivre rose et servir ti\u00e8de.","recipe_images":[90764]},"_links":{"self":[{"href":"https:\/\/www.emmentaler.ch\/fr\/wp-json\/wp\/v2\/recipes\/34240"}],"collection":[{"href":"https:\/\/www.emmentaler.ch\/fr\/wp-json\/wp\/v2\/recipes"}],"about":[{"href":"https:\/\/www.emmentaler.ch\/fr\/wp-json\/wp\/v2\/types\/recipes"}],"author":[{"embeddable":true,"href":"https:\/\/www.emmentaler.ch\/fr\/wp-json\/wp\/v2\/users\/2"}],"version-history":[{"count":0,"href":"https:\/\/www.emmentaler.ch\/fr\/wp-json\/wp\/v2\/recipes\/34240\/revisions"}],"acf:attachment":[{"embeddable":true,"href":"https:\/\/www.emmentaler.ch\/fr\/wp-json\/wp\/v2\/media\/90764"}],"acf:term":[{"embeddable":true,"taxonomy":"recipe_saison","href":"https:\/\/www.emmentaler.ch\/fr\/wp-json\/wp\/v2\/recipe_saison\/532"},{"embeddable":true,"taxonomy":"recipe_main_ingredient","href":"https:\/\/www.emmentaler.ch\/fr\/wp-json\/wp\/v2\/recipe_main_ingredient\/604"},{"embeddable":true,"taxonomy":"recipe_diet_type","href":"https:\/\/www.emmentaler.ch\/fr\/wp-json\/wp\/v2\/recipe_diet_type\/572"},{"embeddable":true,"taxonomy":"recipe_diet_type","href":"https:\/\/www.emmentaler.ch\/fr\/wp-json\/wp\/v2\/recipe_diet_type\/567"},{"embeddable":true,"taxonomy":"recipe_difficulty","href":"https:\/\/www.emmentaler.ch\/fr\/wp-json\/wp\/v2\/recipe_difficulty\/580"},{"embeddable":true,"taxonomy":"recipe_categories","href":"https:\/\/www.emmentaler.ch\/fr\/wp-json\/wp\/v2\/recipe_categories\/617"},{"embeddable":true,"taxonomy":"recipe_preparation_time","href":"https:\/\/www.emmentaler.ch\/fr\/wp-json\/wp\/v2\/recipe_preparation_time\/272"}],"acf:post":[{"embeddable":true,"href":"https:\/\/www.emmentaler.ch\/fr\/wp-json\/wp\/v2\/pages\/64283"}],"wp:featuredmedia":[{"embeddable":true,"href":"https:\/\/www.emmentaler.ch\/fr\/wp-json\/wp\/v2\/media\/90764"}],"wp:attachment":[{"href":"https:\/\/www.emmentaler.ch\/fr\/wp-json\/wp\/v2\/media?parent=34240"}],"wp:term":[{"taxonomy":"post_tag","embeddable":true,"href":"https:\/\/www.emmentaler.ch\/fr\/wp-json\/wp\/v2\/tags?post=34240"},{"taxonomy":"recipe_categories","embeddable":true,"href":"https:\/\/www.emmentaler.ch\/fr\/wp-json\/wp\/v2\/recipe_categories?post=34240"},{"taxonomy":"et_countries","embeddable":true,"href":"https:\/\/www.emmentaler.ch\/fr\/wp-json\/wp\/v2\/et_countries?post=34240"},{"taxonomy":"recipe_main_ingredient","embeddable":true,"href":"https:\/\/www.emmentaler.ch\/fr\/wp-json\/wp\/v2\/recipe_main_ingredient?post=34240"},{"taxonomy":"recipe_difficulty","embeddable":true,"href":"https:\/\/www.emmentaler.ch\/fr\/wp-json\/wp\/v2\/recipe_difficulty?post=34240"},{"taxonomy":"recipe_preparation_time","embeddable":true,"href":"https:\/\/www.emmentaler.ch\/fr\/wp-json\/wp\/v2\/recipe_preparation_time?post=34240"},{"taxonomy":"recipe_diet_type","embeddable":true,"href":"https:\/\/www.emmentaler.ch\/fr\/wp-json\/wp\/v2\/recipe_diet_type?post=34240"},{"taxonomy":"recipe_saison","embeddable":true,"href":"https:\/\/www.emmentaler.ch\/fr\/wp-json\/wp\/v2\/recipe_saison?post=34240"}],"curies":[{"name":"wp","href":"https:\/\/api.w.org\/{rel}","templated":true}]}}

Fusillis tièdes, sauce aux petits pois et à l’Emmentaler AOP

360 g Fusilli
500 g frische Erbsen
2 Frühlingszwiebeln
160 g Emmentaler AOP
60 g Pinienkerne
2 Karotten
80 ml Extravergine-Olivenöl
1 Handvoll rosa Pfeffer
Grobes Salz
4 Zweige frisches Oregano
1 halbes Glas Wasser

Porter une grande quantité d’eau salée à ébullition dans une casserole.
Écosser les petits pois. Couper les oignons nouveaux en fines rondelles et les faire revenir dans deux cuillères à soupe d’huile d’olive. Ajouter les petits pois après quelques minutes.
Déglacer avec un demi-verre d’eau tiède et laisser mijoter à petit feu jusqu’à ce qu’ils soient cuits. Saler.
Réserver quatre cuillères à soupe de petits pois et réduire le reste en purée au mixeur plongeant.
Éplucher les carottes et les couper en fines rondelles. Faire chauffer 50 ml d’huile d’olive extra vierge dans une petite poêle et y faire frire les carottes.
Couper l’Emmentaler AOP en petits dés.
Cuire les pâtes, puis les égoutter et les passer brièvement sous l’eau froide. Ajouter la purée de petits pois, deux cuillères à soupe d’huile d’olive, les pignons de pin, le poivre, les petits pois entiers réservés et les chips de carotte.
Pour finir, ajouter l’Emmentaler AOP coupé en petits dés, les feuilles d’origan, quelques grains de poivre rose et servir tiède.
