{"id":34303,"date":"2022-04-27T14:00:56","date_gmt":"2022-04-27T12:00:56","guid":{"rendered":"https:\/\/www.emmentaler.ch\/rezept\/rondo-tarte-a-lemmentaler-aop"},"modified":"2022-05-23T17:32:15","modified_gmt":"2022-05-23T15:32:15","slug":"rondo-tarte-a-lemmentaler-aop","status":"publish","type":"recipes","link":"https:\/\/www.emmentaler.ch\/fr\/recettes\/rondo-tarte-a-lemmentaler-aop","title":{"rendered":"Rondo (tarte) \u00e0 l\u2019Emmentaler AOP"},"author":2,"featured_media":34334,"menu_order":0,"template":"","meta":{"inline_featured_image":false},"tags":[],"recipe_categories":[606],"et_countries":[],"recipe_main_ingredient":[604],"recipe_difficulty":[580],"recipe_preparation_time":[274],"recipe_diet_type":[572],"recipe_saison":[559],"acf":{"recipe_preparation_time":274,"recipe_categories":606,"recipe_time_txt":"40 minutes, plus 60 minutes pour la cuisson","recipe_type":63911,"recipe_difficulty":580,"recipe_diet_type":[572],"recipe_main_ingredient":[604],"recipe_saison":[559],"recipe_count_portions":4,"recipe_ingedients":[{"recipe_ingedients_amount":"75","recipe_ingedients_unit":"g","recipe_ingedients_product":"farine"},{"recipe_ingedients_amount":"0.25","recipe_ingedients_unit":"Tl","recipe_ingedients_product":"sel"},{"recipe_ingedients_amount":"45","recipe_ingedients_unit":"ml","recipe_ingedients_product":"lait"},{"recipe_ingedients_amount":"1.25","recipe_ingedients_unit":"g","recipe_ingedients_product":"levure"},{"recipe_ingedients_amount":"10","recipe_ingedients_unit":"g","recipe_ingedients_product":"beurre, mou"},{"recipe_ingedients_amount":"37.5","recipe_ingedients_unit":"g","recipe_ingedients_product":"cr\u00e8me fra\u00eeche"},{"recipe_ingedients_amount":"50","recipe_ingedients_unit":"g","recipe_ingedients_product":"Emmentaler AOP"},{"recipe_ingedients_amount":"0.25","recipe_ingedients_unit":"St\u00fcck","recipe_ingedients_product":"jaune d'\u0153uf"},{"recipe_ingedients_amount":"25","recipe_ingedients_unit":"g","recipe_ingedients_product":"Courge (peut \u00eatre remplac\u00e9e par d'autres l\u00e9gumes ou champignons)"},{"recipe_ingedients_amount":"1","recipe_ingedients_unit":"Bd","recipe_ingedients_product":"oignons de printemps (oignons en botte)"},{"recipe_ingedients_amount":"","recipe_ingedients_unit":"Bedarf","recipe_ingedients_product":""}],"temporare_zutaten":"300 g Mehl\r\n1 TL Salz\r\n180 ml Milch\r\n5 g Hefe\r\n40 g Butter weich\r\n150 g Creme fraiche\r\n1 Eigelb\r\nMuskatnuss, Pfeffer, Paprika mild\r\n200 g Emmentaler AOP Tipps zur Wahl in den Notizen\r\n1 Stk Fr\u00fchligszwiebel (Bundzwiebel)\r\n100 g K\u00fcrbis (kann durch anderes Gem\u00fcse oder Pilze ersetzt werden)","recipe_preparation":"Chaud ou froid, \u00e0 l\u2019ap\u00e9ritif ou en plat principal, le rondo \u00e0 l\u2019Emmentaler AOP est toujours bienvenu.\r\n\r\n<strong>P\u00e2te lev\u00e9e<\/strong>\r\n<ol>\r\n \t<li>Faire chauffer le lait (\u00e0 37\u00b0C environ, si le lait est trop chaud, la levure perd toute son efficacit\u00e9) et y dissoudre la levure.<\/li>\r\n \t<li>P\u00e9trir tous les ingr\u00e9dients pendant une dizaine de minutes jusqu\u2019\u00e0 obtention d\u2019une p\u00e2te souple. Couvrir et laisser lever la p\u00e2te jusqu\u2019\u00e0 ce qu\u2019elle ait doubl\u00e9 de volume (env. 2 heures).<\/li>\r\n \t<li>Beurrer un moule \u00e0 tarte (ou un moule \u00e0 charni\u00e8re) de 28-30 cm de diam\u00e8tre et tapisser le fond de papier sulfuris\u00e9. Disposer la p\u00e2te dans le moule sans la p\u00e9trir et appuyer avec la paume de la main pour lui donner la forme et la taille souhait\u00e9es. M\u00e9nager un bord assez haut.<\/li>\r\n<\/ol>\r\n<strong>Garniture <\/strong>\r\n<ol>\r\n \t<li>Battre la cr\u00e8me fra\u00eeche le plus vite possible avec le jaune d\u2019\u0153uf et les \u00e9pices et r\u00e9partir sur la p\u00e2te. Laisser 1 cm de libre sur le bord. R\u00e9partir 3\/4 du potiron tranch\u00e9 et de l\u2019oignon \u00e9minc\u00e9 sur le m\u00e9lange.<\/li>\r\n \t<li>R\u00e9partir l\u2019Emmentaler AOP coup\u00e9 en d\u00e9s et le reste de potiron sur la pr\u00e9paration \u00e0 base de cr\u00e8me fra\u00eeche.<\/li>\r\n<\/ol>\r\n<strong>Cuisson<\/strong>\r\n<ol>\r\n \t<li>Enfourner le rondo \u00e0 four froid et r\u00e9gler la temp\u00e9rature \u00e0 50\u00b0C en mode cuisson traditionnelle et laisser cuire pendant 30\u00a0minutes. Monter la temp\u00e9rature \u00e0 180\u00b0C et poursuivre la cuisson pendant 25\u00a0minutes.<\/li>\r\n \t<li>Le rondo \u00e0 l\u2019Emmentaler AOP peut se servir froid ou chaud, \u00e0 l\u2019ap\u00e9ritif, \u00e0 picorer, en guise d\u2019en-cas ou avec une salade en entr\u00e9e ou en plat principal.<\/li>\r\n<\/ol>\r\n<strong>Variante mini rondo<\/strong>\r\n<ol>\r\n \t<li>R\u00e9partir la p\u00e2te en 20 boules de taille \u00e9gale. Disposer les boules dans des moules \u00e0 muffin beurr\u00e9s, aplatir et garnir. Pour cette variante, diviser les proportions de garniture par deux.<\/li>\r\n \t<li>Le mode de cuisson est le m\u00eame que pour le rondo \u00e0 l\u2019<strong>Emmentaler AOP<\/strong> grand mod\u00e8le, avec une r\u00e9duction du temps de cuisson \u00e0 180\u00b0C (18-20 minutes).<\/li>\r\n<\/ol>\r\n<strong>Notes<\/strong>\r\n\r\nLe choix du fromage d\u00e9termine la saveur plus ou moins \u00e9pic\u00e9e du plat.\r\n<ol>\r\n \t<li>Plut\u00f4t doux: <a href=\"https:\/\/www.emmentaler.ch\/de-CH\/sortiment\/emmentaler-aop-classic\/\"><strong>Emmentaler AOP Classic<\/strong><\/a><strong> 4 mois d\u2019affinage<\/strong><\/li>\r\n \t<li>D\u00e9licatement \u00e9pic\u00e9: <a href=\"https:\/\/www.emmentaler.ch\/de-CH\/sortiment\/emmentaler-aop-extra\/\"><strong>Emmentaler AOP Extra<\/strong><\/a><strong> 12 mois d\u2019affinage<\/strong><\/li>\r\n \t<li>\u00c9pic\u00e9: <strong>24 mois d\u2019affinage<\/strong>,<\/li>\r\n<\/ol>\r\nLe mieux est de demander conseil dans votre fromagerie habituelle!\r\n\r\n\u00a0\r\n\r\nAuteur: Caro & Tobi <a href=\"https:\/\/www.foodwerk.ch\/\">www.foodwerk.ch<\/a>\r\n\r\n\u00a0","recipe_images":[27062,27067,27072]},"_links":{"self":[{"href":"https:\/\/www.emmentaler.ch\/fr\/wp-json\/wp\/v2\/recipes\/34303"}],"collection":[{"href":"https:\/\/www.emmentaler.ch\/fr\/wp-json\/wp\/v2\/recipes"}],"about":[{"href":"https:\/\/www.emmentaler.ch\/fr\/wp-json\/wp\/v2\/types\/recipes"}],"author":[{"embeddable":true,"href":"https:\/\/www.emmentaler.ch\/fr\/wp-json\/wp\/v2\/users\/2"}],"version-history":[{"count":0,"href":"https:\/\/www.emmentaler.ch\/fr\/wp-json\/wp\/v2\/recipes\/34303\/revisions"}],"acf:attachment":[{"embeddable":true,"href":"https:\/\/www.emmentaler.ch\/fr\/wp-json\/wp\/v2\/media\/27072"},{"embeddable":true,"href":"https:\/\/www.emmentaler.ch\/fr\/wp-json\/wp\/v2\/media\/27067"},{"embeddable":true,"href":"https:\/\/www.emmentaler.ch\/fr\/wp-json\/wp\/v2\/media\/27062"}],"acf:term":[{"embeddable":true,"taxonomy":"recipe_saison","href":"https:\/\/www.emmentaler.ch\/fr\/wp-json\/wp\/v2\/recipe_saison\/559"},{"embeddable":true,"taxonomy":"recipe_main_ingredient","href":"https:\/\/www.emmentaler.ch\/fr\/wp-json\/wp\/v2\/recipe_main_ingredient\/604"},{"embeddable":true,"taxonomy":"recipe_diet_type","href":"https:\/\/www.emmentaler.ch\/fr\/wp-json\/wp\/v2\/recipe_diet_type\/572"},{"embeddable":true,"taxonomy":"recipe_difficulty","href":"https:\/\/www.emmentaler.ch\/fr\/wp-json\/wp\/v2\/recipe_difficulty\/580"},{"embeddable":true,"taxonomy":"recipe_categories","href":"https:\/\/www.emmentaler.ch\/fr\/wp-json\/wp\/v2\/recipe_categories\/606"},{"embeddable":true,"taxonomy":"recipe_preparation_time","href":"https:\/\/www.emmentaler.ch\/fr\/wp-json\/wp\/v2\/recipe_preparation_time\/274"}],"acf:post":[{"embeddable":true,"href":"https:\/\/www.emmentaler.ch\/fr\/wp-json\/wp\/v2\/pages\/63911"}],"wp:featuredmedia":[{"embeddable":true,"href":"https:\/\/www.emmentaler.ch\/fr\/wp-json\/wp\/v2\/media\/34334"}],"wp:attachment":[{"href":"https:\/\/www.emmentaler.ch\/fr\/wp-json\/wp\/v2\/media?parent=34303"}],"wp:term":[{"taxonomy":"post_tag","embeddable":true,"href":"https:\/\/www.emmentaler.ch\/fr\/wp-json\/wp\/v2\/tags?post=34303"},{"taxonomy":"recipe_categories","embeddable":true,"href":"https:\/\/www.emmentaler.ch\/fr\/wp-json\/wp\/v2\/recipe_categories?post=34303"},{"taxonomy":"et_countries","embeddable":true,"href":"https:\/\/www.emmentaler.ch\/fr\/wp-json\/wp\/v2\/et_countries?post=34303"},{"taxonomy":"recipe_main_ingredient","embeddable":true,"href":"https:\/\/www.emmentaler.ch\/fr\/wp-json\/wp\/v2\/recipe_main_ingredient?post=34303"},{"taxonomy":"recipe_difficulty","embeddable":true,"href":"https:\/\/www.emmentaler.ch\/fr\/wp-json\/wp\/v2\/recipe_difficulty?post=34303"},{"taxonomy":"recipe_preparation_time","embeddable":true,"href":"https:\/\/www.emmentaler.ch\/fr\/wp-json\/wp\/v2\/recipe_preparation_time?post=34303"},{"taxonomy":"recipe_diet_type","embeddable":true,"href":"https:\/\/www.emmentaler.ch\/fr\/wp-json\/wp\/v2\/recipe_diet_type?post=34303"},{"taxonomy":"recipe_saison","embeddable":true,"href":"https:\/\/www.emmentaler.ch\/fr\/wp-json\/wp\/v2\/recipe_saison?post=34303"}],"curies":[{"name":"wp","href":"https:\/\/api.w.org\/{rel}","templated":true}]}}

Rondo (tarte) à l’Emmentaler AOP

crème fraîche

Stück

jaune d'œuf

Courge (peut être remplacée par d'autres légumes ou champignons)

300 g Mehl
1 TL Salz
180 ml Milch
5 g Hefe
40 g Butter weich
150 g Creme fraiche
1 Eigelb
Muskatnuss, Pfeffer, Paprika mild
200 g Emmentaler AOP Tipps zur Wahl in den Notizen
1 Stk Frühligszwiebel (Bundzwiebel)
100 g Kürbis (kann durch anderes Gemüse oder Pilze ersetzt werden)

Chaud ou froid, à l’apéritif ou en plat principal, le rondo à l’Emmentaler AOP est toujours bienvenu.

<strong>Pâte levée</strong>
<ol>
 	<li>Faire chauffer le lait (à 37°C environ, si le lait est trop chaud, la levure perd toute son efficacité) et y dissoudre la levure.</li>
 	<li>Pétrir tous les ingrédients pendant une dizaine de minutes jusqu’à obtention d’une pâte souple. Couvrir et laisser lever la pâte jusqu’à ce qu’elle ait doublé de volume (env. 2 heures).</li>
 	<li>Beurrer un moule à tarte (ou un moule à charnière) de 28-30 cm de diamètre et tapisser le fond de papier sulfurisé. Disposer la pâte dans le moule sans la pétrir et appuyer avec la paume de la main pour lui donner la forme et la taille souhaitées. Ménager un bord assez haut.</li>
</ol>
<strong>Garniture </strong>
<ol>
 	<li>Battre la crème fraîche le plus vite possible avec le jaune d’œuf et les épices et répartir sur la pâte. Laisser 1 cm de libre sur le bord. Répartir 3/4 du potiron tranché et de l’oignon émincé sur le mélange.</li>
 	<li>Répartir l’Emmentaler AOP coupé en dés et le reste de potiron sur la préparation à base de crème fraîche.</li>
</ol>
<strong>Cuisson</strong>
<ol>
 	<li>Enfourner le rondo à four froid et régler la température à 50°C en mode cuisson traditionnelle et laisser cuire pendant 30 minutes. Monter la température à 180°C et poursuivre la cuisson pendant 25 minutes.</li>
 	<li>Le rondo à l’Emmentaler AOP peut se servir froid ou chaud, à l’apéritif, à picorer, en guise d’en-cas ou avec une salade en entrée ou en plat principal.</li>
</ol>
<strong>Variante mini rondo</strong>
<ol>
 	<li>Répartir la pâte en 20 boules de taille égale. Disposer les boules dans des moules à muffin beurrés, aplatir et garnir. Pour cette variante, diviser les proportions de garniture par deux.</li>
 	<li>Le mode de cuisson est le même que pour le rondo à l’<strong>Emmentaler AOP</strong> grand modèle, avec une réduction du temps de cuisson à 180°C (18-20 minutes).</li>
</ol>
<strong>Notes</strong>

Le choix du fromage détermine la saveur plus ou moins épicée du plat.
<ol>
 	<li>Plutôt doux: <a href="https://www.emmentaler.ch/de-CH/sortiment/emmentaler-aop-classic/"><strong>Emmentaler AOP Classic</strong></a><strong> 4 mois d’affinage</strong></li>
 	<li>Délicatement épicé: <a href="https://www.emmentaler.ch/de-CH/sortiment/emmentaler-aop-extra/"><strong>Emmentaler AOP Extra</strong></a><strong> 12 mois d’affinage</strong></li>
 	<li>Épicé: <strong>24 mois d’affinage</strong>,</li>
</ol>
Le mieux est de demander conseil dans votre fromagerie habituelle!

 

Auteur: Caro & Tobi <a href="https://www.foodwerk.ch/">www.foodwerk.ch</a>
