{"id":34380,"date":"2022-04-27T14:00:56","date_gmt":"2022-04-27T12:00:56","guid":{"rendered":"https:\/\/www.emmentaler.ch\/rezept\/tresse-perdue-mousse-au-babeurre-et-a-lemmentaler-aop-urtyp-et-billes-de-potiron-aigres-douces"},"modified":"2023-06-13T09:58:43","modified_gmt":"2023-06-13T07:58:43","slug":"tresse-perdue-mousse-au-babeurre-et-a-lemmentaler-aop-urtyp-et-billes-de-potiron-aigres-douces","status":"publish","type":"recipes","link":"https:\/\/www.emmentaler.ch\/fr\/recettes\/tresse-perdue-mousse-au-babeurre-et-a-lemmentaler-aop-urtyp-et-billes-de-potiron-aigres-douces","title":{"rendered":"Tresse perdue, mousse au babeurre et \u00e0 l\u2019Emmentaler AOP et billes de potiron aigres-douces"},"author":2,"featured_media":34401,"menu_order":0,"template":"","meta":{"inline_featured_image":false},"tags":[767,713],"recipe_categories":[615],"et_countries":[],"recipe_main_ingredient":[604],"recipe_difficulty":[580],"recipe_preparation_time":[278],"recipe_diet_type":[572],"recipe_saison":[559],"acf":{"recipe_preparation_time":278,"recipe_categories":615,"recipe_time_txt":"Mousse: env. 1h (+ 5 heures au r\u00e9frig\u00e9rateur)","recipe_type":64320,"recipe_difficulty":580,"recipe_diet_type":[572],"recipe_main_ingredient":[604],"recipe_saison":[559],"recipe_count_portions":4,"recipe_ingedients":[{"recipe_ingedients_amount":"0.25","recipe_ingedients_unit":"El","recipe_ingedients_product":"sucre"},{"recipe_ingedients_amount":"50","recipe_ingedients_unit":"ml","recipe_ingedients_product":"cr\u00e8me enti\u00e8re"},{"recipe_ingedients_amount":"0.25","recipe_ingedients_unit":"El","recipe_ingedients_product":"sel"},{"recipe_ingedients_amount":"200","recipe_ingedients_unit":"g","recipe_ingedients_product":"Emmentaler AOP URTYP\u00ae, r\u00e2p\u00e9"},{"recipe_ingedients_amount":"0.5","recipe_ingedients_unit":"St\u00fcck","recipe_ingedients_product":"g\u00e9latine, ramollie"},{"recipe_ingedients_amount":"50","recipe_ingedients_unit":"ml","recipe_ingedients_product":"babeurre, froid"},{"recipe_ingedients_amount":"25","recipe_ingedients_unit":"g","recipe_ingedients_product":"courge muscade, \u00e9pluch\u00e9e"},{"recipe_ingedients_amount":"50","recipe_ingedients_unit":"ml","recipe_ingedients_product":"eau"},{"recipe_ingedients_amount":"0.75","recipe_ingedients_unit":"El","recipe_ingedients_product":"sucre"},{"recipe_ingedients_amount":"0.25","recipe_ingedients_unit":"El","recipe_ingedients_product":"sel"},{"recipe_ingedients_amount":"25","recipe_ingedients_unit":"ml","recipe_ingedients_product":""},{"recipe_ingedients_amount":"0.25","recipe_ingedients_unit":"St\u00fcck","recipe_ingedients_product":""},{"recipe_ingedients_amount":"0.25","recipe_ingedients_unit":"St\u00fcck","recipe_ingedients_product":""},{"recipe_ingedients_amount":"0.25","recipe_ingedients_unit":"St\u00fcck","recipe_ingedients_product":""},{"recipe_ingedients_amount":"0.125","recipe_ingedients_unit":"St\u00fcck","recipe_ingedients_product":""},{"recipe_ingedients_amount":"0.25","recipe_ingedients_unit":"St\u00fcck","recipe_ingedients_product":""},{"recipe_ingedients_amount":"25","recipe_ingedients_unit":"ml","recipe_ingedients_product":""},{"recipe_ingedients_amount":"0.25","recipe_ingedients_unit":"Msp.","recipe_ingedients_product":""},{"recipe_ingedients_amount":"0.25","recipe_ingedients_unit":"Msp.","recipe_ingedients_product":""},{"recipe_ingedients_amount":"1","recipe_ingedients_unit":"St\u00fcck","recipe_ingedients_product":""},{"recipe_ingedients_amount":"0.5","recipe_ingedients_unit":"El","recipe_ingedients_product":""},{"recipe_ingedients_amount":"","recipe_ingedients_unit":"Bedarf","recipe_ingedients_product":""},{"recipe_ingedients_amount":"","recipe_ingedients_unit":"Bedarf","recipe_ingedients_product":""},{"recipe_ingedients_amount":"","recipe_ingedients_unit":"Bedarf","recipe_ingedients_product":""}],"temporare_zutaten":"1CS de sucre\r\n2 dl de cr\u00e8me enti\u00e8re\r\n1 CC de sel\r\n200 g d\u2019Emmentaler AOP URTYP, r\u00e2p\u00e9\r\n2 feuilles de g\u00e9latine, tremp\u00e9es\r\n2 dl de babeurre, froid\r\n100 g de potiron \u00e9pluch\u00e9\r\n2 dl d\u2019eau\r\n3 CS de sucre\r\n1 CC de sel\r\n1 dl de vinaigre balsamique blanc\r\n1 piment\r\n1 orange, le jus + un peu de zeste\r\n1 citron, le jus + un peu de zeste\r\n\u00bd b\u00e2ton de cannelle\r\n1 \u0153uf\r\n1 dl de lait\r\n1 pinc\u00e9e de sel\r\n1 pinc\u00e9e de sucre\r\n4 tranches de tresse au beurre\r\n2 CS de beurre\r\nGraines de courge, caram\u00e9lis\u00e9es\r\nHuile de p\u00e9pins de courge\r\nFils de safran","recipe_preparation":"<u>Mousse \u00e0 l\u2019Emmentaler AOP URTYP\r\n<\/u>Faire caram\u00e9liser le sucre, d\u00e9glacer avec la cr\u00e8me, saler et porter \u00e0 \u00e9bullition. Retirer du feu, incorporer l\u2019Emmentaler AOP URTYP, laisser refroidir. Verser la pr\u00e9paration dans une passoire fine et bien essorer la p\u00e2te \u00e0 base de fromage. R\u00e9chauffer la g\u00e9latine tremp\u00e9e avec un peu d\u2019eau, ajouter \u00e0 la pr\u00e9paration. Ajouter le babeurre et mixer bri\u00e8vement. Passer de nouveau dans une passoire fine, verser dans un siphon \u00e0 chantilly et injecter le gaz. Placer pendant 4 heures au r\u00e9frig\u00e9rateur.\r\n\r\n<u>Billes de potiron\r\n<\/u>Porter tous les ingr\u00e9dients (jusqu'au b\u00e2ton de cannelle) \u00e0 \u00e9bullition, \u00e0 l\u2019exception du potiron. Former des petites billes de potiron \u00e0 l\u2019aide d\u2019une cuill\u00e8re parisienne, ajouter dans le fond et porter de nouveau \u00e0 \u00e9bullition. Verser le tout dans un bocal st\u00e9rilis\u00e9, fermer et laisser refroidir.\r\n\r\n<u>Tresse au beurre perdue et d\u00e9coration\r\n<\/u>M\u00e9langer l\u2019\u0153uf, le lait, le sel et le sucre dans un moule \u00e0 gratin. Plonger les tranches de tresse, laisser reposer environ 5\u00a0minutes des deux c\u00f4t\u00e9s. Couper les tranches de tresse en d\u00e9s. Faire chauffer le beurre dans une po\u00eale. R\u00e9duire le feu, faire dorer les d\u00e9s de tresses sur toutes les faces petit \u00e0 petit jusqu\u2019\u00e0 ce qu\u2019ils soient dor\u00e9s.\r\n\r\nDressage: mettre les d\u00e9s de tresse chauds avec les billes de potiron dans un joli verre. Couvrir de mousse. Garnir de graines de courge caram\u00e9lis\u00e9es, d\u2019huile de p\u00e9pins de courge, de fils de safran et d\u2019Emmentaler AOP URTYP finement r\u00e2p\u00e9.\r\n\r\n\u00a0","recipe_images":[34391,34396]},"_links":{"self":[{"href":"https:\/\/www.emmentaler.ch\/fr\/wp-json\/wp\/v2\/recipes\/34380"}],"collection":[{"href":"https:\/\/www.emmentaler.ch\/fr\/wp-json\/wp\/v2\/recipes"}],"about":[{"href":"https:\/\/www.emmentaler.ch\/fr\/wp-json\/wp\/v2\/types\/recipes"}],"author":[{"embeddable":true,"href":"https:\/\/www.emmentaler.ch\/fr\/wp-json\/wp\/v2\/users\/2"}],"version-history":[{"count":0,"href":"https:\/\/www.emmentaler.ch\/fr\/wp-json\/wp\/v2\/recipes\/34380\/revisions"}],"acf:attachment":[{"embeddable":true,"href":"https:\/\/www.emmentaler.ch\/fr\/wp-json\/wp\/v2\/media\/34396"},{"embeddable":true,"href":"https:\/\/www.emmentaler.ch\/fr\/wp-json\/wp\/v2\/media\/34391"}],"acf:term":[{"embeddable":true,"taxonomy":"recipe_saison","href":"https:\/\/www.emmentaler.ch\/fr\/wp-json\/wp\/v2\/recipe_saison\/559"},{"embeddable":true,"taxonomy":"recipe_main_ingredient","href":"https:\/\/www.emmentaler.ch\/fr\/wp-json\/wp\/v2\/recipe_main_ingredient\/604"},{"embeddable":true,"taxonomy":"recipe_diet_type","href":"https:\/\/www.emmentaler.ch\/fr\/wp-json\/wp\/v2\/recipe_diet_type\/572"},{"embeddable":true,"taxonomy":"recipe_difficulty","href":"https:\/\/www.emmentaler.ch\/fr\/wp-json\/wp\/v2\/recipe_difficulty\/580"},{"embeddable":true,"taxonomy":"recipe_categories","href":"https:\/\/www.emmentaler.ch\/fr\/wp-json\/wp\/v2\/recipe_categories\/615"},{"embeddable":true,"taxonomy":"recipe_preparation_time","href":"https:\/\/www.emmentaler.ch\/fr\/wp-json\/wp\/v2\/recipe_preparation_time\/278"}],"acf:post":[{"embeddable":true,"href":"https:\/\/www.emmentaler.ch\/fr\/wp-json\/wp\/v2\/pages\/64320"}],"wp:featuredmedia":[{"embeddable":true,"href":"https:\/\/www.emmentaler.ch\/fr\/wp-json\/wp\/v2\/media\/34401"}],"wp:attachment":[{"href":"https:\/\/www.emmentaler.ch\/fr\/wp-json\/wp\/v2\/media?parent=34380"}],"wp:term":[{"taxonomy":"post_tag","embeddable":true,"href":"https:\/\/www.emmentaler.ch\/fr\/wp-json\/wp\/v2\/tags?post=34380"},{"taxonomy":"recipe_categories","embeddable":true,"href":"https:\/\/www.emmentaler.ch\/fr\/wp-json\/wp\/v2\/recipe_categories?post=34380"},{"taxonomy":"et_countries","embeddable":true,"href":"https:\/\/www.emmentaler.ch\/fr\/wp-json\/wp\/v2\/et_countries?post=34380"},{"taxonomy":"recipe_main_ingredient","embeddable":true,"href":"https:\/\/www.emmentaler.ch\/fr\/wp-json\/wp\/v2\/recipe_main_ingredient?post=34380"},{"taxonomy":"recipe_difficulty","embeddable":true,"href":"https:\/\/www.emmentaler.ch\/fr\/wp-json\/wp\/v2\/recipe_difficulty?post=34380"},{"taxonomy":"recipe_preparation_time","embeddable":true,"href":"https:\/\/www.emmentaler.ch\/fr\/wp-json\/wp\/v2\/recipe_preparation_time?post=34380"},{"taxonomy":"recipe_diet_type","embeddable":true,"href":"https:\/\/www.emmentaler.ch\/fr\/wp-json\/wp\/v2\/recipe_diet_type?post=34380"},{"taxonomy":"recipe_saison","embeddable":true,"href":"https:\/\/www.emmentaler.ch\/fr\/wp-json\/wp\/v2\/recipe_saison?post=34380"}],"curies":[{"name":"wp","href":"https:\/\/api.w.org\/{rel}","templated":true}]}}

Tresse perdue, mousse au babeurre et à l’Emmentaler AOP et billes de potiron aigres-douces

Mousse: env. 1h (+ 5 heures au réfrigérateur)

crème entière

Emmentaler AOP URTYP®, râpé

Stück

gélatine, ramollie

courge muscade, épluchée

1CS de sucre
2 dl de crème entière
1 CC de sel
200 g d’Emmentaler AOP URTYP, râpé
2 feuilles de gélatine, trempées
2 dl de babeurre, froid
100 g de potiron épluché
2 dl d’eau
3 CS de sucre
1 CC de sel
1 dl de vinaigre balsamique blanc
1 piment
1 orange, le jus + un peu de zeste
1 citron, le jus + un peu de zeste
½ bâton de cannelle
1 œuf
1 dl de lait
1 pincée de sel
1 pincée de sucre
4 tranches de tresse au beurre
2 CS de beurre
Graines de courge, caramélisées
Huile de pépins de courge
Fils de safran

<u>Mousse à l’Emmentaler AOP URTYP
</u>Faire caraméliser le sucre, déglacer avec la crème, saler et porter à ébullition. Retirer du feu, incorporer l’Emmentaler AOP URTYP, laisser refroidir. Verser la préparation dans une passoire fine et bien essorer la pâte à base de fromage. Réchauffer la gélatine trempée avec un peu d’eau, ajouter à la préparation. Ajouter le babeurre et mixer brièvement. Passer de nouveau dans une passoire fine, verser dans un siphon à chantilly et injecter le gaz. Placer pendant 4 heures au réfrigérateur.

<u>Billes de potiron
</u>Porter tous les ingrédients (jusqu'au bâton de cannelle) à ébullition, à l’exception du potiron. Former des petites billes de potiron à l’aide d’une cuillère parisienne, ajouter dans le fond et porter de nouveau à ébullition. Verser le tout dans un bocal stérilisé, fermer et laisser refroidir.

<u>Tresse au beurre perdue et décoration
</u>Mélanger l’œuf, le lait, le sel et le sucre dans un moule à gratin. Plonger les tranches de tresse, laisser reposer environ 5 minutes des deux côtés. Couper les tranches de tresse en dés. Faire chauffer le beurre dans une poêle. Réduire le feu, faire dorer les dés de tresses sur toutes les faces petit à petit jusqu’à ce qu’ils soient dorés.

Dressage: mettre les dés de tresse chauds avec les billes de potiron dans un joli verre. Couvrir de mousse. Garnir de graines de courge caramélisées, d’huile de pépins de courge, de fils de safran et d’Emmentaler AOP URTYP finement râpé.
