{"id":72967,"date":"2022-04-27T13:33:36","date_gmt":"2022-04-27T11:33:36","guid":{"rendered":"https:\/\/www.emmentaler.ch\/rezept\/puff-pastry-with-emmentaler-aop"},"modified":"2022-08-18T15:54:01","modified_gmt":"2022-08-18T13:54:01","slug":"puff-pastry-with-emmentaler-aop","status":"publish","type":"recipes","link":"https:\/\/www.emmentaler.ch\/fr\/recettes\/puff-pastry-with-emmentaler-aop","title":{"rendered":"Puff pastry with Emmentaler AOP"},"author":2,"featured_media":19906,"menu_order":0,"template":"","meta":{"inline_featured_image":false},"tags":[],"recipe_categories":[606],"et_countries":[],"recipe_main_ingredient":[596],"recipe_difficulty":[575],"recipe_preparation_time":[294],"recipe_diet_type":[567,572],"recipe_saison":[540,535,548,527,556],"acf":{"recipe_preparation_time":294,"recipe_categories":606,"recipe_time_txt":"30 minutes, plus 20 minutes for baking","recipe_type":64247,"recipe_difficulty":575,"recipe_diet_type":[567,572],"recipe_main_ingredient":[596],"recipe_saison":[527,535,540,548,556],"recipe_count_portions":4,"recipe_ingedients":[{"recipe_ingedients_amount":"12.5","recipe_ingedients_unit":"g","recipe_ingedients_product":"de poireau"},{"recipe_ingedients_amount":".125","recipe_ingedients_unit":"St\u00fcck","recipe_ingedients_product":"poire"},{"recipe_ingedients_amount":"31.25","recipe_ingedients_unit":"g","recipe_ingedients_product":"Emmentaler AOP"},{"recipe_ingedients_amount":"1","recipe_ingedients_unit":"St\u00fcck","recipe_ingedients_product":"brins de marjolaine"},{"recipe_ingedients_amount":".25","recipe_ingedients_unit":"El","recipe_ingedients_product":"de moutarde \u00e0 gros grains"},{"recipe_ingedients_amount":".25","recipe_ingedients_unit":"St\u00fcck","recipe_ingedients_product":"\u0153uf"},{"recipe_ingedients_amount":".25","recipe_ingedients_unit":"St\u00fcck","recipe_ingedients_product":"p\u00e2te feuillet\u00e9e rectangulaire abaiss\u00e9e, 300 g environ"}],"temporare_zutaten":"50 g de poireau\r\n\u00bd poire\r\n125 g de Emmentaler AOP\r\n3-5 brins de marjolaine\r\n1 c. \u00e0 s. de moutarde \u00e0 gros grains\r\n1 \u0153uf\r\n1 p\u00e2te feuillet\u00e9e rectangulaire abaiss\u00e9e, 300 g environ","recipe_preparation":"Couper le poireau en rondelles de 2-3 mm, les faire cuire \u00e0 la vapeur 3 minutes et laisser refroidir. Eplucher la poire, l\u2019\u00e9p\u00e9piner et la couper en d\u00e9s de 5 mm. R\u00e2per grossi\u00e8rement le Emmentaler AOP. Effeuiller les brins de marjolaine. Mettre le poireau, la poire, le Emmentaler AOP et la marjolaine dans un saladier, bien m\u00e9langer avec la moutarde et presser un peu cette farce.\r\n\r\nS\u00e9parer le blanc du jaune. Couper la p\u00e2te feuillet\u00e9e en 8 carr\u00e9s de taille \u00e9gale. Badigeonner le pourtour (1 cm) de blanc d\u2019\u0153uf. R\u00e9partir la farce au milieu de du carr\u00e9 de p\u00e2te. Replier les c\u00f4t\u00e9s en diagonale pour former des triangles, presser fermement les bords. Badigeonner les chaussons avec le jaune d\u2019\u0153uf battu.\r\n\r\nDisposer les chaussons sur une plaque allant au four recouverte de papier sulfuris\u00e9 et faire cuire 20 minutes environ au milieu du four pr\u00e9chauff\u00e9 \u00e0 200\u00b0C. Sortir les chaussons du four et servir avec une salade.\r\n\r\nConseil: faire des chaussons plus petits et les servir chauds ou froids \u00e0 l\u2019ap\u00e9ritif.","recipe_images":[19906]},"_links":{"self":[{"href":"https:\/\/www.emmentaler.ch\/fr\/wp-json\/wp\/v2\/recipes\/72967"}],"collection":[{"href":"https:\/\/www.emmentaler.ch\/fr\/wp-json\/wp\/v2\/recipes"}],"about":[{"href":"https:\/\/www.emmentaler.ch\/fr\/wp-json\/wp\/v2\/types\/recipes"}],"author":[{"embeddable":true,"href":"https:\/\/www.emmentaler.ch\/fr\/wp-json\/wp\/v2\/users\/2"}],"version-history":[{"count":0,"href":"https:\/\/www.emmentaler.ch\/fr\/wp-json\/wp\/v2\/recipes\/72967\/revisions"}],"acf:attachment":[{"embeddable":true,"href":"https:\/\/www.emmentaler.ch\/fr\/wp-json\/wp\/v2\/media\/19906"}],"acf:term":[{"embeddable":true,"taxonomy":"recipe_saison","href":"https:\/\/www.emmentaler.ch\/fr\/wp-json\/wp\/v2\/recipe_saison\/556"},{"embeddable":true,"taxonomy":"recipe_saison","href":"https:\/\/www.emmentaler.ch\/fr\/wp-json\/wp\/v2\/recipe_saison\/548"},{"embeddable":true,"taxonomy":"recipe_saison","href":"https:\/\/www.emmentaler.ch\/fr\/wp-json\/wp\/v2\/recipe_saison\/540"},{"embeddable":true,"taxonomy":"recipe_saison","href":"https:\/\/www.emmentaler.ch\/fr\/wp-json\/wp\/v2\/recipe_saison\/535"},{"embeddable":true,"taxonomy":"recipe_saison","href":"https:\/\/www.emmentaler.ch\/fr\/wp-json\/wp\/v2\/recipe_saison\/527"},{"embeddable":true,"taxonomy":"recipe_main_ingredient","href":"https:\/\/www.emmentaler.ch\/fr\/wp-json\/wp\/v2\/recipe_main_ingredient\/596"},{"embeddable":true,"taxonomy":"recipe_diet_type","href":"https:\/\/www.emmentaler.ch\/fr\/wp-json\/wp\/v2\/recipe_diet_type\/572"},{"embeddable":true,"taxonomy":"recipe_diet_type","href":"https:\/\/www.emmentaler.ch\/fr\/wp-json\/wp\/v2\/recipe_diet_type\/567"},{"embeddable":true,"taxonomy":"recipe_difficulty","href":"https:\/\/www.emmentaler.ch\/fr\/wp-json\/wp\/v2\/recipe_difficulty\/575"},{"embeddable":true,"taxonomy":"recipe_categories","href":"https:\/\/www.emmentaler.ch\/fr\/wp-json\/wp\/v2\/recipe_categories\/606"},{"embeddable":true,"taxonomy":"recipe_preparation_time","href":"https:\/\/www.emmentaler.ch\/fr\/wp-json\/wp\/v2\/recipe_preparation_time\/294"}],"acf:post":[{"embeddable":true,"href":"https:\/\/www.emmentaler.ch\/fr\/wp-json\/wp\/v2\/pages\/64247"}],"wp:featuredmedia":[{"embeddable":true,"href":"https:\/\/www.emmentaler.ch\/fr\/wp-json\/wp\/v2\/media\/19906"}],"wp:attachment":[{"href":"https:\/\/www.emmentaler.ch\/fr\/wp-json\/wp\/v2\/media?parent=72967"}],"wp:term":[{"taxonomy":"post_tag","embeddable":true,"href":"https:\/\/www.emmentaler.ch\/fr\/wp-json\/wp\/v2\/tags?post=72967"},{"taxonomy":"recipe_categories","embeddable":true,"href":"https:\/\/www.emmentaler.ch\/fr\/wp-json\/wp\/v2\/recipe_categories?post=72967"},{"taxonomy":"et_countries","embeddable":true,"href":"https:\/\/www.emmentaler.ch\/fr\/wp-json\/wp\/v2\/et_countries?post=72967"},{"taxonomy":"recipe_main_ingredient","embeddable":true,"href":"https:\/\/www.emmentaler.ch\/fr\/wp-json\/wp\/v2\/recipe_main_ingredient?post=72967"},{"taxonomy":"recipe_difficulty","embeddable":true,"href":"https:\/\/www.emmentaler.ch\/fr\/wp-json\/wp\/v2\/recipe_difficulty?post=72967"},{"taxonomy":"recipe_preparation_time","embeddable":true,"href":"https:\/\/www.emmentaler.ch\/fr\/wp-json\/wp\/v2\/recipe_preparation_time?post=72967"},{"taxonomy":"recipe_diet_type","embeddable":true,"href":"https:\/\/www.emmentaler.ch\/fr\/wp-json\/wp\/v2\/recipe_diet_type?post=72967"},{"taxonomy":"recipe_saison","embeddable":true,"href":"https:\/\/www.emmentaler.ch\/fr\/wp-json\/wp\/v2\/recipe_saison?post=72967"}],"curies":[{"name":"wp","href":"https:\/\/api.w.org\/{rel}","templated":true}]}}

Stück

de moutarde à gros grains

œuf

pâte feuilletée rectangulaire abaissée, 300 g environ

50 g de poireau
½ poire
125 g de Emmentaler AOP
3-5 brins de marjolaine
1 c. à s. de moutarde à gros grains
1 œuf
1 pâte feuilletée rectangulaire abaissée, 300 g environ

Couper le poireau en rondelles de 2-3 mm, les faire cuire à la vapeur 3 minutes et laisser refroidir. Eplucher la poire, l’épépiner et la couper en dés de 5 mm. Râper grossièrement le Emmentaler AOP. Effeuiller les brins de marjolaine. Mettre le poireau, la poire, le Emmentaler AOP et la marjolaine dans un saladier, bien mélanger avec la moutarde et presser un peu cette farce.

Séparer le blanc du jaune. Couper la pâte feuilletée en 8 carrés de taille égale. Badigeonner le pourtour (1 cm) de blanc d’œuf. Répartir la farce au milieu de du carré de pâte. Replier les côtés en diagonale pour former des triangles, presser fermement les bords. Badigeonner les chaussons avec le jaune d’œuf battu.

Disposer les chaussons sur une plaque allant au four recouverte de papier sulfurisé et faire cuire 20 minutes environ au milieu du four préchauffé à 200°C. Sortir les chaussons du four et servir avec une salade.

Conseil: faire des chaussons plus petits et les servir chauds ou froids à l’apéritif.
