{"id":34451,"date":"2022-04-27T13:33:36","date_gmt":"2022-04-27T11:33:36","guid":{"rendered":"https:\/\/www.emmentaler.ch\/rezept\/sandwich-allavocado"},"modified":"2024-07-25T18:08:31","modified_gmt":"2024-07-25T16:08:31","slug":"sandwich-allavocado","status":"publish","type":"recipes","link":"https:\/\/www.emmentaler.ch\/it\/ricettes\/sandwich-allavocado","title":{"rendered":"Sandwich all&#8217;avocado"},"author":2,"featured_media":34472,"menu_order":0,"template":"","meta":{"inline_featured_image":false},"tags":[803],"recipe_categories":[607],"et_countries":[],"recipe_main_ingredient":[603],"recipe_difficulty":[576],"recipe_preparation_time":[338],"recipe_diet_type":[568,571],"recipe_saison":[547,555],"acf":{"recipe_preparation_time":338,"recipe_categories":607,"recipe_time_txt":"","recipe_type":65047,"recipe_difficulty":576,"recipe_diet_type":[568,571],"recipe_main_ingredient":[603],"recipe_saison":[547,555],"recipe_count_portions":4,"recipe_ingedients":[{"recipe_ingedients_amount":"2","recipe_ingedients_unit":"Scheibe","recipe_ingedients_product":"toast integrale"},{"recipe_ingedients_amount":".5","recipe_ingedients_unit":"St\u00fcck","recipe_ingedients_product":"avocado"},{"recipe_ingedients_amount":".25","recipe_ingedients_unit":"El","recipe_ingedients_product":"succo di limone"},{"recipe_ingedients_amount":".5","recipe_ingedients_unit":"Tl","recipe_ingedients_product":"aceto balsamico"},{"recipe_ingedients_amount":"0.375","recipe_ingedients_unit":"El","recipe_ingedients_product":"olio d'oliva"},{"recipe_ingedients_amount":".125","recipe_ingedients_unit":"St\u00fcck","recipe_ingedients_product":"cicorino rosso"},{"recipe_ingedients_amount":"30","recipe_ingedients_unit":"g","recipe_ingedients_product":"Emmentaler DOP"},{"recipe_ingedients_amount":".5","recipe_ingedients_unit":"El","recipe_ingedients_product":"senape"},{"recipe_ingedients_amount":"","recipe_ingedients_unit":"Bedarf","recipe_ingedients_product":"secondo necessit\u00e0: sale, pepe"}],"temporare_zutaten":"8 fette di pan carr\u00e8 integrale\r\n2 avocado\r\n1 cucchiaio di succo di limone\r\nsale, pepe\r\n2 cucchiaini di aceto balsamico\r\n1 cucchiaio e \u00bd di olio d'oliva\r\n\u00bd cicorino rosso\r\n120 g di Emmentaler DOP\r\n2 cucchiai di senape","recipe_preparation":"Tostare il pan carr\u00e8 in una padella per grigliare o in un tostapane.\r\n\r\nTagliare gli avocado a met\u00e0, togliere il nocciolo e sbucciarli. Passare gli avocado con il succo di limone e condire con sale e pepe. Mescolare l'aceto balsamico, l'olio, il sale e il pepe. Tagliare il radicchio a strisce e unirlo alla salsa. Tagliare il formaggio a fette sottili.\r\n\r\nSpalmare della senape sulle fette di pan carr\u00e8. Preparare quattro sandwich imbottiti con pur\u00e8 di avocado, cicorino e formaggio, schiacciarli leggermente. Tagliarli a met\u00e0 in diagonale con un coltello affilato.","recipe_images":[19840,19845]},"_links":{"self":[{"href":"https:\/\/www.emmentaler.ch\/it\/wp-json\/wp\/v2\/recipes\/34451"}],"collection":[{"href":"https:\/\/www.emmentaler.ch\/it\/wp-json\/wp\/v2\/recipes"}],"about":[{"href":"https:\/\/www.emmentaler.ch\/it\/wp-json\/wp\/v2\/types\/recipes"}],"author":[{"embeddable":true,"href":"https:\/\/www.emmentaler.ch\/it\/wp-json\/wp\/v2\/users\/2"}],"version-history":[{"count":1,"href":"https:\/\/www.emmentaler.ch\/it\/wp-json\/wp\/v2\/recipes\/34451\/revisions"}],"predecessor-version":[{"id":138025,"href":"https:\/\/www.emmentaler.ch\/it\/wp-json\/wp\/v2\/recipes\/34451\/revisions\/138025"}],"acf:attachment":[{"embeddable":true,"href":"https:\/\/www.emmentaler.ch\/it\/wp-json\/wp\/v2\/media\/19845"},{"embeddable":true,"href":"https:\/\/www.emmentaler.ch\/it\/wp-json\/wp\/v2\/media\/19840"}],"acf:term":[{"embeddable":true,"taxonomy":"recipe_saison","href":"https:\/\/www.emmentaler.ch\/it\/wp-json\/wp\/v2\/recipe_saison\/555"},{"embeddable":true,"taxonomy":"recipe_saison","href":"https:\/\/www.emmentaler.ch\/it\/wp-json\/wp\/v2\/recipe_saison\/547"},{"embeddable":true,"taxonomy":"recipe_main_ingredient","href":"https:\/\/www.emmentaler.ch\/it\/wp-json\/wp\/v2\/recipe_main_ingredient\/603"},{"embeddable":true,"taxonomy":"recipe_diet_type","href":"https:\/\/www.emmentaler.ch\/it\/wp-json\/wp\/v2\/recipe_diet_type\/571"},{"embeddable":true,"taxonomy":"recipe_diet_type","href":"https:\/\/www.emmentaler.ch\/it\/wp-json\/wp\/v2\/recipe_diet_type\/568"},{"embeddable":true,"taxonomy":"recipe_difficulty","href":"https:\/\/www.emmentaler.ch\/it\/wp-json\/wp\/v2\/recipe_difficulty\/576"},{"embeddable":true,"taxonomy":"recipe_categories","href":"https:\/\/www.emmentaler.ch\/it\/wp-json\/wp\/v2\/recipe_categories\/607"},{"embeddable":true,"taxonomy":"recipe_preparation_time","href":"https:\/\/www.emmentaler.ch\/it\/wp-json\/wp\/v2\/recipe_preparation_time\/338"}],"acf:post":[{"embeddable":true,"href":"https:\/\/www.emmentaler.ch\/it\/wp-json\/wp\/v2\/pages\/65047"}],"wp:featuredmedia":[{"embeddable":true,"href":"https:\/\/www.emmentaler.ch\/it\/wp-json\/wp\/v2\/media\/34472"}],"wp:attachment":[{"href":"https:\/\/www.emmentaler.ch\/it\/wp-json\/wp\/v2\/media?parent=34451"}],"wp:term":[{"taxonomy":"post_tag","embeddable":true,"href":"https:\/\/www.emmentaler.ch\/it\/wp-json\/wp\/v2\/tags?post=34451"},{"taxonomy":"recipe_categories","embeddable":true,"href":"https:\/\/www.emmentaler.ch\/it\/wp-json\/wp\/v2\/recipe_categories?post=34451"},{"taxonomy":"et_countries","embeddable":true,"href":"https:\/\/www.emmentaler.ch\/it\/wp-json\/wp\/v2\/et_countries?post=34451"},{"taxonomy":"recipe_main_ingredient","embeddable":true,"href":"https:\/\/www.emmentaler.ch\/it\/wp-json\/wp\/v2\/recipe_main_ingredient?post=34451"},{"taxonomy":"recipe_difficulty","embeddable":true,"href":"https:\/\/www.emmentaler.ch\/it\/wp-json\/wp\/v2\/recipe_difficulty?post=34451"},{"taxonomy":"recipe_preparation_time","embeddable":true,"href":"https:\/\/www.emmentaler.ch\/it\/wp-json\/wp\/v2\/recipe_preparation_time?post=34451"},{"taxonomy":"recipe_diet_type","embeddable":true,"href":"https:\/\/www.emmentaler.ch\/it\/wp-json\/wp\/v2\/recipe_diet_type?post=34451"},{"taxonomy":"recipe_saison","embeddable":true,"href":"https:\/\/www.emmentaler.ch\/it\/wp-json\/wp\/v2\/recipe_saison?post=34451"}],"curies":[{"name":"wp","href":"https:\/\/api.w.org\/{rel}","templated":true}]}}

Stück

secondo necessità: sale, pepe

8 fette di pan carrè integrale
2 avocado
1 cucchiaio di succo di limone
sale, pepe
2 cucchiaini di aceto balsamico
1 cucchiaio e ½ di olio d'oliva
½ cicorino rosso
120 g di Emmentaler DOP
2 cucchiai di senape

Tostare il pan carrè in una padella per grigliare o in un tostapane.

Tagliare gli avocado a metà, togliere il nocciolo e sbucciarli. Passare gli avocado con il succo di limone e condire con sale e pepe. Mescolare l'aceto balsamico, l'olio, il sale e il pepe. Tagliare il radicchio a strisce e unirlo alla salsa. Tagliare il formaggio a fette sottili.

Spalmare della senape sulle fette di pan carrè. Preparare quattro sandwich imbottiti con purè di avocado, cicorino e formaggio, schiacciarli leggermente. Tagliarli a metà in diagonale con un coltello affilato.
