{"id":36452,"date":"2022-04-27T13:38:44","date_gmt":"2022-04-27T11:38:44","guid":{"rendered":"https:\/\/www.emmentaler.ch\/rezept\/padellata-di-spatzli-alla-zucca"},"modified":"2022-08-12T17:18:04","modified_gmt":"2022-08-12T15:18:04","slug":"padellata-di-spatzli-alla-zucca","status":"publish","type":"recipes","link":"https:\/\/www.emmentaler.ch\/it\/ricettes\/padellata-di-spatzli-alla-zucca","title":{"rendered":"Padellata di sp\u00e4tzli alla zucca"},"author":2,"featured_media":36468,"menu_order":0,"template":"","meta":{"inline_featured_image":false},"tags":[],"recipe_categories":[618],"et_countries":[],"recipe_main_ingredient":[603],"recipe_difficulty":[579],"recipe_preparation_time":[348],"recipe_diet_type":[568,571],"recipe_saison":[539],"acf":{"recipe_preparation_time":348,"recipe_categories":618,"recipe_time_txt":"40 minuti, pi\u00f9 30 minuti di riposo","recipe_type":65049,"recipe_difficulty":579,"recipe_diet_type":[568,571],"recipe_main_ingredient":[603],"recipe_saison":[539],"recipe_count_portions":4,"recipe_ingedients":[{"recipe_ingedients_amount":"","recipe_ingedients_unit":"g","recipe_ingedients_product":""}],"temporare_zutaten":"450 g di polpa di zucca di Hokkaido\r\n300 g di farina di spelta\r\n3 uova\r\n1 cucchiaini di sale\r\n1 cipolle piccole\r\n1 gambi di porro\r\n1 cucchiaio di olio\r\n1 dl di sidro\r\n1,5 dl di brodo\r\n350 g di castagne surgelate scongelate\r\nun po' di rosmarino\r\npepe\r\n125 g di Emmentaler DOP dolce","recipe_preparation":"Tagliare la zucca a cubetti, cuocerla al vapore per ca. 20 minuti finch\u00e9 non si ammorbidisce, passarla e lasciar raffreddare. Mettere in una ciotola la farina, le uova, il sale e il passato di zucca, sbattere fino a formare un impasto senza grumi e lasciar riposare per 30 minuti.\r\n\r\nTritare finemente la cipolla e tagliare il porro ad anelli. Rosolare entrambi in olio caldo e sfumare con il sidro. Aggiungere il brodo e le castagne, lasciar cuocere a fuoco basso per 10 minuti e condire con sale e pepe.\r\n\r\nTagliare l'Emmentaler DOP a cubetti piccoli. Far bollire abbondante acqua salata. Far colare l'impasto, a porzioni e attraverso un setaccio per sp\u00e4tzli, direttamente nell'acqua bollente. Non appena gli sp\u00e4tzli vengono a galla, toglierli dall'acqua con una paletta forata. Aggiungere gli sp\u00e4tzli al composto a base di castagne, scaldare brevemente e incorporare i cubetti di formaggio.","recipe_images":[36468]},"_links":{"self":[{"href":"https:\/\/www.emmentaler.ch\/it\/wp-json\/wp\/v2\/recipes\/36452"}],"collection":[{"href":"https:\/\/www.emmentaler.ch\/it\/wp-json\/wp\/v2\/recipes"}],"about":[{"href":"https:\/\/www.emmentaler.ch\/it\/wp-json\/wp\/v2\/types\/recipes"}],"author":[{"embeddable":true,"href":"https:\/\/www.emmentaler.ch\/it\/wp-json\/wp\/v2\/users\/2"}],"version-history":[{"count":0,"href":"https:\/\/www.emmentaler.ch\/it\/wp-json\/wp\/v2\/recipes\/36452\/revisions"}],"acf:attachment":[{"embeddable":true,"href":"https:\/\/www.emmentaler.ch\/it\/wp-json\/wp\/v2\/media\/36468"}],"acf:term":[{"embeddable":true,"taxonomy":"recipe_saison","href":"https:\/\/www.emmentaler.ch\/it\/wp-json\/wp\/v2\/recipe_saison\/539"},{"embeddable":true,"taxonomy":"recipe_main_ingredient","href":"https:\/\/www.emmentaler.ch\/it\/wp-json\/wp\/v2\/recipe_main_ingredient\/603"},{"embeddable":true,"taxonomy":"recipe_diet_type","href":"https:\/\/www.emmentaler.ch\/it\/wp-json\/wp\/v2\/recipe_diet_type\/571"},{"embeddable":true,"taxonomy":"recipe_diet_type","href":"https:\/\/www.emmentaler.ch\/it\/wp-json\/wp\/v2\/recipe_diet_type\/568"},{"embeddable":true,"taxonomy":"recipe_difficulty","href":"https:\/\/www.emmentaler.ch\/it\/wp-json\/wp\/v2\/recipe_difficulty\/579"},{"embeddable":true,"taxonomy":"recipe_categories","href":"https:\/\/www.emmentaler.ch\/it\/wp-json\/wp\/v2\/recipe_categories\/618"},{"embeddable":true,"taxonomy":"recipe_preparation_time","href":"https:\/\/www.emmentaler.ch\/it\/wp-json\/wp\/v2\/recipe_preparation_time\/348"}],"acf:post":[{"embeddable":true,"href":"https:\/\/www.emmentaler.ch\/it\/wp-json\/wp\/v2\/pages\/65049"}],"wp:featuredmedia":[{"embeddable":true,"href":"https:\/\/www.emmentaler.ch\/it\/wp-json\/wp\/v2\/media\/36468"}],"wp:attachment":[{"href":"https:\/\/www.emmentaler.ch\/it\/wp-json\/wp\/v2\/media?parent=36452"}],"wp:term":[{"taxonomy":"post_tag","embeddable":true,"href":"https:\/\/www.emmentaler.ch\/it\/wp-json\/wp\/v2\/tags?post=36452"},{"taxonomy":"recipe_categories","embeddable":true,"href":"https:\/\/www.emmentaler.ch\/it\/wp-json\/wp\/v2\/recipe_categories?post=36452"},{"taxonomy":"et_countries","embeddable":true,"href":"https:\/\/www.emmentaler.ch\/it\/wp-json\/wp\/v2\/et_countries?post=36452"},{"taxonomy":"recipe_main_ingredient","embeddable":true,"href":"https:\/\/www.emmentaler.ch\/it\/wp-json\/wp\/v2\/recipe_main_ingredient?post=36452"},{"taxonomy":"recipe_difficulty","embeddable":true,"href":"https:\/\/www.emmentaler.ch\/it\/wp-json\/wp\/v2\/recipe_difficulty?post=36452"},{"taxonomy":"recipe_preparation_time","embeddable":true,"href":"https:\/\/www.emmentaler.ch\/it\/wp-json\/wp\/v2\/recipe_preparation_time?post=36452"},{"taxonomy":"recipe_diet_type","embeddable":true,"href":"https:\/\/www.emmentaler.ch\/it\/wp-json\/wp\/v2\/recipe_diet_type?post=36452"},{"taxonomy":"recipe_saison","embeddable":true,"href":"https:\/\/www.emmentaler.ch\/it\/wp-json\/wp\/v2\/recipe_saison?post=36452"}],"curies":[{"name":"wp","href":"https:\/\/api.w.org\/{rel}","templated":true}]}}

Padellata di spätzli alla zucca

40 minuti, più 30 minuti di riposo

Tagliare la zucca a cubetti, cuocerla al vapore per ca. 20 minuti finché non si ammorbidisce, passarla e lasciar raffreddare. Mettere in una ciotola la farina, le uova, il sale e il passato di zucca, sbattere fino a formare un impasto senza grumi e lasciar riposare per 30 minuti.

Tritare finemente la cipolla e tagliare il porro ad anelli. Rosolare entrambi in olio caldo e sfumare con il sidro. Aggiungere il brodo e le castagne, lasciar cuocere a fuoco basso per 10 minuti e condire con sale e pepe.

Tagliare l'Emmentaler DOP a cubetti piccoli. Far bollire abbondante acqua salata. Far colare l'impasto, a porzioni e attraverso un setaccio per spätzli, direttamente nell'acqua bollente. Non appena gli spätzli vengono a galla, toglierli dall'acqua con una paletta forata. Aggiungere gli spätzli al composto a base di castagne, scaldare brevemente e incorporare i cubetti di formaggio.
